{"id":851,"date":"2021-08-01T09:06:53","date_gmt":"2021-08-01T09:06:53","guid":{"rendered":"http:\/\/shop.xn--altmhl-bogensport-52b.de\/?post_type=product&#038;p=851"},"modified":"2025-01-11T12:10:13","modified_gmt":"2025-01-11T12:10:13","slug":"ersatzklammer-fuer-bearpaw-befiederungsgeraet-deluxe","status":"publish","type":"product","link":"https:\/\/shop.xn--altmhl-bogensport-52b.de\/?product=ersatzklammer-fuer-bearpaw-befiederungsgeraet-deluxe","title":{"rendered":"Ersatzklammer f\u00fcr Bearpaw Befiederungsger\u00e4t Deluxe"},"content":{"rendered":"<p>Die Ersatzklammern f\u00fcr das Befiederungsger\u00e4t Deluxe werden aus einem robusten und widerstandsf\u00e4higen Material hergestellt. So k\u00f6nnen wir eine hohe Funktionalit\u00e4t und Langlebigkeit garantieren. Die Klammern sind pr\u00e4zise gebaut, um beim Befiedern der Pfeile ein hohes Ma\u00df an Genauigkeit zu gew\u00e4hrleisten. Die Form der gewundenen Klammern wurde optimal gestaltet, um den Federkiel mit seiner ganzen Kielfl\u00e4che am Schaft anpressen zu k\u00f6nnen.<\/p>\n<ul>\n<li>Versionen: Klammern Rechtsgewunden, Linksgewunden und Gerade<\/li>\n<li>Deutsche Qualit\u00e4t<\/li>\n<li>Deutsches Design<\/li>\n<li>Deutsche Funktionalit\u00e4t<\/li>\n<\/ul>\n<p>&nbsp;<\/p>\n<table class=\"table table-sm\">\n<tbody>\n<tr class=\"attr-custom\">\n<td class=\"attr-value\"><strong>Herstellername:<\/strong><br \/>\nBEARPAW GmbH<br \/>\n<strong>Anschrift:<\/strong><br \/>\nHannebach 30, 96269 Rossach<br \/>\n<strong>Herkunftsland:<\/strong><br \/>\nDeutschland<br \/>\n<strong>Webseite:<\/strong><br \/>\nhttps:\/\/www.bearpaw-products.de\/<br \/>\n<strong>Kontakt:<\/strong><br \/>\ninfo@bearpaw-products.com<br \/>\n<strong>Marke:<\/strong><br \/>\nBearpaw Products<\/td>\n<\/tr>\n<\/tbody>\n<\/table>\n","protected":false},"excerpt":{"rendered":"<h1 class=\"product--title\">Ersatzklammer f\u00fcr Bearpaw Befiederungsger\u00e4t Deluxe<\/h1>\n","protected":false},"featured_media":852,"comment_status":"open","ping_status":"closed","template":"","meta":[],"product_brand":[],"product_cat":[192],"product_tag":[193,194,195,196,30],"class_list":{"0":"post-851","1":"product","2":"type-product","3":"status-publish","4":"has-post-thumbnail","6":"product_cat-werkzeug","7":"product_tag-befiederungsgeraet","8":"product_tag-deluxe","9":"product_tag-pfeilbau","10":"product_tag-klammer","11":"product_tag-bearpaw","13":"first","14":"instock","15":"taxable","16":"shipping-taxable","17":"purchasable","18":"product-type-variable"},"_links":{"self":[{"href":"https:\/\/shop.xn--altmhl-bogensport-52b.de\/index.php?rest_route=\/wp\/v2\/product\/851","targetHints":{"allow":["GET"]}}],"collection":[{"href":"https:\/\/shop.xn--altmhl-bogensport-52b.de\/index.php?rest_route=\/wp\/v2\/product"}],"about":[{"href":"https:\/\/shop.xn--altmhl-bogensport-52b.de\/index.php?rest_route=\/wp\/v2\/types\/product"}],"replies":[{"embeddable":true,"href":"https:\/\/shop.xn--altmhl-bogensport-52b.de\/index.php?rest_route=%2Fwp%2Fv2%2Fcomments&post=851"}],"wp:featuredmedia":[{"embeddable":true,"href":"https:\/\/shop.xn--altmhl-bogensport-52b.de\/index.php?rest_route=\/wp\/v2\/media\/852"}],"wp:attachment":[{"href":"https:\/\/shop.xn--altmhl-bogensport-52b.de\/index.php?rest_route=%2Fwp%2Fv2%2Fmedia&parent=851"}],"wp:term":[{"taxonomy":"product_brand","embeddable":true,"href":"https:\/\/shop.xn--altmhl-bogensport-52b.de\/index.php?rest_route=%2Fwp%2Fv2%2Fproduct_brand&post=851"},{"taxonomy":"product_cat","embeddable":true,"href":"https:\/\/shop.xn--altmhl-bogensport-52b.de\/index.php?rest_route=%2Fwp%2Fv2%2Fproduct_cat&post=851"},{"taxonomy":"product_tag","embeddable":true,"href":"https:\/\/shop.xn--altmhl-bogensport-52b.de\/index.php?rest_route=%2Fwp%2Fv2%2Fproduct_tag&post=851"}],"curies":[{"name":"wp","href":"https:\/\/api.w.org\/{rel}","templated":true}]}}