{"id":825,"date":"2021-08-01T08:09:30","date_gmt":"2021-08-01T08:09:30","guid":{"rendered":"http:\/\/shop.xn--altmhl-bogensport-52b.de\/?post_type=product&#038;p=825"},"modified":"2023-12-29T14:42:25","modified_gmt":"2023-12-29T14:42:25","slug":"mittelteil-take-down-recurve-penthalon-mohican","status":"publish","type":"product","link":"https:\/\/shop.xn--altmhl-bogensport-52b.de\/?product=mittelteil-take-down-recurve-penthalon-mohican","title":{"rendered":"Mittelteil Take Down Recurve Penthalon Mohican"},"content":{"rendered":"<p>Das schwere Mittelteil aus Actionwood verleiht dem Take Down Recurve Mohican seine Schu\u00dfruhe und Stabilit\u00e4t. Wir konnten zusammen mit unserem Hersteller ein Griffst\u00fcck entwerfen, das perfekt in der Hand liegt und vom ersten Augenblick an gef\u00e4llt. Die dunkle Optik harmoniert perfekt mit den schwarzen Wurfarmen und gibt dem Mohican sein tolles Aussehen.<\/p>\n<ul>\n<li>L\u00e4nge Mittelteil: 19 Zoll<\/li>\n<li>H\u00f6lzer Mittelteil: Actionwood mit Zierstreifen aus Esche und Makor\u00e9<\/li>\n<li>Ausstattung Mittelteil: Inserts f\u00fcr Visier oder Bogenk\u00f6cher, Stabilisator oder Fischrolle sowie Button<\/li>\n<li>Garantie: Das Mittelteil ist bei Bruch und Entlaminierung f\u00fcr 2 Jahre \u00fcber die Garantie versichert.<\/li>\n<\/ul>\n","protected":false},"excerpt":{"rendered":"<p>Mittelteil Take Down Recurve Penthalon Mohican<\/p>\n","protected":false},"featured_media":826,"comment_status":"open","ping_status":"closed","template":"","meta":[],"product_brand":[],"product_cat":[183],"product_tag":[52,89,180,184,185],"class_list":{"0":"post-825","1":"product","2":"type-product","3":"status-publish","4":"has-post-thumbnail","6":"product_cat-mittelteil","7":"product_tag-takedown","8":"product_tag-penthalon","9":"product_tag-mohican","10":"product_tag-mittelteil","11":"product_tag-griffstueck","13":"first","14":"instock","15":"taxable","16":"shipping-taxable","17":"purchasable","18":"product-type-variable"},"_links":{"self":[{"href":"https:\/\/shop.xn--altmhl-bogensport-52b.de\/index.php?rest_route=\/wp\/v2\/product\/825","targetHints":{"allow":["GET"]}}],"collection":[{"href":"https:\/\/shop.xn--altmhl-bogensport-52b.de\/index.php?rest_route=\/wp\/v2\/product"}],"about":[{"href":"https:\/\/shop.xn--altmhl-bogensport-52b.de\/index.php?rest_route=\/wp\/v2\/types\/product"}],"replies":[{"embeddable":true,"href":"https:\/\/shop.xn--altmhl-bogensport-52b.de\/index.php?rest_route=%2Fwp%2Fv2%2Fcomments&post=825"}],"wp:featuredmedia":[{"embeddable":true,"href":"https:\/\/shop.xn--altmhl-bogensport-52b.de\/index.php?rest_route=\/wp\/v2\/media\/826"}],"wp:attachment":[{"href":"https:\/\/shop.xn--altmhl-bogensport-52b.de\/index.php?rest_route=%2Fwp%2Fv2%2Fmedia&parent=825"}],"wp:term":[{"taxonomy":"product_brand","embeddable":true,"href":"https:\/\/shop.xn--altmhl-bogensport-52b.de\/index.php?rest_route=%2Fwp%2Fv2%2Fproduct_brand&post=825"},{"taxonomy":"product_cat","embeddable":true,"href":"https:\/\/shop.xn--altmhl-bogensport-52b.de\/index.php?rest_route=%2Fwp%2Fv2%2Fproduct_cat&post=825"},{"taxonomy":"product_tag","embeddable":true,"href":"https:\/\/shop.xn--altmhl-bogensport-52b.de\/index.php?rest_route=%2Fwp%2Fv2%2Fproduct_tag&post=825"}],"curies":[{"name":"wp","href":"https:\/\/api.w.org\/{rel}","templated":true}]}}