{"id":611,"date":"2021-07-31T18:34:01","date_gmt":"2021-07-31T18:34:01","guid":{"rendered":"http:\/\/shop.xn--altmhl-bogensport-52b.de\/?post_type=product&#038;p=611"},"modified":"2025-01-11T12:23:50","modified_gmt":"2025-01-11T12:23:50","slug":"penthalon-traditional-black-carbonschaft","status":"publish","type":"product","link":"https:\/\/shop.xn--altmhl-bogensport-52b.de\/?product=penthalon-traditional-black-carbonschaft","title":{"rendered":"Penthalon Traditional Black Carbonschaft"},"content":{"rendered":"<p>Mit den Carbonsch\u00e4ften der Penthalon Traditional Line konnten wir unsere Vorstellungen von Design und Qualit\u00e4t verwirklichen. Wir haben Pfeilgewicht, Pr\u00e4zision und L\u00e4nge dieser Carbonsch\u00e4fte genau auf die Bed\u00fcrfnisse des traditionellen Bogensports ausgerichtet. Die Penthalon Carbonsch\u00e4fte sind von Bogensch\u00fctzen rund um den Erdball getestet und als hervorragend befunden worden. Ein robuster und preiswerter Schaft f\u00fcr den t\u00e4glichen Einsatz in Training, Wettkampf und Jagd.<\/p>\n<p>Beim Penthalon Traditional Black passen Preis und Qualit\u00e4t perfekt<\/p>\n<ul>\n<li>Verf\u00fcgbare Spinewerte: 350, 400, 500, 600, 700 und 800<\/li>\n<li>Rundlauf: +\/- 006<\/li>\n<li>Qualit\u00e4t: 100% Carbon<\/li>\n<li>Optik: Carbon schwarz<\/li>\n<li>Lieferumfang: Carbonschaft (Nocken, Insert und Spitzen m\u00fcssen extra bestellt werden)<\/li>\n<\/ul>\n<p><b>F\u00fcr genaue technische Daten unserer Penthalon Traditional Line Sch\u00e4fte dr\u00fccken Sie bitte den nachfolgenden Button<\/b><\/p>\n<p><a class=\"myButton\" href=\"http:\/\/download.bearpaw-blog.com\/wp-content\/uploads\/dateien\/penthalon-traditional-line-data-file-web.jpg\" target=\"_blank\" rel=\"noreferrer noopener\">Technische Daten<\/a><\/p>\n<p>Bitte w\u00e4hlen Sie das Penthalon Speed Insert, Push In Nocken und 3 D Spitzen f\u00fcr Ihren Carbonschaft zus\u00e4tzlich im Shop aus.<\/p>\n<p>Abbildung kann vom Original abweichen.<\/p>\n<p>Gern k\u00fcrzen wir den Schaft auf Ihre Wunschl\u00e4nge.<\/p>\n<p>&nbsp;<\/p>\n<table class=\"table table-sm\">\n<tbody>\n<tr class=\"attr-custom\">\n<td class=\"attr-value\"><strong>Herstellername:<\/strong><br \/>\nBEARPAW GmbH<br \/>\n<strong>Anschrift:<\/strong><br \/>\nHannebach 30, 96269 Rossach<br \/>\n<strong>Herkunftsland:<\/strong><br \/>\nDeutschland<br \/>\n<strong>Webseite:<\/strong><br \/>\nhttps:\/\/www.bearpaw-products.de\/<br \/>\n<strong>Kontakt:<\/strong><br \/>\ninfo@bearpaw-products.com<br \/>\n<strong>Marke:<\/strong><br \/>\nBearpaw Products<\/td>\n<\/tr>\n<\/tbody>\n<\/table>\n","protected":false},"excerpt":{"rendered":"<h1 class=\"product--title\">Penthalon Traditional Black Carbonschaft<\/h1>\n","protected":false},"featured_media":612,"comment_status":"open","ping_status":"closed","template":"","meta":[],"product_brand":[],"product_cat":[19],"product_tag":[73,89,125,30,72],"class_list":{"0":"post-611","1":"product","2":"type-product","3":"status-publish","4":"has-post-thumbnail","6":"product_cat-carbonschaefte","7":"product_tag-traditional","8":"product_tag-penthalon","9":"product_tag-penthalon-traditional-black","10":"product_tag-bearpaw","11":"product_tag-carbonschaft","13":"first","14":"instock","15":"taxable","16":"shipping-taxable","17":"purchasable","18":"product-type-variable"},"_links":{"self":[{"href":"https:\/\/shop.xn--altmhl-bogensport-52b.de\/index.php?rest_route=\/wp\/v2\/product\/611","targetHints":{"allow":["GET"]}}],"collection":[{"href":"https:\/\/shop.xn--altmhl-bogensport-52b.de\/index.php?rest_route=\/wp\/v2\/product"}],"about":[{"href":"https:\/\/shop.xn--altmhl-bogensport-52b.de\/index.php?rest_route=\/wp\/v2\/types\/product"}],"replies":[{"embeddable":true,"href":"https:\/\/shop.xn--altmhl-bogensport-52b.de\/index.php?rest_route=%2Fwp%2Fv2%2Fcomments&post=611"}],"wp:featuredmedia":[{"embeddable":true,"href":"https:\/\/shop.xn--altmhl-bogensport-52b.de\/index.php?rest_route=\/wp\/v2\/media\/612"}],"wp:attachment":[{"href":"https:\/\/shop.xn--altmhl-bogensport-52b.de\/index.php?rest_route=%2Fwp%2Fv2%2Fmedia&parent=611"}],"wp:term":[{"taxonomy":"product_brand","embeddable":true,"href":"https:\/\/shop.xn--altmhl-bogensport-52b.de\/index.php?rest_route=%2Fwp%2Fv2%2Fproduct_brand&post=611"},{"taxonomy":"product_cat","embeddable":true,"href":"https:\/\/shop.xn--altmhl-bogensport-52b.de\/index.php?rest_route=%2Fwp%2Fv2%2Fproduct_cat&post=611"},{"taxonomy":"product_tag","embeddable":true,"href":"https:\/\/shop.xn--altmhl-bogensport-52b.de\/index.php?rest_route=%2Fwp%2Fv2%2Fproduct_tag&post=611"}],"curies":[{"name":"wp","href":"https:\/\/api.w.org\/{rel}","templated":true}]}}