{"id":6011,"date":"2026-01-27T18:27:36","date_gmt":"2026-01-27T18:27:36","guid":{"rendered":"https:\/\/shop.xn--altmhl-bogensport-52b.de\/?post_type=product&#038;p=6011"},"modified":"2026-01-27T18:31:57","modified_gmt":"2026-01-27T18:31:57","slug":"rettungsdecke-silber-und-olivfarben-beschichtet","status":"publish","type":"product","link":"https:\/\/shop.xn--altmhl-bogensport-52b.de\/?product=rettungsdecke-silber-und-olivfarben-beschichtet","title":{"rendered":"Rettungsdecke, silber- und olivfarben beschichtet"},"content":{"rendered":"<p>Sollte in Jedem Rucksack, Kfz, Wandertasche vorr\u00e4tig sein.<\/p>\n<p>Hier die Version in einer unauff\u00e4lligeren Farbe.<\/p>\n<p>Sch\u00fctzt vor K\u00e4lte, N\u00e4sse, Wind und Hitze<br \/>\nauch als Schlafsackunterlage geeignet<br \/>\nSchutz gegen K\u00e4lte: Silberseite nach innen<br \/>\nSchutz gegen Hitze: Silberseite nach au\u00dfen<br \/>\nMa\u00dfe: ca. 213 x 132 cm<br \/>\nGewicht: ca. 50 g<\/p>\n<p>&nbsp;<\/p>\n<p><strong>Herstellername:<\/strong><br \/>\nMax Fuchs AG<br \/>\n<strong>Anschrift:<\/strong><br \/>\nIndustriestrasse 1, 94078 Freyung<br \/>\n<strong>Herkunftsland:<\/strong><br \/>\nDeutschland<br \/>\n<strong>Webseite:<\/strong><br \/>\nhttps:\/\/max-fuchs.de\/<br \/>\n<strong>Kontakt:<\/strong><br \/>\ninfo@max-fuchs.de<br \/>\n<strong>Marke:<\/strong><br \/>\nMFH<\/p>\n","protected":false},"excerpt":{"rendered":"<p>Sollte in Jedem Rucksack, Kfz, Wandertasche vorr\u00e4tig sein. Hier die Version in einer unauff\u00e4lligeren Farbe. Sch\u00fctzt vor K\u00e4lte, N\u00e4sse, Wind und Hitze auch als Schlafsackunterlage geeignet Schutz gegen K\u00e4lte: Silberseite nach innen Schutz gegen Hitze: Silberseite nach au\u00dfen Ma\u00dfe: ca. 213 x 132 cm Gewicht: ca. 50 g &nbsp; Herstellername: Max Fuchs AG Anschrift: Industriestrasse [&hellip;]<\/p>\n","protected":false},"featured_media":6013,"comment_status":"open","ping_status":"closed","template":"","meta":[],"product_brand":[],"product_cat":[546,548,1533,1536],"product_tag":[541,554,555,556,557],"class_list":{"0":"post-6011","1":"product","2":"type-product","3":"status-publish","4":"has-post-thumbnail","6":"product_cat-survival","7":"product_cat-outdoor-artikel","8":"product_cat-waerme","9":"product_cat-erste-hilfe","10":"product_tag-survival","11":"product_tag-rettungsdecke","12":"product_tag-notfall","13":"product_tag-ueberleben","14":"product_tag-erste-hilfe","16":"first","17":"instock","18":"taxable","19":"shipping-taxable","20":"purchasable","21":"product-type-simple"},"_links":{"self":[{"href":"https:\/\/shop.xn--altmhl-bogensport-52b.de\/index.php?rest_route=\/wp\/v2\/product\/6011","targetHints":{"allow":["GET"]}}],"collection":[{"href":"https:\/\/shop.xn--altmhl-bogensport-52b.de\/index.php?rest_route=\/wp\/v2\/product"}],"about":[{"href":"https:\/\/shop.xn--altmhl-bogensport-52b.de\/index.php?rest_route=\/wp\/v2\/types\/product"}],"replies":[{"embeddable":true,"href":"https:\/\/shop.xn--altmhl-bogensport-52b.de\/index.php?rest_route=%2Fwp%2Fv2%2Fcomments&post=6011"}],"wp:featuredmedia":[{"embeddable":true,"href":"https:\/\/shop.xn--altmhl-bogensport-52b.de\/index.php?rest_route=\/wp\/v2\/media\/6013"}],"wp:attachment":[{"href":"https:\/\/shop.xn--altmhl-bogensport-52b.de\/index.php?rest_route=%2Fwp%2Fv2%2Fmedia&parent=6011"}],"wp:term":[{"taxonomy":"product_brand","embeddable":true,"href":"https:\/\/shop.xn--altmhl-bogensport-52b.de\/index.php?rest_route=%2Fwp%2Fv2%2Fproduct_brand&post=6011"},{"taxonomy":"product_cat","embeddable":true,"href":"https:\/\/shop.xn--altmhl-bogensport-52b.de\/index.php?rest_route=%2Fwp%2Fv2%2Fproduct_cat&post=6011"},{"taxonomy":"product_tag","embeddable":true,"href":"https:\/\/shop.xn--altmhl-bogensport-52b.de\/index.php?rest_route=%2Fwp%2Fv2%2Fproduct_tag&post=6011"}],"curies":[{"name":"wp","href":"https:\/\/api.w.org\/{rel}","templated":true}]}}