{"id":5785,"date":"2025-08-10T17:33:13","date_gmt":"2025-08-10T17:33:13","guid":{"rendered":"https:\/\/shop.xn--altmhl-bogensport-52b.de\/?post_type=product&#038;p=5785"},"modified":"2025-08-18T12:56:55","modified_gmt":"2025-08-18T12:56:55","slug":"bearpaw-redcliff-jagdbogen","status":"publish","type":"product","link":"https:\/\/shop.xn--altmhl-bogensport-52b.de\/?product=bearpaw-redcliff-jagdbogen","title":{"rendered":"Bearpaw Redcliff Jagdbogen"},"content":{"rendered":"<p>Der BEARPAW Redcliff spricht f\u00fcr sich selbst. Er geh\u00f6rt zweifellos zu den B\u00f6gen, die es auf dem Markt braucht &#8211; und zwar hier und jetzt.<\/p>\n<p>Der Redcliff kommt mit markanten Kurven im Mittelteil, einer Kombination aus SR Nicaragua Cocobolo, Mycarta und Ahorn.<\/p>\n<p>Das einzigartige goldene Sandelholz findet seinen Platz auf den leistungsstarken Wurfarmen, abgerundet mit einer Lage Stabil Core in der Nulllinie. Das Zusammenspiel der Farben sowie die Dynamik des Bogens macht den Redcliff sowie den Gr\u00fcndervater <strong>Redman<\/strong> so besonders.<\/p>\n<p>Technische Daten:<\/p>\n<ul>\n<li>AMO Bogenl\u00e4nge: 62 Zoll<\/li>\n<li>Zuggewicht: 20-55 lbs in 5 lbs Stufen<\/li>\n<li>Mittelteil: Zierstreifen aus Ahorn und Mycarta gepart mit wildem SR Nicaragua Cocobolo<\/li>\n<li>Tips: dreifachverleihmtes Mycarta<\/li>\n<li>Kernlaminat: Bambus und einer Lage Stabil Core<\/li>\n<li>Wurfarmfurnier: BEARPAW Powerglas Crystal Clear &amp; einzigartiges goldenes Sandelholz<\/li>\n<li>Griff: Flacher Pistolengriff<\/li>\n<li>Sehne: BEARPAW Whisper String<\/li>\n<li>Standh\u00f6he: 8 Zoll<\/li>\n<li>Gewicht des Bogens: ca. 895 Gramm<\/li>\n<li>Garantie: 30 Jahre BEARPAW BOWS Garantie<\/li>\n<\/ul>\n<p>Hier angeboten mit 40lbs in RH Ausf\u00fchrung. Und sofort lieferbar.<\/p>\n<p><strong>Herstellername:<\/strong><br \/>\nBEARPAW GmbH<br \/>\n<strong>Anschrift:<\/strong><br \/>\nHannebach 30, 96269 Rossach<br \/>\n<strong>Herkunftsland:<\/strong><br \/>\nDeutschland<br \/>\n<strong>Webseite:<\/strong><br \/>\nhttps:\/\/www.bearpaw-products.de\/<br \/>\n<strong>Kontakt:<\/strong><br \/>\ninfo@bearpaw-products.com<br \/>\n<strong>Marke:<\/strong><br \/>\nBearpaw Products<\/p>\n","protected":false},"excerpt":{"rendered":"<p>Der BEARPAW Redcliff spricht f\u00fcr sich selbst. Er geh\u00f6rt zweifellos zu den B\u00f6gen, die es auf dem Markt braucht &#8211; und zwar hier und jetzt. Der Redcliff kommt mit markanten Kurven im Mittelteil, einer Kombination aus SR Nicaragua Cocobolo, Mycarta und Ahorn. Das einzigartige goldene Sandelholz findet seinen Platz auf den leistungsstarken Wurfarmen, abgerundet mit [&hellip;]<\/p>\n","protected":false},"featured_media":5786,"comment_status":"open","ping_status":"closed","template":"","meta":[],"product_brand":[],"product_cat":[391,1504],"product_tag":[30,106,393,1487,1498],"class_list":{"0":"post-5785","1":"product","2":"type-product","3":"status-publish","4":"has-post-thumbnail","6":"product_cat-jagdbogen","7":"product_cat-sommerschlussverkauf","8":"product_tag-bearpaw","9":"product_tag-bodnik","10":"product_tag-jagdbogen","11":"product_tag-redcliff","12":"product_tag-redmann","14":"first","15":"instock","16":"sale","17":"taxable","18":"shipping-taxable","19":"purchasable","20":"product-type-simple"},"_links":{"self":[{"href":"https:\/\/shop.xn--altmhl-bogensport-52b.de\/index.php?rest_route=\/wp\/v2\/product\/5785","targetHints":{"allow":["GET"]}}],"collection":[{"href":"https:\/\/shop.xn--altmhl-bogensport-52b.de\/index.php?rest_route=\/wp\/v2\/product"}],"about":[{"href":"https:\/\/shop.xn--altmhl-bogensport-52b.de\/index.php?rest_route=\/wp\/v2\/types\/product"}],"replies":[{"embeddable":true,"href":"https:\/\/shop.xn--altmhl-bogensport-52b.de\/index.php?rest_route=%2Fwp%2Fv2%2Fcomments&post=5785"}],"wp:featuredmedia":[{"embeddable":true,"href":"https:\/\/shop.xn--altmhl-bogensport-52b.de\/index.php?rest_route=\/wp\/v2\/media\/5786"}],"wp:attachment":[{"href":"https:\/\/shop.xn--altmhl-bogensport-52b.de\/index.php?rest_route=%2Fwp%2Fv2%2Fmedia&parent=5785"}],"wp:term":[{"taxonomy":"product_brand","embeddable":true,"href":"https:\/\/shop.xn--altmhl-bogensport-52b.de\/index.php?rest_route=%2Fwp%2Fv2%2Fproduct_brand&post=5785"},{"taxonomy":"product_cat","embeddable":true,"href":"https:\/\/shop.xn--altmhl-bogensport-52b.de\/index.php?rest_route=%2Fwp%2Fv2%2Fproduct_cat&post=5785"},{"taxonomy":"product_tag","embeddable":true,"href":"https:\/\/shop.xn--altmhl-bogensport-52b.de\/index.php?rest_route=%2Fwp%2Fv2%2Fproduct_tag&post=5785"}],"curies":[{"name":"wp","href":"https:\/\/api.w.org\/{rel}","templated":true}]}}