{"id":5777,"date":"2025-08-05T13:25:46","date_gmt":"2025-08-05T13:25:46","guid":{"rendered":"https:\/\/shop.xn--altmhl-bogensport-52b.de\/?post_type=product&#038;p=5777"},"modified":"2025-12-21T09:20:32","modified_gmt":"2025-12-21T09:20:32","slug":"srt-target-3d-chameleon-leon-green","status":"publish","type":"product","link":"https:\/\/shop.xn--altmhl-bogensport-52b.de\/?product=srt-target-3d-chameleon-leon-green","title":{"rendered":"SRT Target 3D Chameleon Leon Green"},"content":{"rendered":"<p id=\"tw-target-text\" class=\"tw-data-text tw-text-large tw-ta\" dir=\"ltr\" data-placeholder=\"\u00dcbersetzung\" data-ved=\"2ahUKEwiFj5bv3_OOAxUlVUEAHRn5NxsQ3ewLegQICRAV\" aria-label=\"\u00dcbersetzter Text: Cham\u00e4leons sind faszinierende Tiere, bekannt f\u00fcr ihre wechselnden Farben \u2013 kaum ein anderes ist so farbenfroh! Die gr\u00fcne Version des neuen Cham\u00e4leons LEON von SRT ist ein brillanter neuer, superrealistischer Hingucker f\u00fcr 3D-Bogenschie\u00dfen! Real oder SRT, das ist hier die Frage!\"><span class=\"Y2IQFc\" lang=\"de\">Cham\u00e4leons sind faszinierende Tiere, bekannt f\u00fcr ihre wechselnden Farben \u2013 kaum ein anderes ist so farbenfroh! <\/span><\/p>\n<p class=\"tw-data-text tw-text-large tw-ta\" dir=\"ltr\" data-placeholder=\"\u00dcbersetzung\" data-ved=\"2ahUKEwiFj5bv3_OOAxUlVUEAHRn5NxsQ3ewLegQICRAV\" aria-label=\"\u00dcbersetzter Text: Cham\u00e4leons sind faszinierende Tiere, bekannt f\u00fcr ihre wechselnden Farben \u2013 kaum ein anderes ist so farbenfroh! Die gr\u00fcne Version des neuen Cham\u00e4leons LEON von SRT ist ein brillanter neuer, superrealistischer Hingucker f\u00fcr 3D-Bogenschie\u00dfen! Real oder SRT, das ist hier die Frage!\"><span class=\"Y2IQFc\" lang=\"de\">Die gr\u00fcne Version des neuen Cham\u00e4leons LEON von SRT ist ein brillanter neuer, superrealistischer Hingucker f\u00fcr 3D-Bogenschie\u00dfen! <\/span><\/p>\n<p class=\"tw-data-text tw-text-large tw-ta\" dir=\"ltr\" data-placeholder=\"\u00dcbersetzung\" data-ved=\"2ahUKEwiFj5bv3_OOAxUlVUEAHRn5NxsQ3ewLegQICRAV\" aria-label=\"\u00dcbersetzter Text: Cham\u00e4leons sind faszinierende Tiere, bekannt f\u00fcr ihre wechselnden Farben \u2013 kaum ein anderes ist so farbenfroh! Die gr\u00fcne Version des neuen Cham\u00e4leons LEON von SRT ist ein brillanter neuer, superrealistischer Hingucker f\u00fcr 3D-Bogenschie\u00dfen! Real oder SRT, das ist hier die Frage!\"><span class=\"Y2IQFc\" lang=\"de\">Real oder SRT, das ist hier die Frage!<\/span><\/p>\n<p id=\"tw-target-text\" class=\"tw-data-text tw-text-large tw-ta\" dir=\"ltr\" data-placeholder=\"\u00dcbersetzung\" data-ved=\"2ahUKEwiFj5bv3_OOAxUlVUEAHRn5NxsQ3ewLegQICRAV\" aria-label=\"\u00dcbersetzter Text: Das SRT LEON Green Chameleon ist eine einteilige Zielscheibe der Gruppe 4 mit 4 Killzonen. 100 % originales Meisterwerk feinster 3D-Kunst von Sandro Ruggiu Handgefertigt in Premiumqualit\u00e4t, Made in Italy Leicht zu ziehen, mit nat\u00fcrlichem Design und kr\u00e4ftigen Farben SRT Targets \u2013 \u00fcber 30 Jahre Kreativit\u00e4t und innovative 3D-Zielscheiben\"><span class=\"Y2IQFc\" lang=\"de\">Das SRT LEON Green Chameleon ist eine einteilige Zielscheibe der Gruppe 4 mit 4 Killzonen. <\/span><\/p>\n<p class=\"tw-data-text tw-text-large tw-ta\" dir=\"ltr\" data-placeholder=\"\u00dcbersetzung\" data-ved=\"2ahUKEwiFj5bv3_OOAxUlVUEAHRn5NxsQ3ewLegQICRAV\" aria-label=\"\u00dcbersetzter Text: Das SRT LEON Green Chameleon ist eine einteilige Zielscheibe der Gruppe 4 mit 4 Killzonen. 100 % originales Meisterwerk feinster 3D-Kunst von Sandro Ruggiu Handgefertigt in Premiumqualit\u00e4t, Made in Italy Leicht zu ziehen, mit nat\u00fcrlichem Design und kr\u00e4ftigen Farben SRT Targets \u2013 \u00fcber 30 Jahre Kreativit\u00e4t und innovative 3D-Zielscheiben\"><span class=\"Y2IQFc\" lang=\"de\">100 % originales Meisterwerk feinster 3D-Kunst von Sandro Ruggiu Handgefertigt in Premiumqualit\u00e4t, Made in Italy <\/span><\/p>\n<p class=\"tw-data-text tw-text-large tw-ta\" dir=\"ltr\" data-placeholder=\"\u00dcbersetzung\" data-ved=\"2ahUKEwiFj5bv3_OOAxUlVUEAHRn5NxsQ3ewLegQICRAV\" aria-label=\"\u00dcbersetzter Text: Das SRT LEON Green Chameleon ist eine einteilige Zielscheibe der Gruppe 4 mit 4 Killzonen. 100 % originales Meisterwerk feinster 3D-Kunst von Sandro Ruggiu Handgefertigt in Premiumqualit\u00e4t, Made in Italy Leicht zu ziehen, mit nat\u00fcrlichem Design und kr\u00e4ftigen Farben SRT Targets \u2013 \u00fcber 30 Jahre Kreativit\u00e4t und innovative 3D-Zielscheiben\"><span class=\"Y2IQFc\" lang=\"de\">Leicht zu ziehen, mit nat\u00fcrlichem Design und kr\u00e4ftigen Farben SRT Targets \u2013 \u00fcber 30 Jahre Kreativit\u00e4t und innovative 3D-Zielscheiben<\/span><\/p>\n<p dir=\"ltr\" data-placeholder=\"\u00dcbersetzung\" data-ved=\"2ahUKEwiFj5bv3_OOAxUlVUEAHRn5NxsQ3ewLegQICRAV\" aria-label=\"\u00dcbersetzter Text: Das SRT LEON Green Chameleon ist eine einteilige Zielscheibe der Gruppe 4 mit 4 Killzonen. 100 % originales Meisterwerk feinster 3D-Kunst von Sandro Ruggiu Handgefertigt in Premiumqualit\u00e4t, Made in Italy Leicht zu ziehen, mit nat\u00fcrlichem Design und kr\u00e4ftigen Farben SRT Targets \u2013 \u00fcber 30 Jahre Kreativit\u00e4t und innovative 3D-Zielscheiben\"><strong>Herstellername:<\/strong><br \/>\nSRT-Targets srl<br \/>\n<strong>Anschrift:<\/strong><br \/>\nVia Milano 129, 22063 Cantu<br \/>\n<strong>Herkunftsland:<\/strong><br \/>\nItalien<br \/>\n<strong>Webseite:<\/strong><br \/>\nhttps:\/\/www.srt-targets.com\/<br \/>\n<strong>Kontakt:<\/strong><br \/>\nandrea@srt-targets.com<br \/>\n<strong>Marke:<\/strong><br \/>\nSRT Targets<\/p>\n","protected":false},"excerpt":{"rendered":"<p>Cham\u00e4leons sind faszinierende Tiere, bekannt f\u00fcr ihre wechselnden Farben \u2013 kaum ein anderes ist so farbenfroh! Die gr\u00fcne Version des neuen Cham\u00e4leons LEON von SRT ist ein brillanter neuer, superrealistischer Hingucker f\u00fcr 3D-Bogenschie\u00dfen! Real oder SRT, das ist hier die Frage! Das SRT LEON Green Chameleon ist eine einteilige Zielscheibe der Gruppe 4 mit 4 [&hellip;]<\/p>\n","protected":false},"featured_media":5779,"comment_status":"open","ping_status":"closed","template":"","meta":[],"product_brand":[],"product_cat":[224],"product_tag":[226,1474,1496,1497,177],"class_list":{"0":"post-5777","1":"product","2":"type-product","3":"status-publish","4":"has-post-thumbnail","6":"product_cat-srt-targets","7":"product_tag-srt","8":"product_tag-chameleon","9":"product_tag-green","10":"product_tag-leon","11":"product_tag-3d-ziel","13":"first","14":"onbackorder","15":"taxable","16":"shipping-taxable","17":"purchasable","18":"product-type-simple"},"_links":{"self":[{"href":"https:\/\/shop.xn--altmhl-bogensport-52b.de\/index.php?rest_route=\/wp\/v2\/product\/5777","targetHints":{"allow":["GET"]}}],"collection":[{"href":"https:\/\/shop.xn--altmhl-bogensport-52b.de\/index.php?rest_route=\/wp\/v2\/product"}],"about":[{"href":"https:\/\/shop.xn--altmhl-bogensport-52b.de\/index.php?rest_route=\/wp\/v2\/types\/product"}],"replies":[{"embeddable":true,"href":"https:\/\/shop.xn--altmhl-bogensport-52b.de\/index.php?rest_route=%2Fwp%2Fv2%2Fcomments&post=5777"}],"wp:featuredmedia":[{"embeddable":true,"href":"https:\/\/shop.xn--altmhl-bogensport-52b.de\/index.php?rest_route=\/wp\/v2\/media\/5779"}],"wp:attachment":[{"href":"https:\/\/shop.xn--altmhl-bogensport-52b.de\/index.php?rest_route=%2Fwp%2Fv2%2Fmedia&parent=5777"}],"wp:term":[{"taxonomy":"product_brand","embeddable":true,"href":"https:\/\/shop.xn--altmhl-bogensport-52b.de\/index.php?rest_route=%2Fwp%2Fv2%2Fproduct_brand&post=5777"},{"taxonomy":"product_cat","embeddable":true,"href":"https:\/\/shop.xn--altmhl-bogensport-52b.de\/index.php?rest_route=%2Fwp%2Fv2%2Fproduct_cat&post=5777"},{"taxonomy":"product_tag","embeddable":true,"href":"https:\/\/shop.xn--altmhl-bogensport-52b.de\/index.php?rest_route=%2Fwp%2Fv2%2Fproduct_tag&post=5777"}],"curies":[{"name":"wp","href":"https:\/\/api.w.org\/{rel}","templated":true}]}}