{"id":5660,"date":"2025-07-23T11:59:31","date_gmt":"2025-07-23T11:59:31","guid":{"rendered":"https:\/\/shop.xn--altmhl-bogensport-52b.de\/?post_type=product&#038;p=5660"},"modified":"2025-07-23T12:03:27","modified_gmt":"2025-07-23T12:03:27","slug":"schaft-sphere-lumos-6-2-neon-gelb-carbon","status":"publish","type":"product","link":"https:\/\/shop.xn--altmhl-bogensport-52b.de\/?product=schaft-sphere-lumos-6-2-neon-gelb-carbon","title":{"rendered":"Schaft | SPHERE Lumos 6.2 &#8211; Neon Gelb &#8211; Carbon"},"content":{"rendered":"<p><strong>Schaft | SPHERE Lumos 6.2 &#8211; Carbon<\/strong><\/p>\n<p>Die Lumos Pfeilserie von SPHERE kommt mit auff\u00e4lligem Design, das sich perfekt f\u00fcr den 3D Bogensport eignet.\u00a0In der Gestaltung schlicht gehalten, sind die\u00a0ausw\u00e4hlbaren Farben der Sch\u00e4fte um so dominanter. Egal ob in Neon-Gelb oder Neon-Orange, die Sch\u00e4fte fallen auf. Netter Nebeneffekt: Sollte mal ein Pfeil daneben gehen und im Gel\u00e4nde &#8220;verschwinden&#8221;, ist das Auffinden deutlich einfacher.<\/p>\n<p>Mit einem\u00a0Innendurchmesser\u00a0von 6,2 mm \/ 0.246 Zoll ist der Carbonschaft besonders f\u00fcr\u00a0Bogensch\u00fctzen gedacht, die den beliebten und vielseitigen\u00a0Standarddurchmesser bevorzugen. Der\u00a0Schaft weist eine Geradheit von\u00a0\u00b1 0.006 Zoll\u00a0und ist ein echtes Leichtgewicht\u00a0bei\u00a0einer maximalen L\u00e4nge von 33 Zoll. Dies garantiert pr\u00e4zise Sch\u00fcsse mit flacher\u00a0Flugbahn auch auf lange Entfernungen.<\/p>\n<p>Der\u00a0SPHERE Lumos\u00a0ist in Spines von\u00a0350 bis 800 erh\u00e4ltlich und eignet sich f\u00fcr alle Pfeilkomponenten,\u00a0wie Spitzen, Bushings und Pins, mit einem (Schaft-)Durchmesser von\u00a06,2 mm \/ 0,246 Zoll.<\/p>\n<p>&nbsp;<\/p>\n<p><strong>Technische Daten:<\/strong><\/p>\n<ul>\n<li>Spine 350\n<ul>\n<li>\u00d8 innen:\u00a00.246 Zoll \/\u00a06,20 mm<\/li>\n<li>\u00d8 au\u00dfen:\u00a07,50 mm<\/li>\n<li>Schaftgewicht (in Grain pro Zoll):\u00a08,00 gr<\/li>\n<li>Geradheit (in Zoll): \u00b10.006<\/li>\n<li>max. L\u00e4nge:\u00a033,0 Zoll<\/li>\n<\/ul>\n<\/li>\n<li>Spine 400\n<ul>\n<li>\u00d8 innen:\u00a00.246 Zoll \/\u00a06,20 mm<\/li>\n<li>\u00d8 au\u00dfen:\u00a07,37 mm<\/li>\n<li>Schaftgewicht (in Grain pro Zoll):\u00a07,40 gr<\/li>\n<li>Geradheit (in Zoll): \u00b10.006<\/li>\n<li>max. L\u00e4nge:\u00a033,0 Zoll<\/li>\n<\/ul>\n<\/li>\n<li>Spine 500\n<ul>\n<li>\u00d8 innen:\u00a00.246 Zoll \/\u00a06,20 mm<\/li>\n<li>\u00d8 au\u00dfen:\u00a07,23 mm<\/li>\n<li>Schaftgewicht (in Grain pro Zoll):\u00a06,70 gr<\/li>\n<li>Geradheit (in Zoll): \u00b10.006<\/li>\n<li>max. L\u00e4nge:\u00a033,0 Zoll<\/li>\n<\/ul>\n<\/li>\n<li>Spine 600\n<ul>\n<li>\u00d8 innen:\u00a00.246 Zoll \/\u00a06,20 mm<\/li>\n<li>\u00d8 au\u00dfen:\u00a07,13 mm<\/li>\n<li>Schaftgewicht (in Grain pro Zoll):\u00a06,20 gr<\/li>\n<li>Geradheit (in Zoll): \u00b10.006<\/li>\n<li>max. L\u00e4nge:\u00a033,0 Zoll<\/li>\n<\/ul>\n<\/li>\n<li>Spine 700\n<ul>\n<li>\u00d8 innen:\u00a00.246 Zoll \/\u00a06,20 mm<\/li>\n<li>\u00d8 au\u00dfen:\u00a07,03 mm<\/li>\n<li>Schaftgewicht (in Grain pro Zoll):\u00a05,15 gr<\/li>\n<li>Geradheit (in Zoll): \u00b10.006<\/li>\n<li>max. L\u00e4nge:\u00a033,0 Zoll<\/li>\n<\/ul>\n<\/li>\n<li>Spine 800\n<ul>\n<li>\u00d8 innen:\u00a00.246 Zoll \/\u00a06,20 mm<\/li>\n<li>\u00d8 au\u00dfen:\u00a06,95 mm<\/li>\n<li>Schaftgewicht (in Grain pro Zoll):\u00a04,82 gr<\/li>\n<li>Geradheit (in Zoll): \u00b10.006<\/li>\n<li>max. L\u00e4nge:\u00a033,0 Zoll<\/li>\n<\/ul>\n<\/li>\n<\/ul>\n<p>&nbsp;<\/p>\n<p><strong>Lieferumfang:<\/strong><br \/>\n1x Schaft<\/p>\n<p>&nbsp;<\/p>\n<p><strong>Herstellername:<\/strong><br \/>\nBSW Handels GmbH<br \/>\n<strong>Anschrift:<\/strong><br \/>\nDemminer Strasse 32, 17389 Anklam<br \/>\n<strong>Herkunftsland:<\/strong><br \/>\nDeutschland<br \/>\n<strong>Webseite:<\/strong><br \/>\nhttps:\/\/eltoro-archery.com\/<br \/>\n<strong>Kontakt:<\/strong><br \/>\nhttps:\/\/www.bogensportwelt.de\/Kontakt<br \/>\n<strong>Marke:<\/strong><br \/>\nSphere<\/p>\n","protected":false},"excerpt":{"rendered":"<p>Schaft | SPHERE Lumos 6.2 &#8211; Carbon Die Lumos Pfeilserie von SPHERE kommt mit auff\u00e4lligem Design, das sich perfekt f\u00fcr den 3D Bogensport eignet.\u00a0In der Gestaltung schlicht gehalten, sind die\u00a0ausw\u00e4hlbaren Farben der Sch\u00e4fte um so dominanter. Egal ob in Neon-Gelb oder Neon-Orange, die Sch\u00e4fte fallen auf. Netter Nebeneffekt: Sollte mal ein Pfeil daneben gehen und [&hellip;]<\/p>\n","protected":false},"featured_media":5661,"comment_status":"open","ping_status":"closed","template":"","meta":[],"product_brand":[],"product_cat":[18,19],"product_tag":[775,793,1166,1360,1361,1490],"class_list":{"0":"post-5660","1":"product","2":"type-product","3":"status-publish","4":"has-post-thumbnail","6":"product_cat-pfeilschaefte","7":"product_cat-carbonschaefte","8":"product_tag-pink","9":"product_tag-6-2mm","10":"product_tag-gelb","11":"product_tag-sphere","12":"product_tag-lumos","13":"product_tag-6-2","15":"first","16":"instock","17":"taxable","18":"shipping-taxable","19":"purchasable","20":"product-type-variable"},"_links":{"self":[{"href":"https:\/\/shop.xn--altmhl-bogensport-52b.de\/index.php?rest_route=\/wp\/v2\/product\/5660","targetHints":{"allow":["GET"]}}],"collection":[{"href":"https:\/\/shop.xn--altmhl-bogensport-52b.de\/index.php?rest_route=\/wp\/v2\/product"}],"about":[{"href":"https:\/\/shop.xn--altmhl-bogensport-52b.de\/index.php?rest_route=\/wp\/v2\/types\/product"}],"replies":[{"embeddable":true,"href":"https:\/\/shop.xn--altmhl-bogensport-52b.de\/index.php?rest_route=%2Fwp%2Fv2%2Fcomments&post=5660"}],"wp:featuredmedia":[{"embeddable":true,"href":"https:\/\/shop.xn--altmhl-bogensport-52b.de\/index.php?rest_route=\/wp\/v2\/media\/5661"}],"wp:attachment":[{"href":"https:\/\/shop.xn--altmhl-bogensport-52b.de\/index.php?rest_route=%2Fwp%2Fv2%2Fmedia&parent=5660"}],"wp:term":[{"taxonomy":"product_brand","embeddable":true,"href":"https:\/\/shop.xn--altmhl-bogensport-52b.de\/index.php?rest_route=%2Fwp%2Fv2%2Fproduct_brand&post=5660"},{"taxonomy":"product_cat","embeddable":true,"href":"https:\/\/shop.xn--altmhl-bogensport-52b.de\/index.php?rest_route=%2Fwp%2Fv2%2Fproduct_cat&post=5660"},{"taxonomy":"product_tag","embeddable":true,"href":"https:\/\/shop.xn--altmhl-bogensport-52b.de\/index.php?rest_route=%2Fwp%2Fv2%2Fproduct_tag&post=5660"}],"curies":[{"name":"wp","href":"https:\/\/api.w.org\/{rel}","templated":true}]}}