{"id":5566,"date":"2025-05-29T07:53:46","date_gmt":"2025-05-29T07:53:46","guid":{"rendered":"https:\/\/shop.xn--altmhl-bogensport-52b.de\/?post_type=product&#038;p=5566"},"modified":"2025-09-15T00:37:09","modified_gmt":"2025-09-15T00:37:09","slug":"baumstamm-mit-apfel-inform3d-spassziel","status":"publish","type":"product","link":"https:\/\/shop.xn--altmhl-bogensport-52b.de\/?product=baumstamm-mit-apfel-inform3d-spassziel","title":{"rendered":"Baumstamm mit Apfel InForm3D Spa\u00dfziel"},"content":{"rendered":"<h2 class=\"product-addition-headline\">Beschreibung<\/h2>\n<p>Der Baumstamm mit Apfel ist nicht nur eine wundervolle alternative Zielscheibe f\u00fcr den Bogensport, sondern auch ein hervorragendes Dekoelement, das in jeder Szene zum Blickfang wird. Mit seinem nat\u00fcrlichen Aussehen und der detailreichen Gestaltung, zieht dieser Baumstamm sowohl Sportbegeisterte als auch Natur- und Gartenliebhaber gleicherma\u00dfen in seinen Bann. Ob im Garten, im Wald oder auf dem eigenen Grundst\u00fcck &#8211; der Baumstamm mit Apfel ist ein echter Hingucker und sorgt f\u00fcr eine einzigartige Atmosph\u00e4re.<\/p>\n<p>Das perfekte Ziel f\u00fcr alle Vegetarier \ud83d\ude42<\/p>\n<p>1. Ma\u00dfe (LxBxH): 450 mm x 320 mm x 250 mm<\/p>\n<p>2. Gewicht: 4 kg<\/p>\n<p>3. IFAA-Kategorie: 3<\/p>\n<p>4. WA-Kategorie: 4<\/p>\n<p>5. Typus: realistisch<\/p>\n<p>6. Anzahl Killzonen: 2<\/p>\n<p><strong>Herstellername:<\/strong><br \/>\nGECOM GmbH<br \/>\n<strong>Anschrift:<\/strong><br \/>\nLorenzweg 43, 39124 Magdeburg<br \/>\n<strong>Herkunftsland:<\/strong><br \/>\nDeutschland<br \/>\n<strong>Webseite:<\/strong><br \/>\nhttps:\/\/www.inform3d.de\/<br \/>\n<strong>Kontakt:<\/strong><br \/>\nn.mehlhase@inform3d.de<br \/>\n<strong>Marke:<\/strong><br \/>\nInForm3D<\/p>\n","protected":false},"excerpt":{"rendered":"<p>Beschreibung Der Baumstamm mit Apfel ist nicht nur eine wundervolle alternative Zielscheibe f\u00fcr den Bogensport, sondern auch ein hervorragendes Dekoelement, das in jeder Szene zum Blickfang wird. Mit seinem nat\u00fcrlichen Aussehen und der detailreichen Gestaltung, zieht dieser Baumstamm sowohl Sportbegeisterte als auch Natur- und Gartenliebhaber gleicherma\u00dfen in seinen Bann. Ob im Garten, im Wald oder [&hellip;]<\/p>\n","protected":false},"featured_media":5567,"comment_status":"open","ping_status":"closed","template":"","meta":[],"product_brand":[],"product_cat":[1395,1504,456],"product_tag":[712,713,797,1315,1400,1467,177],"class_list":{"0":"post-5566","1":"product","2":"type-product","3":"status-publish","4":"has-post-thumbnail","6":"product_cat-inform3d","7":"product_cat-sommerschlussverkauf","8":"product_cat-kids","9":"product_tag-apfel","10":"product_tag-spassziel","11":"product_tag-3d-parcours","12":"product_tag-baumstamm","13":"product_tag-inform","14":"product_tag-veggi-ziel","15":"product_tag-3d-ziel","17":"first","18":"outofstock","19":"taxable","20":"shipping-taxable","21":"purchasable","22":"product-type-simple"},"_links":{"self":[{"href":"https:\/\/shop.xn--altmhl-bogensport-52b.de\/index.php?rest_route=\/wp\/v2\/product\/5566","targetHints":{"allow":["GET"]}}],"collection":[{"href":"https:\/\/shop.xn--altmhl-bogensport-52b.de\/index.php?rest_route=\/wp\/v2\/product"}],"about":[{"href":"https:\/\/shop.xn--altmhl-bogensport-52b.de\/index.php?rest_route=\/wp\/v2\/types\/product"}],"replies":[{"embeddable":true,"href":"https:\/\/shop.xn--altmhl-bogensport-52b.de\/index.php?rest_route=%2Fwp%2Fv2%2Fcomments&post=5566"}],"wp:featuredmedia":[{"embeddable":true,"href":"https:\/\/shop.xn--altmhl-bogensport-52b.de\/index.php?rest_route=\/wp\/v2\/media\/5567"}],"wp:attachment":[{"href":"https:\/\/shop.xn--altmhl-bogensport-52b.de\/index.php?rest_route=%2Fwp%2Fv2%2Fmedia&parent=5566"}],"wp:term":[{"taxonomy":"product_brand","embeddable":true,"href":"https:\/\/shop.xn--altmhl-bogensport-52b.de\/index.php?rest_route=%2Fwp%2Fv2%2Fproduct_brand&post=5566"},{"taxonomy":"product_cat","embeddable":true,"href":"https:\/\/shop.xn--altmhl-bogensport-52b.de\/index.php?rest_route=%2Fwp%2Fv2%2Fproduct_cat&post=5566"},{"taxonomy":"product_tag","embeddable":true,"href":"https:\/\/shop.xn--altmhl-bogensport-52b.de\/index.php?rest_route=%2Fwp%2Fv2%2Fproduct_tag&post=5566"}],"curies":[{"name":"wp","href":"https:\/\/api.w.org\/{rel}","templated":true}]}}