{"id":5366,"date":"2024-12-10T18:26:49","date_gmt":"2024-12-10T18:26:49","guid":{"rendered":"https:\/\/shop.xn--altmhl-bogensport-52b.de\/?post_type=product&#038;p=5366"},"modified":"2024-12-29T15:50:07","modified_gmt":"2024-12-29T15:50:07","slug":"sehne-endlos-dacron-12-strang","status":"publish","type":"product","link":"https:\/\/shop.xn--altmhl-bogensport-52b.de\/?product=sehne-endlos-dacron-12-strang","title":{"rendered":"Sehne Endlos Dacron 12 Strang"},"content":{"rendered":"<p>Endlossehne f\u00fcr Recurve- bzw Jagdbogen.<\/p>\n<p>Sehnen mit etwas gr\u00f6\u00dferen \u00d6hrchen.<\/p>\n<p>Material Dacron.<\/p>\n<p>Farbe kann zwischen weis und scharz variieren und kann nicht ausgesucht werden.<\/p>\n<p>M\u00f6chten sie eine Wunschfarbe, nehmen sie bitte Kontakt zu uns auf.<\/p>\n<p>&nbsp;<\/p>\n<p><strong>Herstellername:<\/strong><br \/>\nBSW Handels GmbH<br \/>\n<strong>Anschrift:<\/strong><br \/>\nDemminer Strasse 32, 17389 Anklam<br \/>\n<strong>Herkunftsland:<\/strong><br \/>\nDeutschland<br \/>\n<strong>Webseite:<\/strong><br \/>\nhttps:\/\/www.bogensportwelt.de\/<br \/>\n<strong>Kontakt:<\/strong><br \/>\nhttps:\/\/www.bogensportwelt.de\/Kontakt<br \/>\n<strong>Marke:<\/strong><br \/>\nBSW &#8211; BogenSportWelt<\/p>\n","protected":false},"excerpt":{"rendered":"<p>Endlossehne f\u00fcr Recurve- bzw Jagdbogen. Sehnen mit etwas gr\u00f6\u00dferen \u00d6hrchen. Material Dacron. Farbe kann zwischen weis und scharz variieren und kann nicht ausgesucht werden. M\u00f6chten sie eine Wunschfarbe, nehmen sie bitte Kontakt zu uns auf. &nbsp; Herstellername: BSW Handels GmbH Anschrift: Demminer Strasse 32, 17389 Anklam Herkunftsland: Deutschland Webseite: https:\/\/www.bogensportwelt.de\/ Kontakt: https:\/\/www.bogensportwelt.de\/Kontakt Marke: BSW &#8211; [&hellip;]<\/p>\n","protected":false},"featured_media":5367,"comment_status":"open","ping_status":"closed","template":"","meta":[],"product_brand":[],"product_cat":[1414,1415],"product_tag":[46,415,1416,1417],"class_list":{"0":"post-5366","1":"product","2":"type-product","3":"status-publish","4":"has-post-thumbnail","6":"product_cat-bogensehnen","7":"product_cat-standardsehnen","8":"product_tag-recurve","9":"product_tag-dacron","10":"product_tag-sehne","11":"product_tag-endlossehne","13":"first","14":"instock","15":"taxable","16":"shipping-taxable","17":"purchasable","18":"product-type-variable"},"_links":{"self":[{"href":"https:\/\/shop.xn--altmhl-bogensport-52b.de\/index.php?rest_route=\/wp\/v2\/product\/5366","targetHints":{"allow":["GET"]}}],"collection":[{"href":"https:\/\/shop.xn--altmhl-bogensport-52b.de\/index.php?rest_route=\/wp\/v2\/product"}],"about":[{"href":"https:\/\/shop.xn--altmhl-bogensport-52b.de\/index.php?rest_route=\/wp\/v2\/types\/product"}],"replies":[{"embeddable":true,"href":"https:\/\/shop.xn--altmhl-bogensport-52b.de\/index.php?rest_route=%2Fwp%2Fv2%2Fcomments&post=5366"}],"wp:featuredmedia":[{"embeddable":true,"href":"https:\/\/shop.xn--altmhl-bogensport-52b.de\/index.php?rest_route=\/wp\/v2\/media\/5367"}],"wp:attachment":[{"href":"https:\/\/shop.xn--altmhl-bogensport-52b.de\/index.php?rest_route=%2Fwp%2Fv2%2Fmedia&parent=5366"}],"wp:term":[{"taxonomy":"product_brand","embeddable":true,"href":"https:\/\/shop.xn--altmhl-bogensport-52b.de\/index.php?rest_route=%2Fwp%2Fv2%2Fproduct_brand&post=5366"},{"taxonomy":"product_cat","embeddable":true,"href":"https:\/\/shop.xn--altmhl-bogensport-52b.de\/index.php?rest_route=%2Fwp%2Fv2%2Fproduct_cat&post=5366"},{"taxonomy":"product_tag","embeddable":true,"href":"https:\/\/shop.xn--altmhl-bogensport-52b.de\/index.php?rest_route=%2Fwp%2Fv2%2Fproduct_tag&post=5366"}],"curies":[{"name":"wp","href":"https:\/\/api.w.org\/{rel}","templated":true}]}}