{"id":5158,"date":"2024-09-07T15:52:39","date_gmt":"2024-09-07T15:52:39","guid":{"rendered":"https:\/\/shop.xn--altmhl-bogensport-52b.de\/?post_type=product&#038;p=5158"},"modified":"2025-09-15T00:37:11","modified_gmt":"2025-09-15T00:37:11","slug":"bearpaw-armschutz-traditional","status":"publish","type":"product","link":"https:\/\/shop.xn--altmhl-bogensport-52b.de\/?product=bearpaw-armschutz-traditional","title":{"rendered":"Bearpaw Armschutz Traditional braun"},"content":{"rendered":"<p>Der Armschutz Traditional ist ein absoluter Allrounder. Das dunkelbraune Leder wird mit einer Verst\u00e4rkung aus Wildleder optimal zur Geltung gebracht und sch\u00fctzt bestens gegen den Schlag der Sehne.<\/p>\n<ul>\n<li>Leder: Bearpaw Oberleder dunkelbraun mit Wildleder Overlay<\/li>\n<li>L\u00e4nge: ca. 18 cm<\/li>\n<\/ul>\n<p>&nbsp;<\/p>\n<table class=\"table table-sm\">\n<tbody>\n<tr class=\"attr-custom\">\n<td class=\"attr-value\"><strong>Herstellername:<\/strong><br \/>\nBEARPAW GmbH<br \/>\n<strong>Anschrift:<\/strong><br \/>\nHannebach 30, 96269 Rossach<br \/>\n<strong>Herkunftsland:<\/strong><br \/>\nDeutschland<br \/>\n<strong>Webseite:<\/strong><br \/>\nhttps:\/\/www.bearpaw-products.de\/<br \/>\n<strong>Kontakt:<\/strong><br \/>\ninfo@bearpaw-products.com<br \/>\n<strong>Marke:<\/strong><br \/>\nBearpaw Products<\/td>\n<\/tr>\n<\/tbody>\n<\/table>\n","protected":false},"excerpt":{"rendered":"<p>Der Armschutz Traditional ist ein absoluter Allrounder. Das dunkelbraune Leder wird mit einer Verst\u00e4rkung aus Wildleder optimal zur Geltung gebracht und sch\u00fctzt bestens gegen den Schlag der Sehne. Leder: Bearpaw Oberleder dunkelbraun mit Wildleder Overlay L\u00e4nge: ca. 18 cm &nbsp; Herstellername: BEARPAW GmbH Anschrift: Hannebach 30, 96269 Rossach Herkunftsland: Deutschland Webseite: https:\/\/www.bearpaw-products.de\/ Kontakt: info@bearpaw-products.com Marke: [&hellip;]<\/p>\n","protected":false},"featured_media":5159,"comment_status":"open","ping_status":"closed","template":"","meta":[],"product_brand":[],"product_cat":[39,40,1504],"product_tag":[30,41,59,73,103],"class_list":{"0":"post-5158","1":"product","2":"type-product","3":"status-publish","4":"has-post-thumbnail","6":"product_cat-schutzwaren","7":"product_cat-armschutz","8":"product_cat-sommerschlussverkauf","9":"product_tag-bearpaw","10":"product_tag-armschutz","11":"product_tag-leder","12":"product_tag-traditional","13":"product_tag-braun","15":"first","16":"instock","17":"taxable","18":"shipping-taxable","19":"purchasable","20":"product-type-simple"},"_links":{"self":[{"href":"https:\/\/shop.xn--altmhl-bogensport-52b.de\/index.php?rest_route=\/wp\/v2\/product\/5158","targetHints":{"allow":["GET"]}}],"collection":[{"href":"https:\/\/shop.xn--altmhl-bogensport-52b.de\/index.php?rest_route=\/wp\/v2\/product"}],"about":[{"href":"https:\/\/shop.xn--altmhl-bogensport-52b.de\/index.php?rest_route=\/wp\/v2\/types\/product"}],"replies":[{"embeddable":true,"href":"https:\/\/shop.xn--altmhl-bogensport-52b.de\/index.php?rest_route=%2Fwp%2Fv2%2Fcomments&post=5158"}],"wp:featuredmedia":[{"embeddable":true,"href":"https:\/\/shop.xn--altmhl-bogensport-52b.de\/index.php?rest_route=\/wp\/v2\/media\/5159"}],"wp:attachment":[{"href":"https:\/\/shop.xn--altmhl-bogensport-52b.de\/index.php?rest_route=%2Fwp%2Fv2%2Fmedia&parent=5158"}],"wp:term":[{"taxonomy":"product_brand","embeddable":true,"href":"https:\/\/shop.xn--altmhl-bogensport-52b.de\/index.php?rest_route=%2Fwp%2Fv2%2Fproduct_brand&post=5158"},{"taxonomy":"product_cat","embeddable":true,"href":"https:\/\/shop.xn--altmhl-bogensport-52b.de\/index.php?rest_route=%2Fwp%2Fv2%2Fproduct_cat&post=5158"},{"taxonomy":"product_tag","embeddable":true,"href":"https:\/\/shop.xn--altmhl-bogensport-52b.de\/index.php?rest_route=%2Fwp%2Fv2%2Fproduct_tag&post=5158"}],"curies":[{"name":"wp","href":"https:\/\/api.w.org\/{rel}","templated":true}]}}