{"id":4999,"date":"2024-07-05T12:51:22","date_gmt":"2024-07-05T12:51:22","guid":{"rendered":"https:\/\/shop.xn--altmhl-bogensport-52b.de\/?post_type=product&#038;p=4999"},"modified":"2025-09-15T00:37:13","modified_gmt":"2025-09-15T00:37:13","slug":"allen-armschutz-camo-7-3-strap-armguard","status":"publish","type":"product","link":"https:\/\/shop.xn--altmhl-bogensport-52b.de\/?product=allen-armschutz-camo-7-3-strap-armguard","title":{"rendered":"Allen Armschutz Camo 7&#8243; &#8211; 3 Strap Armguard"},"content":{"rendered":"<p>Armschutz der Marke Allen in Camo-Optik.<\/p>\n<p><strong>Eigenschaften:<\/strong><\/p>\n<ul>\n<li>Gef\u00fcttertes Design f\u00fcr verbesserten Komfort und Schutz.<\/li>\n<li>L\u00e4nge = 17,8 cm.<\/li>\n<li>Camo-Optik.<\/li>\n<li>Komfortabler und schneller Sitz.<\/li>\n<\/ul>\n<p>&nbsp;<\/p>\n<p><strong>Herstellername:<\/strong><br \/>\nJVD Group B.V.<br \/>\n<strong>Anschrift:<\/strong><br \/>\nLooier 9, 5253 RA Nieuwkuijk<br \/>\n<strong>Herkunftsland:<\/strong><br \/>\nNiederlande<br \/>\n<strong>Webseite:<\/strong><br \/>\nhttps:\/\/www.jvd-archery.com\/<br \/>\n<strong>Kontakt:<\/strong><br \/>\ncontact@jvd-group.com<br \/>\n<strong>Marke:<\/strong><br \/>\nJVD<\/p>\n","protected":false},"excerpt":{"rendered":"<p>Armschutz der Marke Allen in Camo-Optik. Eigenschaften: Gef\u00fcttertes Design f\u00fcr verbesserten Komfort und Schutz. L\u00e4nge = 17,8 cm. Camo-Optik. Komfortabler und schneller Sitz. &nbsp; Herstellername: JVD Group B.V. Anschrift: Looier 9, 5253 RA Nieuwkuijk Herkunftsland: Niederlande Webseite: https:\/\/www.jvd-archery.com\/ Kontakt: contact@jvd-group.com Marke: JVD<\/p>\n","protected":false},"featured_media":5000,"comment_status":"open","ping_status":"closed","template":"","meta":[],"product_brand":[],"product_cat":[40,1504],"product_tag":[41,233,1189,1366],"class_list":{"0":"post-4999","1":"product","2":"type-product","3":"status-publish","4":"has-post-thumbnail","6":"product_cat-armschutz","7":"product_cat-sommerschlussverkauf","8":"product_tag-armschutz","9":"product_tag-camo","10":"product_tag-armguard","11":"product_tag-allen","13":"first","14":"instock","15":"taxable","16":"shipping-taxable","17":"purchasable","18":"product-type-simple"},"_links":{"self":[{"href":"https:\/\/shop.xn--altmhl-bogensport-52b.de\/index.php?rest_route=\/wp\/v2\/product\/4999","targetHints":{"allow":["GET"]}}],"collection":[{"href":"https:\/\/shop.xn--altmhl-bogensport-52b.de\/index.php?rest_route=\/wp\/v2\/product"}],"about":[{"href":"https:\/\/shop.xn--altmhl-bogensport-52b.de\/index.php?rest_route=\/wp\/v2\/types\/product"}],"replies":[{"embeddable":true,"href":"https:\/\/shop.xn--altmhl-bogensport-52b.de\/index.php?rest_route=%2Fwp%2Fv2%2Fcomments&post=4999"}],"wp:featuredmedia":[{"embeddable":true,"href":"https:\/\/shop.xn--altmhl-bogensport-52b.de\/index.php?rest_route=\/wp\/v2\/media\/5000"}],"wp:attachment":[{"href":"https:\/\/shop.xn--altmhl-bogensport-52b.de\/index.php?rest_route=%2Fwp%2Fv2%2Fmedia&parent=4999"}],"wp:term":[{"taxonomy":"product_brand","embeddable":true,"href":"https:\/\/shop.xn--altmhl-bogensport-52b.de\/index.php?rest_route=%2Fwp%2Fv2%2Fproduct_brand&post=4999"},{"taxonomy":"product_cat","embeddable":true,"href":"https:\/\/shop.xn--altmhl-bogensport-52b.de\/index.php?rest_route=%2Fwp%2Fv2%2Fproduct_cat&post=4999"},{"taxonomy":"product_tag","embeddable":true,"href":"https:\/\/shop.xn--altmhl-bogensport-52b.de\/index.php?rest_route=%2Fwp%2Fv2%2Fproduct_tag&post=4999"}],"curies":[{"name":"wp","href":"https:\/\/api.w.org\/{rel}","templated":true}]}}