{"id":4835,"date":"2023-11-06T15:53:28","date_gmt":"2023-11-06T15:53:28","guid":{"rendered":"https:\/\/shop.xn--altmhl-bogensport-52b.de\/?post_type=product&#038;p=4835"},"modified":"2025-01-05T09:14:31","modified_gmt":"2025-01-05T09:14:31","slug":"ibb-3d-ziel-kuerbis","status":"publish","type":"product","link":"https:\/\/shop.xn--altmhl-bogensport-52b.de\/?product=ibb-3d-ziel-kuerbis","title":{"rendered":"IBB 3D Ziel K\u00fcrbis"},"content":{"rendered":"<h2>IBB 3D Ziel K\u00fcrbis<\/h2>\n<h3>Auf einen 3D K\u00fcrbis mit Pfeil und Bogen schie\u00dfen, ist besonders zu Halloween ein gro\u00dfer Spa\u00df.<\/h3>\n<p>Der\u00a0<em>IBB 3D K\u00fcrbis<\/em>\u00a0von Bogensport Beier mit authentischen Proportionen und realen Details. Unser\u00a0<em>IBB 3D Ziel<\/em> ist von einem richtigen K\u00fcrbis fast nicht zu unterschieden. Da macht das Bogenschie\u00dfen Spa\u00df, dieser K\u00fcrbis geh\u00f6rt auf jeden 3D Bogensport Parcours.<\/p>\n<p>Die Farben in den Bildern sind Beispielhaft und k\u00f6nnen abweichen.<\/p>\n<h4>Ma\u00dfe und Gewichte: 25 x 25 x 21 cm \/ ca. 1 kg<\/h4>\n<p>&nbsp;<\/p>\n<p><strong>Herstellername:<\/strong><br \/>\nBeier Distribution GmbH<br \/>\n<strong>Anschrift:<\/strong><br \/>\nPyramidenweg 20, 96253 Untersiemau<br \/>\n<strong>Herkunftsland:<\/strong><br \/>\nDeutschland<br \/>\n<strong>Webseite:<\/strong><br \/>\nhttps:\/\/www.bogensport-beier.de\/<br \/>\n<strong>Kontakt:<\/strong><br \/>\ncontact@bogensport-beier.de<br \/>\n<strong>Marke:<\/strong><br \/>\nBeier<\/p>\n","protected":false},"excerpt":{"rendered":"<p>IBB 3D Ziel K\u00fcrbis Auf einen 3D K\u00fcrbis mit Pfeil und Bogen schie\u00dfen, ist besonders zu Halloween ein gro\u00dfer Spa\u00df. Der\u00a0IBB 3D K\u00fcrbis\u00a0von Bogensport Beier mit authentischen Proportionen und realen Details. Unser\u00a0IBB 3D Ziel ist von einem richtigen K\u00fcrbis fast nicht zu unterschieden. Da macht das Bogenschie\u00dfen Spa\u00df, dieser K\u00fcrbis geh\u00f6rt auf jeden 3D Bogensport [&hellip;]<\/p>\n","protected":false},"featured_media":4836,"comment_status":"open","ping_status":"closed","template":"","meta":[],"product_brand":[],"product_cat":[506],"product_tag":[177,507,1327,1338],"class_list":{"0":"post-4835","1":"product","2":"type-product","3":"status-publish","4":"has-post-thumbnail","6":"product_cat-ibb-by-beier-3d-ziele","7":"product_tag-3d-ziel","8":"product_tag-ibb","9":"product_tag-halloween","10":"product_tag-kuerbis","12":"first","13":"onbackorder","14":"taxable","15":"shipping-taxable","16":"purchasable","17":"product-type-simple"},"_links":{"self":[{"href":"https:\/\/shop.xn--altmhl-bogensport-52b.de\/index.php?rest_route=\/wp\/v2\/product\/4835","targetHints":{"allow":["GET"]}}],"collection":[{"href":"https:\/\/shop.xn--altmhl-bogensport-52b.de\/index.php?rest_route=\/wp\/v2\/product"}],"about":[{"href":"https:\/\/shop.xn--altmhl-bogensport-52b.de\/index.php?rest_route=\/wp\/v2\/types\/product"}],"replies":[{"embeddable":true,"href":"https:\/\/shop.xn--altmhl-bogensport-52b.de\/index.php?rest_route=%2Fwp%2Fv2%2Fcomments&post=4835"}],"wp:featuredmedia":[{"embeddable":true,"href":"https:\/\/shop.xn--altmhl-bogensport-52b.de\/index.php?rest_route=\/wp\/v2\/media\/4836"}],"wp:attachment":[{"href":"https:\/\/shop.xn--altmhl-bogensport-52b.de\/index.php?rest_route=%2Fwp%2Fv2%2Fmedia&parent=4835"}],"wp:term":[{"taxonomy":"product_brand","embeddable":true,"href":"https:\/\/shop.xn--altmhl-bogensport-52b.de\/index.php?rest_route=%2Fwp%2Fv2%2Fproduct_brand&post=4835"},{"taxonomy":"product_cat","embeddable":true,"href":"https:\/\/shop.xn--altmhl-bogensport-52b.de\/index.php?rest_route=%2Fwp%2Fv2%2Fproduct_cat&post=4835"},{"taxonomy":"product_tag","embeddable":true,"href":"https:\/\/shop.xn--altmhl-bogensport-52b.de\/index.php?rest_route=%2Fwp%2Fv2%2Fproduct_tag&post=4835"}],"curies":[{"name":"wp","href":"https:\/\/api.w.org\/{rel}","templated":true}]}}