{"id":479,"date":"2020-01-17T11:35:10","date_gmt":"2020-01-17T11:35:10","guid":{"rendered":"http:\/\/shop.xn--altmhl-bogensport-52b.de\/?post_type=product&#038;p=479"},"modified":"2024-12-22T17:37:13","modified_gmt":"2024-12-22T17:37:13","slug":"feder-rw-shield-3-zoll-barred-bearpaw","status":"publish","type":"product","link":"https:\/\/shop.xn--altmhl-bogensport-52b.de\/?product=feder-rw-shield-3-zoll-barred-bearpaw","title":{"rendered":"3 Zoll Feder RW Shield barred Bearpaw"},"content":{"rendered":"<p>Wir verwenden bei der Herstellung unserer Bearpaw Naturfedern nur echte Truthahnfedern. Bearpaw Federn werden von Bogensch\u00fctzen auf der ganzen Welt f\u00fcr den Bau ihrer Pfeile benutzt. Insbesondere im traditionellen Bogensport sind Naturfedern wegen ihrer Sch\u00f6nheit und den tollen Eigenschaften nicht wegzudenken.<\/p>\n<p>Pfeile mit Federn in der L\u00e4nge von 3 Zoll werden im Bereich des traditionellen Bogenschie\u00dfens wohl am h\u00e4ufigsten f\u00fcr B\u00f6gen mit niedrigerem Zuggewicht und Kinderpfeile verwendet. So k\u00f6nnen auch bei geringeren Zuggewichten h\u00f6here Pfeilgeschwindigkeiten realisiert werden. Bei der Shield Form haben wir auf ein flacheres Profil zur\u00fcckgegriffen, um Stabilisierung und Pfeilgeschwindigkeit perfekt zu kombinieren.<\/p>\n<ul>\n<li>Ausf\u00fchrung: Shield Form<\/li>\n<li>L\u00e4nge: 3 Zoll<\/li>\n<li>Farbstruktur: barred<\/li>\n<li>Farben: Verschiedene Farben<\/li>\n<\/ul>\n<p><b>Im Untermen\u00fc k\u00f6nnen sie ihre ganz pers\u00f6nliche Wunschfarbe ausw\u00e4hlen!<\/b><\/p>\n","protected":false},"excerpt":{"rendered":"<p>3 Zoll shield Feder barred Bearpaw<\/p>\n","protected":false},"featured_media":494,"comment_status":"open","ping_status":"closed","template":"","meta":[],"product_brand":[],"product_cat":[17,118],"product_tag":[120,30,111,113,119],"class_list":{"0":"post-479","1":"product","2":"type-product","3":"status-publish","4":"has-post-thumbnail","6":"product_cat-pfeilbau","7":"product_cat-naturfedern-3-zoll-rw-pfeilbau","8":"product_tag-einfarbig","9":"product_tag-bearpaw","10":"product_tag-feder","11":"product_tag-barred","12":"product_tag-3-zoll","14":"first","15":"instock","16":"taxable","17":"shipping-taxable","18":"purchasable","19":"product-type-variable"},"_links":{"self":[{"href":"https:\/\/shop.xn--altmhl-bogensport-52b.de\/index.php?rest_route=\/wp\/v2\/product\/479","targetHints":{"allow":["GET"]}}],"collection":[{"href":"https:\/\/shop.xn--altmhl-bogensport-52b.de\/index.php?rest_route=\/wp\/v2\/product"}],"about":[{"href":"https:\/\/shop.xn--altmhl-bogensport-52b.de\/index.php?rest_route=\/wp\/v2\/types\/product"}],"replies":[{"embeddable":true,"href":"https:\/\/shop.xn--altmhl-bogensport-52b.de\/index.php?rest_route=%2Fwp%2Fv2%2Fcomments&post=479"}],"wp:featuredmedia":[{"embeddable":true,"href":"https:\/\/shop.xn--altmhl-bogensport-52b.de\/index.php?rest_route=\/wp\/v2\/media\/494"}],"wp:attachment":[{"href":"https:\/\/shop.xn--altmhl-bogensport-52b.de\/index.php?rest_route=%2Fwp%2Fv2%2Fmedia&parent=479"}],"wp:term":[{"taxonomy":"product_brand","embeddable":true,"href":"https:\/\/shop.xn--altmhl-bogensport-52b.de\/index.php?rest_route=%2Fwp%2Fv2%2Fproduct_brand&post=479"},{"taxonomy":"product_cat","embeddable":true,"href":"https:\/\/shop.xn--altmhl-bogensport-52b.de\/index.php?rest_route=%2Fwp%2Fv2%2Fproduct_cat&post=479"},{"taxonomy":"product_tag","embeddable":true,"href":"https:\/\/shop.xn--altmhl-bogensport-52b.de\/index.php?rest_route=%2Fwp%2Fv2%2Fproduct_tag&post=479"}],"curies":[{"name":"wp","href":"https:\/\/api.w.org\/{rel}","templated":true}]}}