{"id":4635,"date":"2023-04-15T08:53:25","date_gmt":"2023-04-15T08:53:25","guid":{"rendered":"https:\/\/shop.xn--altmhl-bogensport-52b.de\/?post_type=product&#038;p=4635"},"modified":"2025-09-15T00:37:14","modified_gmt":"2025-09-15T00:37:14","slug":"jackalope-malachite-60-zoll-one-piece-recurvebogen-35-lbs-rh","status":"publish","type":"product","link":"https:\/\/shop.xn--altmhl-bogensport-52b.de\/?product=jackalope-malachite-60-zoll-one-piece-recurvebogen-35-lbs-rh","title":{"rendered":"JACKALOPE &#8211; Malachite &#8211; 60 Zoll &#8211; One Piece Recurvebogen &#8211; 40 lbs RH"},"content":{"rendered":"<h3>JACKALOPE Malachite &#8211; Sei eins mit der Natur<\/h3>\n<p>Sch\u00fctzen lieben die Natur und die JACKALOPE Malachite B\u00f6gen\u00a0werden stets treue Begleiter auf euren Wegen durch W\u00e4lder und Wiesen sein. Die wundervolle Kombination aus gr\u00fcn-schwarzem Dymondwood im Bereich des Griffes und\u00a0sich \u00fcber den ganzen Bogen ziehende,\u00a0feine Lagen aus hellem Ahorn\u00a0und schwarzem Glas an den Wurfarmen bilden eine perfekte Einheit. Vor allem die gr\u00fcn-schwarze Farbgebung des Mittelst\u00fccks, die dem\u00a0Mineral\u00a0Malachit zum Verwechseln \u00e4hnlich sieht, sorgt f\u00fcr die\u00a0aufregende Optik, die sich so\u00a0deutlich von traditionellen B\u00f6gen unterscheidet.<\/p>\n<p>Nat\u00fcrlich ist es nicht nur die Optik, die besticht: Die schlanken,\u00a0Fast Flight tauglichen\u00a0Tips\u00a0und die schmalen, sehr eleganten\u00a0Wurfarme sorgen f\u00fcr\u00a0hohe Geschwindigkeiten und\u00a0pr\u00e4zisere Treffer. Das innovative Dymondwood &#8211;\u00a0eine hochstabile Verbindung aus mehreren Lagen Holz und Epoxidharz &#8211;\u00a0welches im Griffbereich verarbeitet ist, absorbiert Schwingungen und l\u00e4sst ein schnelleres, gleichm\u00e4\u00dfigeres Schiessen zu.\u00a0Das Griffst\u00fcck ist dabei soweit optimiert, dass der Handschock weitestgehend eliminiert wird, ohne die gro\u00dfartigen Schusseigenschaften zu beeintr\u00e4chtigen.\u00a0Der\u00a0Malachite\u00a0ist mit seinen 60 Zoll ein gelungener One Piece Recurvebogen,\u00a0der dich\u00a0beim Schie\u00dfen im Freien mit der Natur verschmelzen l\u00e4sst.<\/p>\n<p><strong>Neu in 2021 &#8211; Der Malachite Carbon<\/strong><\/p>\n<p>Die neueste Auflage des h\u00f6chst beliebten Malachite bringt jetzt eine Carboneinlage in den Wurfarmen ins Spiel. Der Bereich der Recurves bis hin zu den Tips wird mit einer Carbonlage verst\u00e4rkt. Dies bewirkt eine noch h\u00f6here Stabilit\u00e4t und Verwindungssteifigkeit. Selbst im Vollauszug, just im Moment vor dem L\u00f6sen der Sehne, bleibt der Malachite stabil und belohnt den Sch\u00fctzen mit einem noch besseren Schussverhalten.<\/p>\n<p><strong>JACKALOPE &#8211; Die neue Marke im Bogensport<\/strong><\/p>\n<p>Moderne, hochwertige\u00a0Materialien\u00a0und die\u00a0schlichte Eleganz des Bogensports. &#8211; Das ist JACKALOPE, die neue, innovative Marke im Bogensport. Qualitativ hochwertig verarbeitet und hergestellt, steht Jackalope f\u00fcr eine ganze Reihe von wundervoll gearbeiteten Lang-, Recurve- und Hybridb\u00f6gen, sowie\u00a0verschiedene Schutzwaren\u00a0und Zubeh\u00f6rartikel.<\/p>\n<p>Bei JACKALOPE findet ihr alles, was ihr f\u00fcr diesen, euren Sport ben\u00f6tigt. Und das in einer anspruchsvollen Optik, dessen Design sich nicht auf die B\u00f6gen beschr\u00e4nkt, sondern in s\u00e4mtlichen\u00a0Produkten fortgef\u00fchrt wird. Wo sonst, kann man sein Zubeh\u00f6r auch farblich passend zum Bogen w\u00e4hlen? Nur bei Jackalope!<\/p>\n<p>Als Ausdruck des Vertrauens in die eigenen, handwerklichen\u00a0F\u00e4higkeiten, gew\u00e4hrt\u00a0die Marke JACKALOPE auf alle ihre B\u00f6gen\u00a030\u00a0Jahre Garantie*. Worauf wartet ihr noch? \u00dcberzeugt euch selbst von der Qualit\u00e4t von JACKALOPE.<\/p>\n<p>&nbsp;<\/p>\n<p><strong>Eigenschaften:<\/strong><\/p>\n<ul>\n<li>Bogenl\u00e4nge: 60 Zoll<\/li>\n<li>Zuggewicht: 30-60 lbs<\/li>\n<li>empfohlene Standh\u00f6he: 8 &#8211; 8,5 Zoll<\/li>\n<li>empfohlenes Pfeilgewicht (pro lbs Zuggewicht): 8-9gr (mind. 7gr)<\/li>\n<li>Material Mittelst\u00fcck: Dymondwood<\/li>\n<li>Material Wurfarme:\u00a0Ahorn mit Schwarzglas und Carbon<\/li>\n<li>Material Tips:\u00a0Bakelite, Fast Flight tauglich<\/li>\n<li>Sehne: Dacron<\/li>\n<li>Als Rechts- oder Linkshandmodell verf\u00fcgbar.<\/li>\n<\/ul>\n<p>&nbsp;<\/p>\n<p><strong>Lieferumfang:<\/strong><br \/>\n1x Bogen mit Fastflight Sehne aus dem Hause Silent Twist Strings.<\/p>\n<p>Bogen mit 40lbs in RH wird hier angeboten.<\/p>\n<p>Der Bogen ist ein AUSSTELLUNGSST\u00dcCK aus dem Ladengesch\u00e4ft und kann vor Ort gern Probe geschossen werden.<\/p>\n<p>Andere auf Anfrage lieferbar.<\/p>\n<p>&nbsp;<\/p>\n<p><strong>Herstellername:<\/strong><br \/>\nBSW Handels GmbH<br \/>\n<strong>Anschrift:<\/strong><br \/>\nDemminer Strasse 32, 17389 Anklam<br \/>\n<strong>Herkunftsland:<\/strong><br \/>\nDeutschland<br \/>\n<strong>Webseite:<\/strong><br \/>\nhttps:\/\/www.bogensportwelt.de\/<br \/>\n<strong>Kontakt:<\/strong><br \/>\nhttps:\/\/www.bogensportwelt.de\/Kontakt<br \/>\n<strong>Marke:<\/strong><br \/>\nJACKALOPE Archery<\/p>\n","protected":false},"excerpt":{"rendered":"<p>JACKALOPE Malachite &#8211; Sei eins mit der Natur Sch\u00fctzen lieben die Natur und die JACKALOPE Malachite B\u00f6gen\u00a0werden stets treue Begleiter auf euren Wegen durch W\u00e4lder und Wiesen sein. Die wundervolle Kombination aus gr\u00fcn-schwarzem Dymondwood im Bereich des Griffes und\u00a0sich \u00fcber den ganzen Bogen ziehende,\u00a0feine Lagen aus hellem Ahorn\u00a0und schwarzem Glas an den Wurfarmen bilden eine [&hellip;]<\/p>\n","protected":false},"featured_media":4636,"comment_status":"open","ping_status":"closed","template":"","meta":[],"product_brand":[],"product_cat":[391,1504],"product_tag":[46,393,1072,1255,1256],"class_list":{"0":"post-4635","1":"product","2":"type-product","3":"status-publish","4":"has-post-thumbnail","6":"product_cat-jagdbogen","7":"product_cat-sommerschlussverkauf","8":"product_tag-recurve","9":"product_tag-jagdbogen","10":"product_tag-gruen","11":"product_tag-malachite","12":"product_tag-jackalope","14":"first","15":"instock","16":"taxable","17":"shipping-taxable","18":"purchasable","19":"product-type-simple"},"_links":{"self":[{"href":"https:\/\/shop.xn--altmhl-bogensport-52b.de\/index.php?rest_route=\/wp\/v2\/product\/4635","targetHints":{"allow":["GET"]}}],"collection":[{"href":"https:\/\/shop.xn--altmhl-bogensport-52b.de\/index.php?rest_route=\/wp\/v2\/product"}],"about":[{"href":"https:\/\/shop.xn--altmhl-bogensport-52b.de\/index.php?rest_route=\/wp\/v2\/types\/product"}],"replies":[{"embeddable":true,"href":"https:\/\/shop.xn--altmhl-bogensport-52b.de\/index.php?rest_route=%2Fwp%2Fv2%2Fcomments&post=4635"}],"wp:featuredmedia":[{"embeddable":true,"href":"https:\/\/shop.xn--altmhl-bogensport-52b.de\/index.php?rest_route=\/wp\/v2\/media\/4636"}],"wp:attachment":[{"href":"https:\/\/shop.xn--altmhl-bogensport-52b.de\/index.php?rest_route=%2Fwp%2Fv2%2Fmedia&parent=4635"}],"wp:term":[{"taxonomy":"product_brand","embeddable":true,"href":"https:\/\/shop.xn--altmhl-bogensport-52b.de\/index.php?rest_route=%2Fwp%2Fv2%2Fproduct_brand&post=4635"},{"taxonomy":"product_cat","embeddable":true,"href":"https:\/\/shop.xn--altmhl-bogensport-52b.de\/index.php?rest_route=%2Fwp%2Fv2%2Fproduct_cat&post=4635"},{"taxonomy":"product_tag","embeddable":true,"href":"https:\/\/shop.xn--altmhl-bogensport-52b.de\/index.php?rest_route=%2Fwp%2Fv2%2Fproduct_tag&post=4635"}],"curies":[{"name":"wp","href":"https:\/\/api.w.org\/{rel}","templated":true}]}}