{"id":4628,"date":"2023-04-15T08:29:12","date_gmt":"2023-04-15T08:29:12","guid":{"rendered":"https:\/\/shop.xn--altmhl-bogensport-52b.de\/?post_type=product&#038;p=4628"},"modified":"2025-08-18T14:59:33","modified_gmt":"2025-08-18T14:59:33","slug":"take-down-recurve-chapman-rh-35-lbs-vorfuehrmodell","status":"publish","type":"product","link":"https:\/\/shop.xn--altmhl-bogensport-52b.de\/?product=take-down-recurve-chapman-rh-35-lbs-vorfuehrmodell","title":{"rendered":"Take Down Recurve Chapman RH 30 lbs Ausstellungsst\u00fcck"},"content":{"rendered":"<p>Der Penthalon Chapman geh\u00f6rt neben dem Penthalon Creed nicht ohne Grund zu den Gr\u00fcnderb\u00f6gen der Penthalon Premiumlinie!<\/p>\n<p>&nbsp;<\/p>\n<p>Hier in der RH Version mit 30 lbs !!<\/p>\n<p>Ausgestattet mit einer Fastflight Sehne aus dem Hause Silent Twist Strings.<\/p>\n<p>&nbsp;<\/p>\n<p>Wir haben den Penthalon Chapman f\u00fcr all die Menschen entwickelt, die einen wundersch\u00f6nen, leistungenstarken und kurzen Take Down Bogen zu sch\u00e4tzen wissen.<\/p>\n<p>&nbsp;<\/p>\n<p>Neben der puren Leistung \u00fcberzeugt der Penthalon Chapman auch durch sein besonderes Amazakou\u00e9 \/ Ovangkol Mittelteil.<\/p>\n<p>Bei einem Auszug von 28 Zoll kann man sich nur in die Bogenform des 58 Zoll Take Down Recurve verlieben.<\/p>\n<p>&nbsp;<\/p>\n<p>Wer sich einen leistungsstarken, komfortabel und giftigen Take Down Rercurve zutraut, wird mit dem Penthalon Chapman mehr als gl\u00fccklich.<\/p>\n<p>&nbsp;<\/p>\n<ul>\n<li>Bogenl\u00e4nge: 58 Zoll<\/li>\n<li>Zuggewicht: 20\u00a0&#8211; 55 lbs in 5 lbs Stufen<\/li>\n<li>Mittelteil: Amazakou\u00e9 \/ Ovangkol mit Ahorn und Mycarta Zierstreifen<\/li>\n<li>Wurfarme: Ahorn mit Bearpaw Schwarzglas<\/li>\n<li>Tips: G10<\/li>\n<li>Griff: tiefer Pistolengriff<\/li>\n<li>Sehne: Whisper String (oder jede andere Hochleistungssehne)<\/li>\n<li>Standh\u00f6he: 8 Zoll<\/li>\n<li>Garantie: Der Bogen ist bei Bruch und Entlaminierung f\u00fcr 2 Jahre \u00fcber die Garantie versichert<\/li>\n<\/ul>\n<table class=\"table table-sm\">\n<tbody>\n<tr class=\"attr-custom\">\n<td class=\"attr-value\"><strong>Herstellername:<\/strong><br \/>\nBEARPAW GmbH<br \/>\n<strong>Anschrift:<\/strong><br \/>\nHannebach 30, 96269 Rossach<br \/>\n<strong>Herkunftsland:<\/strong><br \/>\nDeutschland<br \/>\n<strong>Webseite:<\/strong><br \/>\nhttps:\/\/www.bearpaw-products.de\/<br \/>\n<strong>Kontakt:<\/strong><br \/>\ninfo@bearpaw-products.com<br \/>\n<strong>Marke:<\/strong><br \/>\nBearpaw Products<\/td>\n<\/tr>\n<\/tbody>\n<\/table>\n","protected":false},"excerpt":{"rendered":"<p>Der Penthalon Chapman geh\u00f6rt neben dem Penthalon Creed nicht ohne Grund zu den Gr\u00fcnderb\u00f6gen der Penthalon Premiumlinie! &nbsp; Hier in der RH Version mit 30 lbs !! Ausgestattet mit einer Fastflight Sehne aus dem Hause Silent Twist Strings. &nbsp; Wir haben den Penthalon Chapman f\u00fcr all die Menschen entwickelt, die einen wundersch\u00f6nen, leistungenstarken und kurzen [&hellip;]<\/p>\n","protected":false},"featured_media":4629,"comment_status":"open","ping_status":"closed","template":"","meta":[],"product_brand":[],"product_cat":[391,1448,1504,49],"product_tag":[89,106,393,1423,30,52],"class_list":{"0":"post-4628","1":"product","2":"type-product","3":"status-publish","4":"has-post-thumbnail","6":"product_cat-jagdbogen","7":"product_cat-inventurabverkauf","8":"product_cat-sommerschlussverkauf","9":"product_cat-take-down-bogen","10":"product_tag-penthalon","11":"product_tag-bodnik","12":"product_tag-jagdbogen","13":"product_tag-chapman","14":"product_tag-bearpaw","15":"product_tag-takedown","17":"first","18":"instock","19":"sale","20":"sold-individually","21":"taxable","22":"shipping-taxable","23":"purchasable","24":"product-type-simple"},"_links":{"self":[{"href":"https:\/\/shop.xn--altmhl-bogensport-52b.de\/index.php?rest_route=\/wp\/v2\/product\/4628","targetHints":{"allow":["GET"]}}],"collection":[{"href":"https:\/\/shop.xn--altmhl-bogensport-52b.de\/index.php?rest_route=\/wp\/v2\/product"}],"about":[{"href":"https:\/\/shop.xn--altmhl-bogensport-52b.de\/index.php?rest_route=\/wp\/v2\/types\/product"}],"replies":[{"embeddable":true,"href":"https:\/\/shop.xn--altmhl-bogensport-52b.de\/index.php?rest_route=%2Fwp%2Fv2%2Fcomments&post=4628"}],"wp:featuredmedia":[{"embeddable":true,"href":"https:\/\/shop.xn--altmhl-bogensport-52b.de\/index.php?rest_route=\/wp\/v2\/media\/4629"}],"wp:attachment":[{"href":"https:\/\/shop.xn--altmhl-bogensport-52b.de\/index.php?rest_route=%2Fwp%2Fv2%2Fmedia&parent=4628"}],"wp:term":[{"taxonomy":"product_brand","embeddable":true,"href":"https:\/\/shop.xn--altmhl-bogensport-52b.de\/index.php?rest_route=%2Fwp%2Fv2%2Fproduct_brand&post=4628"},{"taxonomy":"product_cat","embeddable":true,"href":"https:\/\/shop.xn--altmhl-bogensport-52b.de\/index.php?rest_route=%2Fwp%2Fv2%2Fproduct_cat&post=4628"},{"taxonomy":"product_tag","embeddable":true,"href":"https:\/\/shop.xn--altmhl-bogensport-52b.de\/index.php?rest_route=%2Fwp%2Fv2%2Fproduct_tag&post=4628"}],"curies":[{"name":"wp","href":"https:\/\/api.w.org\/{rel}","templated":true}]}}