{"id":4533,"date":"2023-01-28T08:45:13","date_gmt":"2023-01-28T08:45:13","guid":{"rendered":"https:\/\/shop.xn--altmhl-bogensport-52b.de\/?post_type=product&#038;p=4533"},"modified":"2025-01-08T17:38:03","modified_gmt":"2025-01-08T17:38:03","slug":"schiesshandschuh-dynamic-bearpaw-weiss","status":"publish","type":"product","link":"https:\/\/shop.xn--altmhl-bogensport-52b.de\/?product=schiesshandschuh-dynamic-bearpaw-weiss","title":{"rendered":"Schie\u00dfhandschuh Dynamic Bearpaw wei\u00df"},"content":{"rendered":"<p>Wenn Du w\u00e4hrend des Trainings ins Schwitzen kommst.<\/p>\n<p>Der Schie\u00dfhandschuh Dynamic aus der Sports Kollektion erm\u00f6glicht Dir einen angenehmen Tragekomfort und eine sportliche Optik. Durch die Verarbeitung einfacher Textilstoffe hast Du einen Handschuh, welcher robust, abriebfest und UV-best\u00e4ndig ist. Bei k\u00e4lteren Temperaturen h\u00e4lt Dich der Sport Schie\u00dfhandschuh ebenfalls warm. Er wird aus Polyester und mit Cordura an den Tips gefertigt. Durch die unkomplizierte Beschaffenheit und kleinen Poren von Polyester ist der Stoff sehr pflegeleicht (abweisend gegen\u00fcber Schmutz oder Wasser). Daher ist dieses Material bestens geeignet, um Dir ein passendes Equipment an die Hand zu geben. Cordura ist ein sehr robuster und abriebfester Nylon-Stoff. Die leicht angeraute Oberfl\u00e4che gibt einen angenehmen Griff. Es ist schnell trocknend und wasserabweisend ausger\u00fcstet, so dass Feuchtigkeit abperlt. Ein weiterer Vorteil: Nach Deinem Training kannst Du die Sport Handschuhe bedenkenlos in der Handw\u00e4sche reinigen.<\/p>\n<p>Unsere Leder- und Textilprodukte werden in Pakistan in Handarbeit gefertigt. Die gleichbleibende Topqualit\u00e4t und Arbeitsbedingungen vor Ort sind dabei f\u00fcr BEARPAW unverhandelbar. Die Mitarbeiter bekommen Versicherungen f\u00fcr sich und die Familien und alle erhalten ein gesichertes Einkommen durch eine Festanstellung. Das Gehalt der Mitarbeiter vor Ort ist ein dreifaches von dem, was f\u00fcr diese Region durchschnittlich ist. Jeder Mitarbeiter wurde sorgf\u00e4ltig ausgew\u00e4hlt &#8211; es sind echte Experten auf ihrem Gebiet. Dies macht sich in der hochwertigen Verarbeitung, gleichbleibenden Qualit\u00e4t sowie einem edlen Aussehen der Produkte stark bemerkbar.<\/p>\n<p>In unserer Leder- und Textilkollektion legen wir besonders hohen Wert auf die Auswahl und Beschaffung der Materialien. Um nachhaltige, hochwertige und gut durchdachte Produkte an den Markt zu bringen, verwenden wir ausschlie\u00dflich &#8220;REACH-konforme&#8221; Materialien. Als REACH-konform gelten Produkte und Erzeugnisse, die alle Bedingungen der EU-Chemikalienverordnung erf\u00fcllen. Bei allen Materialien versuchen wir lokal zu beziehen und kurze Transportwege zu ber\u00fccksichtigen. Dar\u00fcber hinaus ist unser Partner in Pakistan &#8220;B Corp&#8221; und &#8220;BSCI&#8221; zertifiziert! &#8220;B Corp&#8221; ist ein internationales Zertifikat, mit dem die Non-Profit-Organisation &#8220;B Lab&#8221; Unternehmen f\u00fcr ihre sozialen und \u00f6kologischen Auswirkungen auszeichnet. Das Ziel von &#8220;BSCI&#8221; ist die weltweite Verbesserung von Arbeitsbedingungen. Es muss ein bestimmter Verhaltenskodex innerhalb der Lieferkette eingehalten werden.<\/p>\n<p>Der richtige Faden macht den Unterschied: Die N\u00e4hte unserer Produkte werden mit &#8220;Deutscher G\u00fctermann Faden&#8221; verarbeitet. Das ist kein Zufall, denn dieser Faden ist besonders rei\u00dffest. Jedes Produkt wird h\u00e4ndisch gepr\u00e4gt. Wir pr\u00e4gen mit pr\u00e4zise ausgefr\u00e4sten Messing-Pr\u00e4gestempeln. Der Pr\u00e4gevorgang funktioniert mit Druck und Hitze, wobei jedes Leder, jedes Produkt unterschiedlich behandelt werden muss. Wusstest Du, dass alle Farben \u00fcber die gesamte Leder- und Textilkollektion bei BEARPAW zusammenpassen? Schwarz, Dunkelbraun, Honigbraun oder Beige \u2013 jedes Produkt passt stimmig zueinander.<\/p>\n<p>Du m\u00f6chtest wissen, warum unsere Leder- und Textilkollektion das Beste ist, was die Bogensportbranche zu bieten hat?\u00a0<strong><a href=\"https:\/\/www.canva.com\/design\/DAE1PrNiQrg\/lvL0Bt_WbFsfPRaFmmPALQ\/view?utm_content=DAE1PrNiQrg&amp;utm_campaign=designshare&amp;utm_medium=link&amp;utm_source=sharebutton\" target=\"_blank\" rel=\"noreferrer noopener\">Hier<\/a><\/strong>\u00a0findest Du alle Details.<\/p>\n<p>Produktinformationen auf einen Blick:<\/p>\n<ul>\n<li>Modell: 3-Finger-Schie\u00dfhandschuh<\/li>\n<li>Farben: Wei\u00df<\/li>\n<li><strong><a href=\"https:\/\/www.canva.com\/design\/DAE2E9bJ5cY\/B8rO1uQrHps6xpYBWN4hDw\/view?utm_content=DAE2E9bJ5cY&amp;utm_campaign=designshare&amp;utm_medium=link&amp;utm_source=sharebutton\" target=\"_blank\" rel=\"noreferrer noopener\">Gr\u00f6\u00dfentabelle<\/a><\/strong>\u00a0hier einsehen<\/li>\n<li>Materialien: Polyester &amp; Cordura<\/li>\n<li>Empfehlung: F\u00fcr sport- und trainingsorientierte Bogensportler<\/li>\n<li>In Handw\u00e4sche waschbar<\/li>\n<\/ul>\n<p>&nbsp;<\/p>\n<table class=\"table table-sm\">\n<tbody>\n<tr class=\"attr-custom\">\n<td class=\"attr-value\"><strong>Herstellername:<\/strong><br \/>\nBEARPAW GmbH<br \/>\n<strong>Anschrift:<\/strong><br \/>\nHannebach 30, 96269 Rossach<br \/>\n<strong>Herkunftsland:<\/strong><br \/>\nDeutschland<br \/>\n<strong>Webseite:<\/strong><br \/>\nhttps:\/\/www.bearpaw-products.de\/<br \/>\n<strong>Kontakt:<\/strong><br \/>\ninfo@bearpaw-products.com<br \/>\n<strong>Marke:<\/strong><br \/>\nBearpaw Products<\/td>\n<\/tr>\n<\/tbody>\n<\/table>\n","protected":false},"excerpt":{"rendered":"<p>Wenn Du w\u00e4hrend des Trainings ins Schwitzen kommst. Der Schie\u00dfhandschuh Dynamic aus der Sports Kollektion erm\u00f6glicht Dir einen angenehmen Tragekomfort und eine sportliche Optik. Durch die Verarbeitung einfacher Textilstoffe hast Du einen Handschuh, welcher robust, abriebfest und UV-best\u00e4ndig ist. Bei k\u00e4lteren Temperaturen h\u00e4lt Dich der Sport Schie\u00dfhandschuh ebenfalls warm. Er wird aus Polyester und mit [&hellip;]<\/p>\n","protected":false},"featured_media":4534,"comment_status":"open","ping_status":"closed","template":"","meta":[],"product_brand":[],"product_cat":[100],"product_tag":[1190,1296,1297,30,102],"class_list":{"0":"post-4533","1":"product","2":"type-product","3":"status-publish","4":"has-post-thumbnail","6":"product_cat-handschuhe","7":"product_tag-dynamic","8":"product_tag-handschu","9":"product_tag-weiss","10":"product_tag-bearpaw","11":"product_tag-schiesshandschuh","13":"first","14":"instock","15":"taxable","16":"shipping-taxable","17":"purchasable","18":"product-type-variable"},"_links":{"self":[{"href":"https:\/\/shop.xn--altmhl-bogensport-52b.de\/index.php?rest_route=\/wp\/v2\/product\/4533","targetHints":{"allow":["GET"]}}],"collection":[{"href":"https:\/\/shop.xn--altmhl-bogensport-52b.de\/index.php?rest_route=\/wp\/v2\/product"}],"about":[{"href":"https:\/\/shop.xn--altmhl-bogensport-52b.de\/index.php?rest_route=\/wp\/v2\/types\/product"}],"replies":[{"embeddable":true,"href":"https:\/\/shop.xn--altmhl-bogensport-52b.de\/index.php?rest_route=%2Fwp%2Fv2%2Fcomments&post=4533"}],"wp:featuredmedia":[{"embeddable":true,"href":"https:\/\/shop.xn--altmhl-bogensport-52b.de\/index.php?rest_route=\/wp\/v2\/media\/4534"}],"wp:attachment":[{"href":"https:\/\/shop.xn--altmhl-bogensport-52b.de\/index.php?rest_route=%2Fwp%2Fv2%2Fmedia&parent=4533"}],"wp:term":[{"taxonomy":"product_brand","embeddable":true,"href":"https:\/\/shop.xn--altmhl-bogensport-52b.de\/index.php?rest_route=%2Fwp%2Fv2%2Fproduct_brand&post=4533"},{"taxonomy":"product_cat","embeddable":true,"href":"https:\/\/shop.xn--altmhl-bogensport-52b.de\/index.php?rest_route=%2Fwp%2Fv2%2Fproduct_cat&post=4533"},{"taxonomy":"product_tag","embeddable":true,"href":"https:\/\/shop.xn--altmhl-bogensport-52b.de\/index.php?rest_route=%2Fwp%2Fv2%2Fproduct_tag&post=4533"}],"curies":[{"name":"wp","href":"https:\/\/api.w.org\/{rel}","templated":true}]}}