{"id":4489,"date":"2023-01-04T10:07:57","date_gmt":"2023-01-04T10:07:57","guid":{"rendered":"https:\/\/shop.xn--altmhl-bogensport-52b.de\/?post_type=product&#038;p=4489"},"modified":"2025-01-08T17:39:17","modified_gmt":"2025-01-08T17:39:17","slug":"langbogen-omaha-penthalon","status":"publish","type":"product","link":"https:\/\/shop.xn--altmhl-bogensport-52b.de\/?product=langbogen-omaha-penthalon","title":{"rendered":"Langbogen Omaha Penthalon"},"content":{"rendered":"<p>Der Penthalon Omaha geh\u00f6rt neben dem Penthalon Creed und Chapman nicht ohne Grund zu den Gr\u00fcnderb\u00f6gen der Penthalon Premium Line!<br \/>\nWir haben den Penthalon Omaha f\u00fcr all die Menschen entwickelt, die einen wundersch\u00f6nen und leistungsstarken Langbogen mit 68 Zoll zu sch\u00e4tzen wissen.<br \/>\nNeben dem weichen Auszugsverhalten \u00fcberzeugt der Langbogen Omaha auch durch sein besonderes Amazakou\u00e9 \/ Ovangkol Mittelteil mit BP Mycarta Zierstreifen.<br \/>\nWer sich einen leistungsstarken und extrem komfortablen 68 Zoll langen Langbogen zutraut, wird mit dem Penthalon Omaha mehr als gl\u00fccklich.<\/p>\n<ul>\n<li>Bogenl\u00e4nge: 68 Zoll<\/li>\n<li>Zuggewicht: 20\u00a0&#8211; 55 lbs in 5 lbs Stufen<\/li>\n<li>Mittelteil: Amazakou\u00e9 \/ Ovangkol mit Ahorn und Mycarta Zierstreifen<\/li>\n<li>Wurfarme: Ahorn mit Bearpaw Powerglas Pure Black<\/li>\n<li>Tips: G10<\/li>\n<li>Griff: Locator<\/li>\n<li>Sehne: Whisper String (oder jede andere Hochleistungssehne)<\/li>\n<li>Standh\u00f6he: 7 Zoll<\/li>\n<li>Garantie: Der Bogen ist bei Bruch und Entlaminierung f\u00fcr 2 Jahre \u00fcber die Garantie versichert<\/li>\n<\/ul>\n<p>&nbsp;<\/p>\n<table class=\"table table-sm\">\n<tbody>\n<tr class=\"attr-custom\">\n<td class=\"attr-value\"><strong>Herstellername:<\/strong><br \/>\nBEARPAW GmbH<br \/>\n<strong>Anschrift:<\/strong><br \/>\nHannebach 30, 96269 Rossach<br \/>\n<strong>Herkunftsland:<\/strong><br \/>\nDeutschland<br \/>\n<strong>Webseite:<\/strong><br \/>\nhttps:\/\/www.bearpaw-products.de\/<br \/>\n<strong>Kontakt:<\/strong><br \/>\ninfo@bearpaw-products.com<br \/>\n<strong>Marke:<\/strong><br \/>\nBearpaw Products<\/td>\n<\/tr>\n<\/tbody>\n<\/table>\n","protected":false},"excerpt":{"rendered":"<p>Der Penthalon Omaha geh\u00f6rt neben dem Penthalon Creed und Chapman nicht ohne Grund zu den Gr\u00fcnderb\u00f6gen der Penthalon Premium Line! Wir haben den Penthalon Omaha f\u00fcr all die Menschen entwickelt, die einen wundersch\u00f6nen und leistungsstarken Langbogen mit 68 Zoll zu sch\u00e4tzen wissen. Neben dem weichen Auszugsverhalten \u00fcberzeugt der Langbogen Omaha auch durch sein besonderes Amazakou\u00e9 [&hellip;]<\/p>\n","protected":false},"featured_media":4490,"comment_status":"open","ping_status":"closed","template":"","meta":[],"product_brand":[],"product_cat":[640],"product_tag":[1289,1290,641,89],"class_list":{"0":"post-4489","1":"product","2":"type-product","3":"status-publish","4":"has-post-thumbnail","6":"product_cat-langbogen","7":"product_tag-omaha","8":"product_tag-d-form","9":"product_tag-langbogen","10":"product_tag-penthalon","12":"first","13":"onbackorder","14":"taxable","15":"shipping-taxable","16":"purchasable","17":"product-type-variable"},"_links":{"self":[{"href":"https:\/\/shop.xn--altmhl-bogensport-52b.de\/index.php?rest_route=\/wp\/v2\/product\/4489","targetHints":{"allow":["GET"]}}],"collection":[{"href":"https:\/\/shop.xn--altmhl-bogensport-52b.de\/index.php?rest_route=\/wp\/v2\/product"}],"about":[{"href":"https:\/\/shop.xn--altmhl-bogensport-52b.de\/index.php?rest_route=\/wp\/v2\/types\/product"}],"replies":[{"embeddable":true,"href":"https:\/\/shop.xn--altmhl-bogensport-52b.de\/index.php?rest_route=%2Fwp%2Fv2%2Fcomments&post=4489"}],"wp:featuredmedia":[{"embeddable":true,"href":"https:\/\/shop.xn--altmhl-bogensport-52b.de\/index.php?rest_route=\/wp\/v2\/media\/4490"}],"wp:attachment":[{"href":"https:\/\/shop.xn--altmhl-bogensport-52b.de\/index.php?rest_route=%2Fwp%2Fv2%2Fmedia&parent=4489"}],"wp:term":[{"taxonomy":"product_brand","embeddable":true,"href":"https:\/\/shop.xn--altmhl-bogensport-52b.de\/index.php?rest_route=%2Fwp%2Fv2%2Fproduct_brand&post=4489"},{"taxonomy":"product_cat","embeddable":true,"href":"https:\/\/shop.xn--altmhl-bogensport-52b.de\/index.php?rest_route=%2Fwp%2Fv2%2Fproduct_cat&post=4489"},{"taxonomy":"product_tag","embeddable":true,"href":"https:\/\/shop.xn--altmhl-bogensport-52b.de\/index.php?rest_route=%2Fwp%2Fv2%2Fproduct_tag&post=4489"}],"curies":[{"name":"wp","href":"https:\/\/api.w.org\/{rel}","templated":true}]}}