{"id":4157,"date":"2022-09-02T17:27:07","date_gmt":"2022-09-02T17:27:07","guid":{"rendered":"https:\/\/shop.xn--altmhl-bogensport-52b.de\/?post_type=product&#038;p=4157"},"modified":"2022-09-02T17:27:08","modified_gmt":"2022-09-02T17:27:08","slug":"rettungsmesser-srk-compact","status":"publish","type":"product","link":"https:\/\/shop.xn--altmhl-bogensport-52b.de\/?product=rettungsmesser-srk-compact","title":{"rendered":"Rettungsmesser SRK Compact"},"content":{"rendered":"<p><strong>Rettungsmesser SRK\u00ae, Compact mit Klinge aus SK-5-Stahl und schwarzem Tuff-Ex\u2122-Finish<\/strong><\/p>\n<p>Nun kannst Du nahezu alle Vorz\u00fcge des SRK\u00ae (Artikelnr. 49LCK \/ 49 LCKZ) in einem wesentlich kleineren, leichteren und d\u00fcnneren Format genie\u00dfen. Das SRK\u00ae Compact wurde geradezu f\u00fcr diejenigen entwickelt, die auf der Suche nach einem unauff\u00e4lligeren feststehenden\u00a0<a class=\"internal-link\" title=\"Messer\" href=\"https:\/\/www.battlemerchant.com\/waffen\/messer\/\" rel=\"follow\">Messer<\/a>\u00a0sind. Es ist fast das Ebenbild seines gro\u00dfen Bruders und verf\u00fcgt \u00fcber alle Features, die Du von einem SRK\u00ae erwarten darfst. Dieses Messer, das mit einer \u00e4u\u00dferst stabilen Secure-Ex\u00ae-Scheide geliefert wird, ist ein leichtgewichtiges Wunder, das Dir noch viele Jahre treu zur Seite stehen wird.<\/p>\n<p><b>SK-5 Kohlenstoffstahl<\/b><br \/>\nDer japanische Kohlenstoffstahl SK-5 wird traditionell f\u00fcr die Herstellung einer Vielzahl von Handwerkzeugen, wie z.B. Mei\u00dfeln und Holzs\u00e4gen, verwendet. Aufgrund seiner gro\u00dfen universellen Z\u00e4higkeit, exzellenten Schnitthaltigkeit und hervorragenden Abriebfestigkeit hat sich dieser Stahl in vielen L\u00e4ndern bew\u00e4hrt.<\/p>\n<p><b>Details:<\/b><br \/>\n&#8211; Klingenmaterial: Karbonstahl SK-5 mit schwarzem Tuff-Ex\u2122-Finish<br \/>\n&#8211; Gesamtl\u00e4nge: ca. 24,1 cm<br \/>\n&#8211; Klingenl\u00e4nge: ca. 12,7 cm<br \/>\n&#8211; Klingenst\u00e4rke: ca. 4 mm<br \/>\n&#8211; Griff: ca. 11,4 cm lang, aus Kray-Ex\u2122<br \/>\n&#8211; Gewicht: ca. 145 g<br \/>\n&#8211; Inkl. Secure-Ex\u00ae-Scheide<br \/>\n&#8211; Cold Steel\u00ae Artikelnummer: 49LCKD<\/p>\n","protected":false},"excerpt":{"rendered":"<p>SRK Compact Messer<\/p>\n","protected":false},"featured_media":4158,"comment_status":"open","ping_status":"closed","template":"","meta":[],"product_brand":[],"product_cat":[548,600,726],"product_tag":[601,1198,1199,1200,1201],"class_list":{"0":"post-4157","1":"product","2":"type-product","3":"status-publish","4":"has-post-thumbnail","6":"product_cat-outdoor-artikel","7":"product_cat-messer","8":"product_cat-lagerleben","9":"product_tag-messer","10":"product_tag-rettungsmesser","11":"product_tag-cold-steel","12":"product_tag-srk","13":"product_tag-compact","15":"first","16":"instock","17":"sale","18":"taxable","19":"shipping-taxable","20":"purchasable","21":"product-type-simple"},"_links":{"self":[{"href":"https:\/\/shop.xn--altmhl-bogensport-52b.de\/index.php?rest_route=\/wp\/v2\/product\/4157","targetHints":{"allow":["GET"]}}],"collection":[{"href":"https:\/\/shop.xn--altmhl-bogensport-52b.de\/index.php?rest_route=\/wp\/v2\/product"}],"about":[{"href":"https:\/\/shop.xn--altmhl-bogensport-52b.de\/index.php?rest_route=\/wp\/v2\/types\/product"}],"replies":[{"embeddable":true,"href":"https:\/\/shop.xn--altmhl-bogensport-52b.de\/index.php?rest_route=%2Fwp%2Fv2%2Fcomments&post=4157"}],"wp:featuredmedia":[{"embeddable":true,"href":"https:\/\/shop.xn--altmhl-bogensport-52b.de\/index.php?rest_route=\/wp\/v2\/media\/4158"}],"wp:attachment":[{"href":"https:\/\/shop.xn--altmhl-bogensport-52b.de\/index.php?rest_route=%2Fwp%2Fv2%2Fmedia&parent=4157"}],"wp:term":[{"taxonomy":"product_brand","embeddable":true,"href":"https:\/\/shop.xn--altmhl-bogensport-52b.de\/index.php?rest_route=%2Fwp%2Fv2%2Fproduct_brand&post=4157"},{"taxonomy":"product_cat","embeddable":true,"href":"https:\/\/shop.xn--altmhl-bogensport-52b.de\/index.php?rest_route=%2Fwp%2Fv2%2Fproduct_cat&post=4157"},{"taxonomy":"product_tag","embeddable":true,"href":"https:\/\/shop.xn--altmhl-bogensport-52b.de\/index.php?rest_route=%2Fwp%2Fv2%2Fproduct_tag&post=4157"}],"curies":[{"name":"wp","href":"https:\/\/api.w.org\/{rel}","templated":true}]}}