{"id":4045,"date":"2022-08-02T14:55:07","date_gmt":"2022-08-02T14:55:07","guid":{"rendered":"https:\/\/shop.xn--altmhl-bogensport-52b.de\/?post_type=product&#038;p=4045"},"modified":"2022-08-02T14:55:08","modified_gmt":"2022-08-02T14:55:08","slug":"take-down-recurve-penthalon-twin-hero-62-zoll","status":"publish","type":"product","link":"https:\/\/shop.xn--altmhl-bogensport-52b.de\/?product=take-down-recurve-penthalon-twin-hero-62-zoll","title":{"rendered":"Take Down Recurve Penthalon Twin Hero 62 Zoll"},"content":{"rendered":"<p><strong>Viel Bogen und Flexibilit\u00e4t\u00a0f\u00fcr wenig Geld!<\/strong><\/p>\n<p>Das Besondere an unserem Twin Bogen? Das Twin Mittelteil wurde so entwickelt, dass es von Rechts- und Linkshandsch\u00fctzen verwendet werden kann.<\/p>\n<p>Bei der Hero Serie war es uns wichtig, dass wir auch im g\u00fcnstigen Preisbereich sch\u00f6ne und leistungsstarke B\u00f6gen anbieten k\u00f6nnen. Unsere Hero B\u00f6gen \u00fcberzeugen mit einer tollen Leistung und ihrer sch\u00f6nen Holzkombination. Das dunkle und rauchige Actionwood wird durch seine Akzentstreifen aus Ahorn und Bubinga hervorragend zur Geltung gebracht. Zudem kann jeder einzelne Bogen unserer Hero Seriel \u00fcber den Bogensattel (Shelf) oder mit einer Pfeilauflage geschossen werden. Der Hero Jagdrecurve ist eine gelungene Kombination aus \u00c4sthetik und Leistung.<\/p>\n<p>Selbstverst\u00e4ndlich k\u00f6nnen alle B\u00f6gen aus unserer Hero Serie mit jeder handels\u00fcblichen Hochleistungssehne geschossen werden. Wir empfehlen f\u00fcr unsere Hero B\u00f6gen unsere Henry Bodnik Whisper String um seine Leistung auch perfekt realisieren zu k\u00f6nnen. Zudem ist der Bogen dann noch &#8220;fl\u00fcster-leise&#8221;!<\/p>\n<p>Mit der Bogenl\u00e4nge von 62 Zoll ist dieser Hero ein leistungsf\u00e4higer Allrounder. Die kurzen Wurfarme bauen ihr Zuggewicht gleichm\u00e4\u00dfig auf und katapultieren den Pfeil mit einer erstaunlichen Geschwindigkeit zum Ziel. Dieser handliche Jagdrecurve ist der perfekte Begleiter f\u00fcr Freizeit, Training und Wettkampf.<\/p>\n<ul>\n<li>Bogenl\u00e4nge: 62 Zoll<\/li>\n<li>Zuggewicht: 14 &#8211; 34 lbs in 4 lbs Stufen<\/li>\n<li>Mittelteil: Schwarzes Actionwood mit Padouk und Ahorn Akzentstreifen<\/li>\n<li>Gewicht Mittelteil: Ca. 690 g. (1,52 lbs.)<\/li>\n<li>Wurfarme: Ahorn mit Schwarzglas<\/li>\n<li>Tips: G10 schwarz<\/li>\n<li>Griff: Pistolengriff<\/li>\n<li>Sehne: Whisper String (oder jede andere Hochleistungssehne)<\/li>\n<li>Standh\u00f6he: 8 Zoll<\/li>\n<li>Ausstattung Mittelteil: Inserts f\u00fcr Visier oder Bogenk\u00f6cher, Stabilisator oder Fischrolle sowie Button<\/li>\n<li>Garantie: Der Bogen ist bei Bruch und Entlaminierung f\u00fcr 2 Jahre \u00fcber die Garantie versichert.<\/li>\n<\/ul>\n","protected":false},"excerpt":{"rendered":"<p>Penthalon Recurve Twin Hero 62 Zoll<\/p>\n","protected":false},"featured_media":4046,"comment_status":"open","ping_status":"closed","template":"","meta":[],"product_brand":[],"product_cat":[391,49],"product_tag":[89,809,1173,52],"class_list":{"0":"post-4045","1":"product","2":"type-product","3":"status-publish","4":"has-post-thumbnail","6":"product_cat-jagdbogen","7":"product_cat-take-down-bogen","8":"product_tag-penthalon","9":"product_tag-hero","10":"product_tag-twin","11":"product_tag-takedown","13":"first","14":"outofstock","15":"taxable","16":"shipping-taxable","17":"purchasable","18":"product-type-variable"},"_links":{"self":[{"href":"https:\/\/shop.xn--altmhl-bogensport-52b.de\/index.php?rest_route=\/wp\/v2\/product\/4045","targetHints":{"allow":["GET"]}}],"collection":[{"href":"https:\/\/shop.xn--altmhl-bogensport-52b.de\/index.php?rest_route=\/wp\/v2\/product"}],"about":[{"href":"https:\/\/shop.xn--altmhl-bogensport-52b.de\/index.php?rest_route=\/wp\/v2\/types\/product"}],"replies":[{"embeddable":true,"href":"https:\/\/shop.xn--altmhl-bogensport-52b.de\/index.php?rest_route=%2Fwp%2Fv2%2Fcomments&post=4045"}],"wp:featuredmedia":[{"embeddable":true,"href":"https:\/\/shop.xn--altmhl-bogensport-52b.de\/index.php?rest_route=\/wp\/v2\/media\/4046"}],"wp:attachment":[{"href":"https:\/\/shop.xn--altmhl-bogensport-52b.de\/index.php?rest_route=%2Fwp%2Fv2%2Fmedia&parent=4045"}],"wp:term":[{"taxonomy":"product_brand","embeddable":true,"href":"https:\/\/shop.xn--altmhl-bogensport-52b.de\/index.php?rest_route=%2Fwp%2Fv2%2Fproduct_brand&post=4045"},{"taxonomy":"product_cat","embeddable":true,"href":"https:\/\/shop.xn--altmhl-bogensport-52b.de\/index.php?rest_route=%2Fwp%2Fv2%2Fproduct_cat&post=4045"},{"taxonomy":"product_tag","embeddable":true,"href":"https:\/\/shop.xn--altmhl-bogensport-52b.de\/index.php?rest_route=%2Fwp%2Fv2%2Fproduct_tag&post=4045"}],"curies":[{"name":"wp","href":"https:\/\/api.w.org\/{rel}","templated":true}]}}