{"id":3890,"date":"2022-05-24T16:36:05","date_gmt":"2022-05-24T16:36:05","guid":{"rendered":"https:\/\/shop.xn--altmhl-bogensport-52b.de\/?post_type=product&#038;p=3890"},"modified":"2022-05-24T16:36:05","modified_gmt":"2022-05-24T16:36:05","slug":"gummiblunts-steck-11-32-125-grs","status":"publish","type":"product","link":"https:\/\/shop.xn--altmhl-bogensport-52b.de\/?product=gummiblunts-steck-11-32-125-grs","title":{"rendered":"Gummiblunts, Steck, 11\/32 125 grs."},"content":{"rendered":"<p>Gummiblunts werden weltweit gerne f\u00fcr Training und Jagd verwendet. Die Gummispitze wird \u00fcber die Schaftspitze gesteckt und kann so problemlos f\u00fcr Trainingssch\u00fcsse auf h\u00e4rtere Gegenst\u00e4nde eingesetzt werden.<\/p>\n<ul>\n<li>Durchmesser: 11\/32<\/li>\n<li>Gewicht: 125 grs.<\/li>\n<li>Ausf\u00fchrung: Steckblunt f\u00fcr Holzpfeile im Durchmesser 11\/32<\/li>\n<\/ul>\n","protected":false},"excerpt":{"rendered":"<p>Gummiblunt zum Aufstecken auf Holzpfeile<\/p>\n","protected":false},"featured_media":3888,"comment_status":"open","ping_status":"closed","template":"","meta":[],"product_brand":[],"product_cat":[912],"product_tag":[30,534,1145],"class_list":{"0":"post-3890","1":"product","2":"type-product","3":"status-publish","4":"has-post-thumbnail","6":"product_cat-spitzen-holzpfeile","7":"product_tag-bearpaw","8":"product_tag-jagdspitze","9":"product_tag-gummiblunt","11":"first","12":"onbackorder","13":"taxable","14":"shipping-taxable","15":"purchasable","16":"product-type-simple"},"_links":{"self":[{"href":"https:\/\/shop.xn--altmhl-bogensport-52b.de\/index.php?rest_route=\/wp\/v2\/product\/3890","targetHints":{"allow":["GET"]}}],"collection":[{"href":"https:\/\/shop.xn--altmhl-bogensport-52b.de\/index.php?rest_route=\/wp\/v2\/product"}],"about":[{"href":"https:\/\/shop.xn--altmhl-bogensport-52b.de\/index.php?rest_route=\/wp\/v2\/types\/product"}],"replies":[{"embeddable":true,"href":"https:\/\/shop.xn--altmhl-bogensport-52b.de\/index.php?rest_route=%2Fwp%2Fv2%2Fcomments&post=3890"}],"wp:featuredmedia":[{"embeddable":true,"href":"https:\/\/shop.xn--altmhl-bogensport-52b.de\/index.php?rest_route=\/wp\/v2\/media\/3888"}],"wp:attachment":[{"href":"https:\/\/shop.xn--altmhl-bogensport-52b.de\/index.php?rest_route=%2Fwp%2Fv2%2Fmedia&parent=3890"}],"wp:term":[{"taxonomy":"product_brand","embeddable":true,"href":"https:\/\/shop.xn--altmhl-bogensport-52b.de\/index.php?rest_route=%2Fwp%2Fv2%2Fproduct_brand&post=3890"},{"taxonomy":"product_cat","embeddable":true,"href":"https:\/\/shop.xn--altmhl-bogensport-52b.de\/index.php?rest_route=%2Fwp%2Fv2%2Fproduct_cat&post=3890"},{"taxonomy":"product_tag","embeddable":true,"href":"https:\/\/shop.xn--altmhl-bogensport-52b.de\/index.php?rest_route=%2Fwp%2Fv2%2Fproduct_tag&post=3890"}],"curies":[{"name":"wp","href":"https:\/\/api.w.org\/{rel}","templated":true}]}}