{"id":3806,"date":"2022-04-07T17:06:48","date_gmt":"2022-04-07T17:06:48","guid":{"rendered":"https:\/\/shop.xn--altmhl-bogensport-52b.de\/?post_type=product&#038;p=3806"},"modified":"2025-01-08T17:56:15","modified_gmt":"2025-01-08T17:56:15","slug":"taschenkoecher-slide-in-bearpaw-leder","status":"publish","type":"product","link":"https:\/\/shop.xn--altmhl-bogensport-52b.de\/?product=taschenkoecher-slide-in-bearpaw-leder","title":{"rendered":"Taschenk\u00f6cher Slide In Bearpaw Leder"},"content":{"rendered":"<p>Klein aber fein.<\/p>\n<p>Der Taschenk\u00f6cher Slide In aus der Basic Kollektion ist ein absolutes Must-Have. In der Kombination aus hochwertigem Wildleder (Rind) und Glattleder (B\u00fcffel) entsteht ein schlichtes und geschmackvolles Design. Im Taschenk\u00f6cher kannst Du ca. 6-8 Pfeile verstauen und er l\u00e4sst sich sehr einfach tragen. Packe den Taschenk\u00f6cher bis zur Lasche einfach in Deine hintere Hosentasche. Zus\u00e4tzlich dazu kannst Du die obere Schlaufe nutzen, um den Taschenk\u00f6cher an Deinem G\u00fcrtel zu befestigen. Deine Hosentasche ist zu klein? Kein Problem. Nutze nur die G\u00fcrtelbefestigung \u2013 dies ist ebenfalls ausreichend. Der Taschenk\u00f6cher Slide In ist universal f\u00fcr Rechts- und Linkshandsch\u00fctzen geeignet. Egal ob Gro\u00df oder Klein: Der Taschenk\u00f6cher passt perfekt. Der Taschenk\u00f6cher ist sowohl f\u00fcr Einsteiger als auch f\u00fcr erfahrene Bogensportlich bestens geeignet.<\/p>\n<p>Unsere Leder- und Textilprodukte werden in Pakistan in Handarbeit gefertigt. Die gleichbleibende Topqualit\u00e4t und Arbeitsbedingungen vor Ort sind dabei f\u00fcr BEARPAW unverhandelbar. Die Mitarbeiter bekommen Versicherungen f\u00fcr sich und die Familien und alle erhalten ein gesichertes Einkommen durch eine Festanstellung. Das Gehalt der Mitarbeiter vor Ort ist ein dreifaches von dem, was f\u00fcr diese Region durchschnittlich ist. Jeder Mitarbeiter wurde sorgf\u00e4ltig ausgew\u00e4hlt &#8211; es sind echte Experten auf ihrem Gebiet. Dies macht sich in der hochwertigen Verarbeitung, gleichbleibenden Qualit\u00e4t sowie einem edlen Aussehen der Produkte stark bemerkbar.<\/p>\n<p>In unserer Leder- und Textilkollektion legen wir besonders hohen Wert auf die Auswahl und Beschaffung der Materialien. Um nachhaltige, hochwertige und gut durchdachte Produkte an den Markt zu bringen, verwenden wir ausschlie\u00dflich &#8220;REACH-konforme&#8221; Materialien. Als REACH-konform gelten Produkte und Erzeugnisse, die alle Bedingungen der EU-Chemikalienverordnung erf\u00fcllen. Bei allen Materialien versuchen wir lokal zu beziehen und kurze Transportwege zu ber\u00fccksichtigen. Dar\u00fcber hinaus ist unser Partner in Pakistan &#8220;B Corp&#8221; und &#8220;BSCI&#8221; zertifiziert! &#8220;B Corp&#8221; ist ein internationales Zertifikat, mit dem die Non-Profit-Organisation &#8220;B Lab&#8221; Unternehmen f\u00fcr ihre sozialen und \u00f6kologischen Auswirkungen auszeichnet. Das Ziel von &#8220;BSCI&#8221; ist die weltweite Verbesserung von Arbeitsbedingungen. Es muss ein bestimmter Verhaltenskodex innerhalb der Lieferkette eingehalten werden.<\/p>\n<p>Der richtige Faden macht den Unterschied: Die N\u00e4hte unserer Produkte werden mit &#8220;Deutscher G\u00fctermann Faden&#8221; verarbeitet. Das ist kein Zufall, denn dieser Faden ist besonders rei\u00dffest. Jedes Produkt wird h\u00e4ndisch gepr\u00e4gt. Wir pr\u00e4gen mit pr\u00e4zise ausgefr\u00e4sten Messing-Pr\u00e4gestempeln. Der Pr\u00e4gevorgang funktioniert mit Druck und Hitze, wobei jedes Leder, jedes Produkt unterschiedlich behandelt werden muss. Wusstest Du, dass alle Farben \u00fcber die gesamte Leder- und Textilkollektion bei BEARPAW zusammenpassen? Schwarz, Dunkelbraun, Honigbraun oder Beige \u2013 jedes Produkt passt stimmig zueinander.<\/p>\n<p>Du m\u00f6chtest wissen, warum unsere Leder- und Textilkollektion das Beste ist, was die Bogensportbranche zu bieten hat?\u00a0<strong><a href=\"https:\/\/www.canva.com\/design\/DAE1PrNiQrg\/lvL0Bt_WbFsfPRaFmmPALQ\/view?utm_content=DAE1PrNiQrg&amp;utm_campaign=designshare&amp;utm_medium=link&amp;utm_source=sharebutton\" target=\"_blank\" rel=\"noreferrer noopener\">Hier<\/a><\/strong>\u00a0findest Du alle Details.<\/p>\n<p>Produktinformationen auf einen Blick:<\/p>\n<ul>\n<li>Modell: Taschenk\u00f6cher Universal<\/li>\n<li>Farben: Schwarz, Beige<\/li>\n<li>L\u00e4nge des K\u00f6chers: XXX<\/li>\n<li>Materialien: Wildleder (Rind), Glattleder (B\u00fcffel) REACH-konform (hautvertr\u00e4glich)<\/li>\n<li>Trageanleitung f\u00fcr K\u00f6cher:\u00a0<strong><a href=\"https:\/\/www.canva.com\/design\/DAE1PtfOT8Y\/hfe3_aRD5sD4T4n9FPw-0g\/view?utm_content=DAE1PtfOT8Y&amp;utm_campaign=designshare&amp;utm_medium=link&amp;utm_source=sharebutton\" target=\"_blank\" rel=\"noreferrer noopener\">Hier<\/a><\/strong>\u00a0ansehen<\/li>\n<li>Empfehlung: Einsteiger, erfahrene Bogensportler<\/li>\n<\/ul>\n<p>&nbsp;<\/p>\n<table class=\"table table-sm\">\n<tbody>\n<tr class=\"attr-custom\">\n<td class=\"attr-value\"><strong>Herstellername:<\/strong><br \/>\nBEARPAW GmbH<br \/>\n<strong>Anschrift:<\/strong><br \/>\nHannebach 30, 96269 Rossach<br \/>\n<strong>Herkunftsland:<\/strong><br \/>\nDeutschland<br \/>\n<strong>Webseite:<\/strong><br \/>\nhttps:\/\/www.bearpaw-products.de\/<br \/>\n<strong>Kontakt:<\/strong><br \/>\ninfo@bearpaw-products.com<br \/>\n<strong>Marke:<\/strong><br \/>\nBearpaw Products<\/td>\n<\/tr>\n<\/tbody>\n<\/table>\n","protected":false},"excerpt":{"rendered":"<p>Bearpaw Taschenk\u00f6cher Slide in<\/p>\n","protected":false},"featured_media":3807,"comment_status":"open","ping_status":"closed","template":"","meta":[],"product_brand":[],"product_cat":[454],"product_tag":[30,216,228,1080,1081],"class_list":{"0":"post-3806","1":"product","2":"type-product","3":"status-publish","4":"has-post-thumbnail","6":"product_cat-seitenkoecher","7":"product_tag-bearpaw","8":"product_tag-seitenkoecher","9":"product_tag-taschenkoecher","10":"product_tag-slide-in","11":"product_tag-pocket-quiver","13":"first","14":"onbackorder","15":"taxable","16":"shipping-taxable","17":"purchasable","18":"product-type-variable"},"_links":{"self":[{"href":"https:\/\/shop.xn--altmhl-bogensport-52b.de\/index.php?rest_route=\/wp\/v2\/product\/3806","targetHints":{"allow":["GET"]}}],"collection":[{"href":"https:\/\/shop.xn--altmhl-bogensport-52b.de\/index.php?rest_route=\/wp\/v2\/product"}],"about":[{"href":"https:\/\/shop.xn--altmhl-bogensport-52b.de\/index.php?rest_route=\/wp\/v2\/types\/product"}],"replies":[{"embeddable":true,"href":"https:\/\/shop.xn--altmhl-bogensport-52b.de\/index.php?rest_route=%2Fwp%2Fv2%2Fcomments&post=3806"}],"wp:featuredmedia":[{"embeddable":true,"href":"https:\/\/shop.xn--altmhl-bogensport-52b.de\/index.php?rest_route=\/wp\/v2\/media\/3807"}],"wp:attachment":[{"href":"https:\/\/shop.xn--altmhl-bogensport-52b.de\/index.php?rest_route=%2Fwp%2Fv2%2Fmedia&parent=3806"}],"wp:term":[{"taxonomy":"product_brand","embeddable":true,"href":"https:\/\/shop.xn--altmhl-bogensport-52b.de\/index.php?rest_route=%2Fwp%2Fv2%2Fproduct_brand&post=3806"},{"taxonomy":"product_cat","embeddable":true,"href":"https:\/\/shop.xn--altmhl-bogensport-52b.de\/index.php?rest_route=%2Fwp%2Fv2%2Fproduct_cat&post=3806"},{"taxonomy":"product_tag","embeddable":true,"href":"https:\/\/shop.xn--altmhl-bogensport-52b.de\/index.php?rest_route=%2Fwp%2Fv2%2Fproduct_tag&post=3806"}],"curies":[{"name":"wp","href":"https:\/\/api.w.org\/{rel}","templated":true}]}}