{"id":3647,"date":"2022-02-02T15:29:18","date_gmt":"2022-02-02T15:29:18","guid":{"rendered":"https:\/\/shop.xn--altmhl-bogensport-52b.de\/?post_type=product&#038;p=3647"},"modified":"2022-02-02T17:46:36","modified_gmt":"2022-02-02T17:46:36","slug":"schluesselhalter-zerlegbar-metall","status":"publish","type":"product","link":"https:\/\/shop.xn--altmhl-bogensport-52b.de\/?product=schluesselhalter-zerlegbar-metall","title":{"rendered":"Haller Schl\u00fcsselhalter zerlegbar Schl\u00fcsselring Schl\u00fcsselanh\u00e4nger"},"content":{"rendered":"<p>Dieser praktische Schl\u00fcsselhalter besteht aus 2 Teilen, die ganz einfach voneinander getrennt werden k\u00f6nnen.<\/p>\n<p>Da der Schl\u00fcsselhalter vollst\u00e4ndig aus Metall besteht, ist er sehr robust.<\/p>\n<p>F\u00fcr die Bogensch\u00fctzen auch ideal f\u00fcr den Pfeilzieher oder den Pfeilputzer, mittels Ring am K\u00f6cher oder G\u00fcrtel einfach zu Befestigen.<\/p>\n","protected":false},"excerpt":{"rendered":"<p>Haller Schl\u00fcsselhalter<\/p>\n","protected":false},"featured_media":3648,"comment_status":"open","ping_status":"closed","template":"","meta":[],"product_brand":[],"product_cat":[454,28],"product_tag":[58,976,1046,1047],"class_list":{"0":"post-3647","1":"product","2":"type-product","3":"status-publish","4":"has-post-thumbnail","6":"product_cat-seitenkoecher","7":"product_cat-sonstiges","8":"product_tag-pfeilzieher","9":"product_tag-schluesselhalter","10":"product_tag-schluesselring","11":"product_tag-metall","13":"first","14":"instock","15":"taxable","16":"shipping-taxable","17":"purchasable","18":"product-type-simple"},"_links":{"self":[{"href":"https:\/\/shop.xn--altmhl-bogensport-52b.de\/index.php?rest_route=\/wp\/v2\/product\/3647","targetHints":{"allow":["GET"]}}],"collection":[{"href":"https:\/\/shop.xn--altmhl-bogensport-52b.de\/index.php?rest_route=\/wp\/v2\/product"}],"about":[{"href":"https:\/\/shop.xn--altmhl-bogensport-52b.de\/index.php?rest_route=\/wp\/v2\/types\/product"}],"replies":[{"embeddable":true,"href":"https:\/\/shop.xn--altmhl-bogensport-52b.de\/index.php?rest_route=%2Fwp%2Fv2%2Fcomments&post=3647"}],"wp:featuredmedia":[{"embeddable":true,"href":"https:\/\/shop.xn--altmhl-bogensport-52b.de\/index.php?rest_route=\/wp\/v2\/media\/3648"}],"wp:attachment":[{"href":"https:\/\/shop.xn--altmhl-bogensport-52b.de\/index.php?rest_route=%2Fwp%2Fv2%2Fmedia&parent=3647"}],"wp:term":[{"taxonomy":"product_brand","embeddable":true,"href":"https:\/\/shop.xn--altmhl-bogensport-52b.de\/index.php?rest_route=%2Fwp%2Fv2%2Fproduct_brand&post=3647"},{"taxonomy":"product_cat","embeddable":true,"href":"https:\/\/shop.xn--altmhl-bogensport-52b.de\/index.php?rest_route=%2Fwp%2Fv2%2Fproduct_cat&post=3647"},{"taxonomy":"product_tag","embeddable":true,"href":"https:\/\/shop.xn--altmhl-bogensport-52b.de\/index.php?rest_route=%2Fwp%2Fv2%2Fproduct_tag&post=3647"}],"curies":[{"name":"wp","href":"https:\/\/api.w.org\/{rel}","templated":true}]}}