{"id":3631,"date":"2022-02-01T15:59:55","date_gmt":"2022-02-01T15:59:55","guid":{"rendered":"https:\/\/shop.xn--altmhl-bogensport-52b.de\/?post_type=product&#038;p=3631"},"modified":"2025-08-20T13:10:52","modified_gmt":"2025-08-20T13:10:52","slug":"armschutz-pure-bearpaw-leder-custom-version","status":"publish","type":"product","link":"https:\/\/shop.xn--altmhl-bogensport-52b.de\/?product=armschutz-pure-bearpaw-leder-custom-version","title":{"rendered":"Armschutz Pure Bearpaw Leder Custom Version"},"content":{"rendered":"<p>Der Armschutz Pure hat uns sofort gefallen!<\/p>\n<p>Die nat\u00fcrliche Farbe des Leders wirkt dezent und schlicht. Gerade diese zur\u00fcckhaltende Optik gibt dem Armschutz etwas besonderes.<\/p>\n<p>Die elastische Befestigung l\u00e4\u00dft sich individuell einstellen und passt so f\u00fcr jeden Arm perfekt. Nat\u00fcrlich haben wir auch hier die Farben passend zur nat\u00fcrlichen Optik unseres Armschutzes abgestimmt.<\/p>\n<p><b>Ein Armschutz ganz pur und nat\u00fcrlich!!!<\/b><\/p>\n<ul>\n<li>Leder: Oberleder<\/li>\n<li>Farben: Naturfarben<\/li>\n<li>L\u00e4nge: 18,5 cm<\/li>\n<\/ul>\n<p>Hier in verschiedenen Farbgebungen,\u00a0 in der Custom Version, das helle Leder wurde eingef\u00e4rbt um eine individuelle Note zu erhalten.<\/p>\n<p>&nbsp;<\/p>\n<table class=\"table table-sm\">\n<tbody>\n<tr class=\"attr-custom\">\n<td class=\"attr-value\"><strong>Herstellername:<\/strong><br \/>\nBEARPAW GmbH<br \/>\n<strong>Anschrift:<\/strong><br \/>\nHannebach 30, 96269 Rossach<br \/>\n<strong>Herkunftsland:<\/strong><br \/>\nDeutschland<br \/>\n<strong>Webseite:<\/strong><br \/>\nhttps:\/\/www.bearpaw-products.de\/<br \/>\n<strong>Kontakt:<\/strong><br \/>\ninfo@bearpaw-products.com<br \/>\n<strong>Marke:<\/strong><br \/>\nBearpaw Products<\/td>\n<\/tr>\n<\/tbody>\n<\/table>\n<p>&nbsp;<\/p>\n","protected":false},"excerpt":{"rendered":"<p>Armschutz pure custom<\/p>\n","protected":false},"featured_media":3632,"comment_status":"open","ping_status":"closed","template":"","meta":[],"product_brand":[],"product_cat":[1504,40],"product_tag":[155,162,1043,1044,1072,30,1138,73],"class_list":{"0":"post-3631","1":"product","2":"type-product","3":"status-publish","4":"has-post-thumbnail","6":"product_cat-sommerschlussverkauf","7":"product_cat-armschutz","8":"product_tag-lederarmschutz","9":"product_tag-unterarmschutz","10":"product_tag-pure","11":"product_tag-custom","12":"product_tag-gruen","13":"product_tag-bearpaw","14":"product_tag-bordeaux","15":"product_tag-traditional","17":"first","18":"instock","19":"sale","20":"taxable","21":"shipping-taxable","22":"purchasable","23":"product-type-variable"},"_links":{"self":[{"href":"https:\/\/shop.xn--altmhl-bogensport-52b.de\/index.php?rest_route=\/wp\/v2\/product\/3631","targetHints":{"allow":["GET"]}}],"collection":[{"href":"https:\/\/shop.xn--altmhl-bogensport-52b.de\/index.php?rest_route=\/wp\/v2\/product"}],"about":[{"href":"https:\/\/shop.xn--altmhl-bogensport-52b.de\/index.php?rest_route=\/wp\/v2\/types\/product"}],"replies":[{"embeddable":true,"href":"https:\/\/shop.xn--altmhl-bogensport-52b.de\/index.php?rest_route=%2Fwp%2Fv2%2Fcomments&post=3631"}],"wp:featuredmedia":[{"embeddable":true,"href":"https:\/\/shop.xn--altmhl-bogensport-52b.de\/index.php?rest_route=\/wp\/v2\/media\/3632"}],"wp:attachment":[{"href":"https:\/\/shop.xn--altmhl-bogensport-52b.de\/index.php?rest_route=%2Fwp%2Fv2%2Fmedia&parent=3631"}],"wp:term":[{"taxonomy":"product_brand","embeddable":true,"href":"https:\/\/shop.xn--altmhl-bogensport-52b.de\/index.php?rest_route=%2Fwp%2Fv2%2Fproduct_brand&post=3631"},{"taxonomy":"product_cat","embeddable":true,"href":"https:\/\/shop.xn--altmhl-bogensport-52b.de\/index.php?rest_route=%2Fwp%2Fv2%2Fproduct_cat&post=3631"},{"taxonomy":"product_tag","embeddable":true,"href":"https:\/\/shop.xn--altmhl-bogensport-52b.de\/index.php?rest_route=%2Fwp%2Fv2%2Fproduct_tag&post=3631"}],"curies":[{"name":"wp","href":"https:\/\/api.w.org\/{rel}","templated":true}]}}