{"id":3154,"date":"2021-12-28T17:48:12","date_gmt":"2021-12-28T17:48:12","guid":{"rendered":"https:\/\/shop.xn--altmhl-bogensport-52b.de\/?post_type=product&#038;p=3154"},"modified":"2025-05-04T09:32:50","modified_gmt":"2025-05-04T09:32:50","slug":"penthalon-shadow-takedown-ilf-58","status":"publish","type":"product","link":"https:\/\/shop.xn--altmhl-bogensport-52b.de\/?product=penthalon-shadow-takedown-ilf-58","title":{"rendered":"Penthalon Shadow Takedown ILF 58&#8243;"},"content":{"rendered":"<p>Mit dem Penthalon Shadow bieten wir Euch den ersten traditionellen ILF Bogen von Bearpaw Products an. Gemeinsam mit unserem Hersteller haben wir diesen phantastischen Bogen entwickelt.<\/p>\n<p>Das ILF System (International Limb Fitting System) garantiert die M\u00f6glichkeit, Mittelteile und Wurfarme von vielen Anbietern und Herstellern miteinander zu kombinieren.<\/p>\n<p>Im Mittelteil haben wir massives Mycarta mit schwarzem Actionwood kombiniert, um eine perfekte Kombination von Sch\u00f6nheit und Funktionalit\u00e4t zu erreichen. Das Shadow Mittelteil erreicht so ein stattliches Gewicht von ca. 650 Gramm und steht sicher im Schuss! Durch dieses Gewicht l\u00e4sst sich der Shadow auch super komfortabel schie\u00dfen und hat keinerlei Handschock! Bei den Wurfarmen haben wir uns f\u00fcr eine dezente aber elegante Optik mit schwarzem Fiberglas entschieden. So k\u00f6nnen die Wurfarme perfekt mit dem Mittelteil kombiniert werden und unterstreichen das rauchig dunkle Design des Penthalon Shadow!<\/p>\n<p>Selbstverst\u00e4ndlich kann der Penthalon Shadow mit jeder handels\u00fcblichen Hochleistungssehne geschossen werden. Wir empfehlen f\u00fcr den Penthalon Shadow unsere Henry Bodnik Whisper String um seine Leistung auch perfekt realisieren zu k\u00f6nnen. Zudem ist der Bogen dann noch &#8220;fl\u00fcster-leise&#8221;!<\/p>\n<p><strong>Ein sagenhafter Bogen!<br \/>\nEin Hammer Preis!<\/strong><\/p>\n<ul>\n<li>Bogenl\u00e4nge: 58 Zoll<\/li>\n<li>Zuggewicht: 25 &#8211; 55 lbs in 5 lbs Stufen<\/li>\n<li>Mittelteil: Schwarzes Mycarta mit Padouk Akzentstreifen<\/li>\n<li>Gewicht Mittelteil: Ca. 650 g. (1030 gr.)<\/li>\n<li>Wurfarme: Ahorn mit Schwarzglas<\/li>\n<li>Tips: G10 schwarz<\/li>\n<li>Griff: Pistolengriff<\/li>\n<li>Sehne: Whisper String (oder jede andere Hochleistungssehne)<\/li>\n<li>Standh\u00f6he: 8 Zoll<\/li>\n<li>Garantie: Der Bogen ist bei Bruch und Entlaminierung f\u00fcr 2 Jahre \u00fcber die Garantie versichert.<\/li>\n<\/ul>\n<p>Abbildung kann vom Original abweichen.<\/p>\n<p>&nbsp;<\/p>\n<table class=\"table table-sm\">\n<tbody>\n<tr class=\"attr-custom\">\n<td class=\"attr-value\"><strong>Herstellername:<\/strong><br \/>\nBEARPAW GmbH<br \/>\n<strong>Anschrift:<\/strong><br \/>\nHannebach 30, 96269 Rossach<br \/>\n<strong>Herkunftsland:<\/strong><br \/>\nDeutschland<br \/>\n<strong>Webseite:<\/strong><br \/>\nhttps:\/\/www.bearpaw-products.de\/<br \/>\n<strong>Kontakt:<\/strong><br \/>\ninfo@bearpaw-products.com<br \/>\n<strong>Marke:<\/strong><br \/>\nBearpaw Products<\/td>\n<\/tr>\n<\/tbody>\n<\/table>\n","protected":false},"excerpt":{"rendered":"<p>Penthalon shadow<\/p>\n","protected":false},"featured_media":3155,"comment_status":"open","ping_status":"closed","template":"","meta":[],"product_brand":[],"product_cat":[49],"product_tag":[186,1329,187,52,89],"class_list":{"0":"post-3154","1":"product","2":"type-product","3":"status-publish","4":"has-post-thumbnail","6":"product_cat-take-down-bogen","7":"product_tag-shadow","8":"product_tag-bogen","9":"product_tag-ilf","10":"product_tag-takedown","11":"product_tag-penthalon","13":"first","14":"onbackorder","15":"taxable","16":"shipping-taxable","17":"purchasable","18":"product-type-variable"},"_links":{"self":[{"href":"https:\/\/shop.xn--altmhl-bogensport-52b.de\/index.php?rest_route=\/wp\/v2\/product\/3154","targetHints":{"allow":["GET"]}}],"collection":[{"href":"https:\/\/shop.xn--altmhl-bogensport-52b.de\/index.php?rest_route=\/wp\/v2\/product"}],"about":[{"href":"https:\/\/shop.xn--altmhl-bogensport-52b.de\/index.php?rest_route=\/wp\/v2\/types\/product"}],"replies":[{"embeddable":true,"href":"https:\/\/shop.xn--altmhl-bogensport-52b.de\/index.php?rest_route=%2Fwp%2Fv2%2Fcomments&post=3154"}],"wp:featuredmedia":[{"embeddable":true,"href":"https:\/\/shop.xn--altmhl-bogensport-52b.de\/index.php?rest_route=\/wp\/v2\/media\/3155"}],"wp:attachment":[{"href":"https:\/\/shop.xn--altmhl-bogensport-52b.de\/index.php?rest_route=%2Fwp%2Fv2%2Fmedia&parent=3154"}],"wp:term":[{"taxonomy":"product_brand","embeddable":true,"href":"https:\/\/shop.xn--altmhl-bogensport-52b.de\/index.php?rest_route=%2Fwp%2Fv2%2Fproduct_brand&post=3154"},{"taxonomy":"product_cat","embeddable":true,"href":"https:\/\/shop.xn--altmhl-bogensport-52b.de\/index.php?rest_route=%2Fwp%2Fv2%2Fproduct_cat&post=3154"},{"taxonomy":"product_tag","embeddable":true,"href":"https:\/\/shop.xn--altmhl-bogensport-52b.de\/index.php?rest_route=%2Fwp%2Fv2%2Fproduct_tag&post=3154"}],"curies":[{"name":"wp","href":"https:\/\/api.w.org\/{rel}","templated":true}]}}