{"id":3065,"date":"2021-12-27T18:40:21","date_gmt":"2021-12-27T18:40:21","guid":{"rendered":"https:\/\/shop.xn--altmhl-bogensport-52b.de\/?post_type=product&#038;p=3065"},"modified":"2025-11-07T16:11:01","modified_gmt":"2025-11-07T16:11:01","slug":"wurfmesser-2-schneidig-schwarz-mit-nylonscheide","status":"publish","type":"product","link":"https:\/\/shop.xn--altmhl-bogensport-52b.de\/?product=wurfmesser-2-schneidig-schwarz-mit-nylonscheide","title":{"rendered":"Wurfmesser, 2-schneidig, schwarz, mit NylonScheide"},"content":{"rendered":"<p>geschw\u00e4rzte, 2-schneidige Klinge<br \/>\nmit Glattschliff<br \/>\ngelochter Griff mit Fingerschutz<br \/>\nNylonscheide mit Klettverschluss<br \/>\nund G\u00fcrtelschlaufe<br \/>\nGesamtl\u00e4nge: ca. 22,5 cm<br \/>\nKlinge: ca. 12 cm<br \/>\nGewicht Messer: ca. 100 g<br \/>\nGewicht mit Scheide: ca. 120 g<\/p>\n<p><strong>ACHTUNG! &#8211; F\u00fchrverbot!<\/strong><br \/>\nDer Erwerb und Besitz von Messern ist zwar erlaubnisfrei, sie unterliegen mit einer Klingenl\u00e4nge von \u00fcber 12cm jedoch dem F\u00fchrverbot (\u00a742a Abs. 1 Nr. 3WaffG).<\/p>\n","protected":false},"excerpt":{"rendered":"<p>Wurfmesser Fox Outdoor<\/p>\n","protected":false},"featured_media":3066,"comment_status":"open","ping_status":"closed","template":"","meta":[],"product_brand":[],"product_cat":[726,600],"product_tag":[601,884,885,886,469],"class_list":{"0":"post-3065","1":"product","2":"type-product","3":"status-publish","4":"has-post-thumbnail","6":"product_cat-lagerleben","7":"product_cat-messer","8":"product_tag-messer","9":"product_tag-wurfmesser","10":"product_tag-knive","11":"product_tag-fox-outdoor","12":"product_tag-mfh","14":"first","15":"outofstock","16":"taxable","17":"shipping-taxable","18":"purchasable","19":"product-type-simple"},"_links":{"self":[{"href":"https:\/\/shop.xn--altmhl-bogensport-52b.de\/index.php?rest_route=\/wp\/v2\/product\/3065","targetHints":{"allow":["GET"]}}],"collection":[{"href":"https:\/\/shop.xn--altmhl-bogensport-52b.de\/index.php?rest_route=\/wp\/v2\/product"}],"about":[{"href":"https:\/\/shop.xn--altmhl-bogensport-52b.de\/index.php?rest_route=\/wp\/v2\/types\/product"}],"replies":[{"embeddable":true,"href":"https:\/\/shop.xn--altmhl-bogensport-52b.de\/index.php?rest_route=%2Fwp%2Fv2%2Fcomments&post=3065"}],"wp:featuredmedia":[{"embeddable":true,"href":"https:\/\/shop.xn--altmhl-bogensport-52b.de\/index.php?rest_route=\/wp\/v2\/media\/3066"}],"wp:attachment":[{"href":"https:\/\/shop.xn--altmhl-bogensport-52b.de\/index.php?rest_route=%2Fwp%2Fv2%2Fmedia&parent=3065"}],"wp:term":[{"taxonomy":"product_brand","embeddable":true,"href":"https:\/\/shop.xn--altmhl-bogensport-52b.de\/index.php?rest_route=%2Fwp%2Fv2%2Fproduct_brand&post=3065"},{"taxonomy":"product_cat","embeddable":true,"href":"https:\/\/shop.xn--altmhl-bogensport-52b.de\/index.php?rest_route=%2Fwp%2Fv2%2Fproduct_cat&post=3065"},{"taxonomy":"product_tag","embeddable":true,"href":"https:\/\/shop.xn--altmhl-bogensport-52b.de\/index.php?rest_route=%2Fwp%2Fv2%2Fproduct_tag&post=3065"}],"curies":[{"name":"wp","href":"https:\/\/api.w.org\/{rel}","templated":true}]}}