{"id":2996,"date":"2021-12-26T16:26:22","date_gmt":"2021-12-26T16:26:22","guid":{"rendered":"https:\/\/shop.xn--altmhl-bogensport-52b.de\/?post_type=product&#038;p=2996"},"modified":"2024-06-25T08:16:59","modified_gmt":"2024-06-25T08:16:59","slug":"core-hit-holz-griffstueck-20-24-rh-lh","status":"publish","type":"product","link":"https:\/\/shop.xn--altmhl-bogensport-52b.de\/?product=core-hit-holz-griffstueck-20-24-rh-lh","title":{"rendered":"CORE Hit Holz Griffst\u00fcck 20&#8243; + 24&#8243; RH + LH"},"content":{"rendered":"<p>Der CORE HIT\u00a0 erlaubt dem Sch\u00fctzen wahlweise mit Pfeilauflage oder im traditionellen Stil mit einer Shelfauflage zu schie\u00dfen.<\/p>\n<p>Der Griff tr\u00e4gt zur Fehlervermeidung bei, da er die richtige Positionierung der Hand erleichtert.<\/p>\n<p>Das Mittelst\u00fcck ist mit allen n\u00f6tigen Bushings ( Gewindest\u00fccken )\u00a0 ausgestattet, um Visier, Stabilisatoren und Button anzubringen.<\/p>\n<p>Das Griffst\u00fcck ist in 2 Gr\u00f6\u00dfen erh\u00e4ltlich, mit dem kleinen Griffst\u00fcck von 20&#8243; erh\u00e4lt man eine Bogengr\u00f6\u00dfe von 62&#8243; oder 64&#8243; je nach Wurfarmen.\u00a0 Das Gro\u00dfe Grifft\u00fcck von 24&#8243; erm\u00f6glicht Bogengr\u00f6\u00dfen von 66&#8243;, 68&#8243; und 70&#8243; .<\/p>\n<p>Wurfarme werden mit dem Griffst\u00fcck verschraubt.<\/p>\n<p>Als RH und LH Modell verf\u00fcgbar.<\/p>\n<p>&nbsp;<\/p>\n","protected":false},"excerpt":{"rendered":"<p>Der CORE HIT\u00a0 erlaubt dem Sch\u00fctzen wahlweise mit Pfeilauflage oder im traditionellen Stil mit einer Shelfauflage zu schie\u00dfen. Der Griff tr\u00e4gt zur Fehlervermeidung bei, da er die richtige Positionierung der Hand erleichtert. Das Mittelst\u00fcck ist mit allen n\u00f6tigen Bushings ( Gewindest\u00fccken )\u00a0 ausgestattet, um Visier, Stabilisatoren und Button anzubringen. Das Griffst\u00fcck ist in 2 Gr\u00f6\u00dfen [&hellip;]<\/p>\n","protected":false},"featured_media":2998,"comment_status":"open","ping_status":"closed","template":"","meta":[],"product_brand":[],"product_cat":[183],"product_tag":[861,862,185,721,855],"class_list":{"0":"post-2996","1":"product","2":"type-product","3":"status-publish","4":"has-post-thumbnail","6":"product_cat-mittelteil","7":"product_tag-hit","8":"product_tag-mittelstueck","9":"product_tag-griffstueck","10":"product_tag-holzgriff","11":"product_tag-core","13":"first","14":"instock","15":"taxable","16":"shipping-taxable","17":"purchasable","18":"product-type-variable"},"_links":{"self":[{"href":"https:\/\/shop.xn--altmhl-bogensport-52b.de\/index.php?rest_route=\/wp\/v2\/product\/2996","targetHints":{"allow":["GET"]}}],"collection":[{"href":"https:\/\/shop.xn--altmhl-bogensport-52b.de\/index.php?rest_route=\/wp\/v2\/product"}],"about":[{"href":"https:\/\/shop.xn--altmhl-bogensport-52b.de\/index.php?rest_route=\/wp\/v2\/types\/product"}],"replies":[{"embeddable":true,"href":"https:\/\/shop.xn--altmhl-bogensport-52b.de\/index.php?rest_route=%2Fwp%2Fv2%2Fcomments&post=2996"}],"wp:featuredmedia":[{"embeddable":true,"href":"https:\/\/shop.xn--altmhl-bogensport-52b.de\/index.php?rest_route=\/wp\/v2\/media\/2998"}],"wp:attachment":[{"href":"https:\/\/shop.xn--altmhl-bogensport-52b.de\/index.php?rest_route=%2Fwp%2Fv2%2Fmedia&parent=2996"}],"wp:term":[{"taxonomy":"product_brand","embeddable":true,"href":"https:\/\/shop.xn--altmhl-bogensport-52b.de\/index.php?rest_route=%2Fwp%2Fv2%2Fproduct_brand&post=2996"},{"taxonomy":"product_cat","embeddable":true,"href":"https:\/\/shop.xn--altmhl-bogensport-52b.de\/index.php?rest_route=%2Fwp%2Fv2%2Fproduct_cat&post=2996"},{"taxonomy":"product_tag","embeddable":true,"href":"https:\/\/shop.xn--altmhl-bogensport-52b.de\/index.php?rest_route=%2Fwp%2Fv2%2Fproduct_tag&post=2996"}],"curies":[{"name":"wp","href":"https:\/\/api.w.org\/{rel}","templated":true}]}}