{"id":2609,"date":"2021-12-17T18:36:11","date_gmt":"2021-12-17T18:36:11","guid":{"rendered":"https:\/\/shop.xn--altmhl-bogensport-52b.de\/?post_type=product&#038;p=2609"},"modified":"2025-01-08T18:20:28","modified_gmt":"2025-01-08T18:20:28","slug":"winter-archery-gloves-pair","status":"publish","type":"product","link":"https:\/\/shop.xn--altmhl-bogensport-52b.de\/?product=winter-archery-gloves-pair","title":{"rendered":"Winter Archery Gloves (Pair)"},"content":{"rendered":"<p>Gerade in der kalten Jahreszeit ist es wichtig den richtigen Schie\u00dfhandschuh zu benutzen! Wir haben unsere Winterhandschuhe aus weichem und w\u00e4rmendem Fleece Material hergestellt, um die H\u00e4nde optimal gegen K\u00e4lte zu sch\u00fctzen. Zudem sind unsere Winterhandschuhe an den Fingerspitzen mit Rinderleder belegt, um in diesem Bereich ein optimales Gef\u00fchl f\u00fcr den Schuss und die Sehne zu erm\u00f6glichen. Das in der Handfl\u00e4che eingearbeitete Lederteil l\u00e4sst den Bogen sicher in der Bogenhand sitzen, damit der Schussablauf nicht gest\u00f6rt wird.<\/p>\n<p>&nbsp;<\/p>\n<p><b>Der perfekte Handschuh f\u00fcr die kalte Jahreszeit!<\/b><\/p>\n<ul>\n<li>Gr\u00f6\u00dfen: XXS, XS, S, M, L, XL, XXL<br \/>\nBedingt durch das Material fallen die Handschuhe gr\u00f6\u00dfer aus als unsere Lederhandschuhe. Deshalb empfehlen wir eine Nummer kleiner.<\/li>\n<li>Material Handschuh: Warmes Winter Fleece<\/li>\n<li>Material Tips: Rinderleder<\/li>\n<li>Lieferumfang: Ein Paar Handschuhe<\/li>\n<\/ul>\n<table class=\"table table-sm\">\n<tbody>\n<tr class=\"attr-custom\">\n<td class=\"attr-value\"><strong>Herstellername:<\/strong><br \/>\nBEARPAW GmbH<br \/>\n<strong>Anschrift:<\/strong><br \/>\nHannebach 30, 96269 Rossach<br \/>\n<strong>Herkunftsland:<\/strong><br \/>\nDeutschland<br \/>\n<strong>Webseite:<\/strong><br \/>\nhttps:\/\/www.bearpaw-products.de\/<br \/>\n<strong>Kontakt:<\/strong><br \/>\ninfo@bearpaw-products.com<br \/>\n<strong>Marke:<\/strong><br \/>\nBearpaw Products<\/td>\n<\/tr>\n<\/tbody>\n<\/table>\n","protected":false},"excerpt":{"rendered":"<p>Winterhandschuhe Bearpaw<\/p>\n","protected":false},"featured_media":2610,"comment_status":"open","ping_status":"closed","template":"","meta":[],"product_brand":[],"product_cat":[100,163],"product_tag":[770,30,771],"class_list":{"0":"post-2609","1":"product","2":"type-product","3":"status-publish","4":"has-post-thumbnail","6":"product_cat-handschuhe","7":"product_cat-sale","8":"product_tag-winterhandschuhe","9":"product_tag-bearpaw","10":"product_tag-winter-glove","12":"first","13":"instock","14":"sale","15":"taxable","16":"shipping-taxable","17":"purchasable","18":"product-type-variable"},"_links":{"self":[{"href":"https:\/\/shop.xn--altmhl-bogensport-52b.de\/index.php?rest_route=\/wp\/v2\/product\/2609","targetHints":{"allow":["GET"]}}],"collection":[{"href":"https:\/\/shop.xn--altmhl-bogensport-52b.de\/index.php?rest_route=\/wp\/v2\/product"}],"about":[{"href":"https:\/\/shop.xn--altmhl-bogensport-52b.de\/index.php?rest_route=\/wp\/v2\/types\/product"}],"replies":[{"embeddable":true,"href":"https:\/\/shop.xn--altmhl-bogensport-52b.de\/index.php?rest_route=%2Fwp%2Fv2%2Fcomments&post=2609"}],"wp:featuredmedia":[{"embeddable":true,"href":"https:\/\/shop.xn--altmhl-bogensport-52b.de\/index.php?rest_route=\/wp\/v2\/media\/2610"}],"wp:attachment":[{"href":"https:\/\/shop.xn--altmhl-bogensport-52b.de\/index.php?rest_route=%2Fwp%2Fv2%2Fmedia&parent=2609"}],"wp:term":[{"taxonomy":"product_brand","embeddable":true,"href":"https:\/\/shop.xn--altmhl-bogensport-52b.de\/index.php?rest_route=%2Fwp%2Fv2%2Fproduct_brand&post=2609"},{"taxonomy":"product_cat","embeddable":true,"href":"https:\/\/shop.xn--altmhl-bogensport-52b.de\/index.php?rest_route=%2Fwp%2Fv2%2Fproduct_cat&post=2609"},{"taxonomy":"product_tag","embeddable":true,"href":"https:\/\/shop.xn--altmhl-bogensport-52b.de\/index.php?rest_route=%2Fwp%2Fv2%2Fproduct_tag&post=2609"}],"curies":[{"name":"wp","href":"https:\/\/api.w.org\/{rel}","templated":true}]}}