{"id":26,"date":"2019-09-18T17:06:55","date_gmt":"2019-09-18T17:06:55","guid":{"rendered":"http:\/\/shop.xn--altmhl-bogensport-52b.de\/?post_type=product&#038;p=26"},"modified":"2025-06-30T13:07:41","modified_gmt":"2025-06-30T13:07:41","slug":"checker-sehnenmassstab-cartel","status":"publish","type":"product","link":"https:\/\/shop.xn--altmhl-bogensport-52b.de\/?product=checker-sehnenmassstab-cartel","title":{"rendered":"Checker, Sehnenma\u00dfstab CARTEL"},"content":{"rendered":"<p>Dieses Me\u00df- und Kontrollger\u00e4t ist unentbehrlich und praktisch ein Muss f\u00fcr alle Bogensch\u00fctzen. Mit Hilfe des Sehnenma\u00dfstabs ermitteln Sie nicht nur den Abstand der Sehne zum Bogen ( Standh\u00f6he ), sondern k\u00f6nnen ebenso den korrekten Sitz der Nockpunkte \u00fcberpr\u00fcfen bzw. diese korrekt auf der Sehne montieren.<\/p>\n<p>Der Checker verf\u00fcgt beidseitig \u00fcber\u00a0Skalen: eine Seite in Zoll, die andere in Zentimeter.<\/p>\n<p>Material: Aluminium<\/p>\n<p>Farbe: variiert ( nicht w\u00e4hlbar )<\/p>\n","protected":false},"excerpt":{"rendered":"<p>Checker zum setzen des Nockpunktes<\/p>\n","protected":false},"featured_media":27,"comment_status":"open","ping_status":"closed","template":"","meta":[],"product_brand":[],"product_cat":[29,192],"product_tag":[22,23,213,21],"class_list":{"0":"post-26","1":"product","2":"type-product","3":"status-publish","4":"has-post-thumbnail","6":"product_cat-sehnenbau","7":"product_cat-werkzeug","8":"product_tag-standhoehe","9":"product_tag-massstab","10":"product_tag-cartel","11":"product_tag-checker","13":"first","14":"instock","15":"taxable","16":"shipping-taxable","17":"purchasable","18":"product-type-simple"},"_links":{"self":[{"href":"https:\/\/shop.xn--altmhl-bogensport-52b.de\/index.php?rest_route=\/wp\/v2\/product\/26","targetHints":{"allow":["GET"]}}],"collection":[{"href":"https:\/\/shop.xn--altmhl-bogensport-52b.de\/index.php?rest_route=\/wp\/v2\/product"}],"about":[{"href":"https:\/\/shop.xn--altmhl-bogensport-52b.de\/index.php?rest_route=\/wp\/v2\/types\/product"}],"replies":[{"embeddable":true,"href":"https:\/\/shop.xn--altmhl-bogensport-52b.de\/index.php?rest_route=%2Fwp%2Fv2%2Fcomments&post=26"}],"wp:featuredmedia":[{"embeddable":true,"href":"https:\/\/shop.xn--altmhl-bogensport-52b.de\/index.php?rest_route=\/wp\/v2\/media\/27"}],"wp:attachment":[{"href":"https:\/\/shop.xn--altmhl-bogensport-52b.de\/index.php?rest_route=%2Fwp%2Fv2%2Fmedia&parent=26"}],"wp:term":[{"taxonomy":"product_brand","embeddable":true,"href":"https:\/\/shop.xn--altmhl-bogensport-52b.de\/index.php?rest_route=%2Fwp%2Fv2%2Fproduct_brand&post=26"},{"taxonomy":"product_cat","embeddable":true,"href":"https:\/\/shop.xn--altmhl-bogensport-52b.de\/index.php?rest_route=%2Fwp%2Fv2%2Fproduct_cat&post=26"},{"taxonomy":"product_tag","embeddable":true,"href":"https:\/\/shop.xn--altmhl-bogensport-52b.de\/index.php?rest_route=%2Fwp%2Fv2%2Fproduct_tag&post=26"}],"curies":[{"name":"wp","href":"https:\/\/api.w.org\/{rel}","templated":true}]}}