{"id":2432,"date":"2021-12-12T15:48:42","date_gmt":"2021-12-12T15:48:42","guid":{"rendered":"https:\/\/shop.xn--altmhl-bogensport-52b.de\/?post_type=product&#038;p=2432"},"modified":"2024-03-06T15:21:32","modified_gmt":"2024-03-06T15:21:32","slug":"franziska-fraenkische-wurfaxt-wikinger","status":"publish","type":"product","link":"https:\/\/shop.xn--altmhl-bogensport-52b.de\/?product=franziska-fraenkische-wurfaxt-wikinger","title":{"rendered":"Franziska, fr\u00e4nkische Wurfaxt, Wikinger"},"content":{"rendered":"<div class=\"content--title\">Produktinformationen &#8220;Franziska, fr\u00e4nkische Wurfaxt&#8221;<\/div>\n<div class=\"product--description\">\n<p><strong>Franziska, Fr\u00e4nkische Wurfaxt<\/strong><\/p>\n<p>Nachbildung einer merowingerzeitlichen Wurfaxt mit handgeschmiedetem\u00a0Axtblatt\u00a0aus Stahl.<\/p>\n<p>Vorl\u00e4ufer der Franziska fanden bereits in der sp\u00e4tr\u00f6mischen Armee Verwendung. Es gibt unz\u00e4hlige Funde aus den alemannischen Siedlungsgebieten, aus dem S\u00fcden Englands und \u00fcberwiegend im Frankenreich der Merowinger.<\/p>\n<p>Die Schneide ist bereits gesch\u00e4rft. Das Axtblatt ist solide geschmiedet. Jedoch k\u00f6nnen wir f\u00fcr den Schaft keine Gew\u00e4hr \u00fcbernehmen. Wir empfehlen das Aufstielen auf einen Eschenholzschaft, zu finden in jedem Baumarkt.<\/p>\n<p>Details:<br \/>\n&#8211; Material: Karbonstahl<br \/>\n&#8211; Blattl\u00e4nge: ca. 18 cm<br \/>\n&#8211; Gesamtl\u00e4nge (Schaftl\u00e4nge): ca. 45 cm<br \/>\n&#8211; Gewicht: ca. 800 g<br \/>\nBitte beachte:<br \/>\nDer Verkauf dieses Artikels erfolgt nur an Personen \u00fcber 18 Jahre. Bitte gib deshalb Dein Geburtsdatum in unserem Bestellformular an. Zus\u00e4tzlich ben\u00f6tigen wir eine Kopie Deines Personalausweises, F\u00fchrerscheins o.\u00e4. per E-Mail, Scan, Fax oder Post.<\/p>\n<\/div>\n","protected":false},"excerpt":{"rendered":"<p>Franziska Wurfaxt<\/p>\n","protected":false},"featured_media":2433,"comment_status":"open","ping_status":"closed","template":"","meta":[],"product_brand":[],"product_cat":[536,726],"product_tag":[731,538,727,729],"class_list":{"0":"post-2432","1":"product","2":"type-product","3":"status-publish","4":"has-post-thumbnail","6":"product_cat-beil-axt","7":"product_cat-lagerleben","8":"product_tag-franziska","9":"product_tag-axt","10":"product_tag-wurfaxt","11":"product_tag-lagerleben","13":"first","14":"outofstock","15":"taxable","16":"shipping-taxable","17":"purchasable","18":"product-type-simple"},"_links":{"self":[{"href":"https:\/\/shop.xn--altmhl-bogensport-52b.de\/index.php?rest_route=\/wp\/v2\/product\/2432","targetHints":{"allow":["GET"]}}],"collection":[{"href":"https:\/\/shop.xn--altmhl-bogensport-52b.de\/index.php?rest_route=\/wp\/v2\/product"}],"about":[{"href":"https:\/\/shop.xn--altmhl-bogensport-52b.de\/index.php?rest_route=\/wp\/v2\/types\/product"}],"replies":[{"embeddable":true,"href":"https:\/\/shop.xn--altmhl-bogensport-52b.de\/index.php?rest_route=%2Fwp%2Fv2%2Fcomments&post=2432"}],"wp:featuredmedia":[{"embeddable":true,"href":"https:\/\/shop.xn--altmhl-bogensport-52b.de\/index.php?rest_route=\/wp\/v2\/media\/2433"}],"wp:attachment":[{"href":"https:\/\/shop.xn--altmhl-bogensport-52b.de\/index.php?rest_route=%2Fwp%2Fv2%2Fmedia&parent=2432"}],"wp:term":[{"taxonomy":"product_brand","embeddable":true,"href":"https:\/\/shop.xn--altmhl-bogensport-52b.de\/index.php?rest_route=%2Fwp%2Fv2%2Fproduct_brand&post=2432"},{"taxonomy":"product_cat","embeddable":true,"href":"https:\/\/shop.xn--altmhl-bogensport-52b.de\/index.php?rest_route=%2Fwp%2Fv2%2Fproduct_cat&post=2432"},{"taxonomy":"product_tag","embeddable":true,"href":"https:\/\/shop.xn--altmhl-bogensport-52b.de\/index.php?rest_route=%2Fwp%2Fv2%2Fproduct_tag&post=2432"}],"curies":[{"name":"wp","href":"https:\/\/api.w.org\/{rel}","templated":true}]}}