{"id":2245,"date":"2021-12-08T19:20:49","date_gmt":"2021-12-08T19:20:49","guid":{"rendered":"https:\/\/shop.xn--altmhl-bogensport-52b.de\/?post_type=product&#038;p=2245"},"modified":"2021-12-08T19:22:31","modified_gmt":"2021-12-08T19:22:31","slug":"3d-tier-longlife-wutz","status":"publish","type":"product","link":"https:\/\/shop.xn--altmhl-bogensport-52b.de\/?product=3d-tier-longlife-wutz","title":{"rendered":"3D Tier LongLife Wutz"},"content":{"rendered":"<p>Das Wutz treibt sein Unwesen! Nach einer Vorlage des Comic Zeichners Heinz K\u00f6rner hat Christian Simeoni zusammen mit LongLife dieses au\u00dfergew\u00f6hnliche 3 D Ziel realisiert. Das Wutz ist im Sigi Sagitarius Comic eine gesetzte Gr\u00f6\u00dfe und wohlbekannt. Unser Spezialschaum, der Standard bei allen 3 D Tieren von Longlife ist, erh\u00f6ht die Lebensdauer wesentlich. Alle 3 D Tiere von Longlife werden in Deutschland hergestellt.<\/p>\n<ul>\n<li>L\u00e4nge: 75 cm<\/li>\n<li>H\u00f6he: 45 cm<\/li>\n<li>Gewicht: ca. 3,8 kg<\/li>\n<li>Qualit\u00e4t:\u00a0<b>Made in Germany<\/b><b>Eigenschaften:<\/b><\/li>\n<li>stoppt jeden Pfeil<\/li>\n<li>leichtes Ziehen der Pfeile<\/li>\n<li>Material UV-resistent<\/li>\n<li>Material witterungsbest\u00e4ndig<\/li>\n<li>Schaum selbstschlie\u00dfend \u201eLonglife self healing effect\u201c<\/li>\n<li>besonders naturgetreue Optik<\/li>\n<\/ul>\n","protected":false},"excerpt":{"rendered":"<p>Longlife Wutz<\/p>\n","protected":false},"featured_media":2246,"comment_status":"open","ping_status":"closed","template":"","meta":[],"product_brand":[],"product_cat":[172],"product_tag":[175,177,524,676],"class_list":{"0":"post-2245","1":"product","2":"type-product","3":"status-publish","4":"has-post-thumbnail","6":"product_cat-longlife","7":"product_tag-longlife","8":"product_tag-3d-ziel","9":"product_tag-wildschwein","10":"product_tag-wutz","12":"first","13":"onbackorder","14":"taxable","15":"shipping-taxable","16":"purchasable","17":"product-type-simple"},"_links":{"self":[{"href":"https:\/\/shop.xn--altmhl-bogensport-52b.de\/index.php?rest_route=\/wp\/v2\/product\/2245","targetHints":{"allow":["GET"]}}],"collection":[{"href":"https:\/\/shop.xn--altmhl-bogensport-52b.de\/index.php?rest_route=\/wp\/v2\/product"}],"about":[{"href":"https:\/\/shop.xn--altmhl-bogensport-52b.de\/index.php?rest_route=\/wp\/v2\/types\/product"}],"replies":[{"embeddable":true,"href":"https:\/\/shop.xn--altmhl-bogensport-52b.de\/index.php?rest_route=%2Fwp%2Fv2%2Fcomments&post=2245"}],"wp:featuredmedia":[{"embeddable":true,"href":"https:\/\/shop.xn--altmhl-bogensport-52b.de\/index.php?rest_route=\/wp\/v2\/media\/2246"}],"wp:attachment":[{"href":"https:\/\/shop.xn--altmhl-bogensport-52b.de\/index.php?rest_route=%2Fwp%2Fv2%2Fmedia&parent=2245"}],"wp:term":[{"taxonomy":"product_brand","embeddable":true,"href":"https:\/\/shop.xn--altmhl-bogensport-52b.de\/index.php?rest_route=%2Fwp%2Fv2%2Fproduct_brand&post=2245"},{"taxonomy":"product_cat","embeddable":true,"href":"https:\/\/shop.xn--altmhl-bogensport-52b.de\/index.php?rest_route=%2Fwp%2Fv2%2Fproduct_cat&post=2245"},{"taxonomy":"product_tag","embeddable":true,"href":"https:\/\/shop.xn--altmhl-bogensport-52b.de\/index.php?rest_route=%2Fwp%2Fv2%2Fproduct_tag&post=2245"}],"curies":[{"name":"wp","href":"https:\/\/api.w.org\/{rel}","templated":true}]}}