{"id":1898,"date":"2021-09-18T11:11:43","date_gmt":"2021-09-18T11:11:43","guid":{"rendered":"https:\/\/shop.xn--altmhl-bogensport-52b.de\/?post_type=product&#038;p=1898"},"modified":"2021-09-18T11:11:43","modified_gmt":"2021-09-18T11:11:43","slug":"militaer-erste-hilfe-set-leina-pro-army-first-aid-medikit-43-tlg","status":"publish","type":"product","link":"https:\/\/shop.xn--altmhl-bogensport-52b.de\/?product=militaer-erste-hilfe-set-leina-pro-army-first-aid-medikit-43-tlg","title":{"rendered":"MILIT\u00c4R ERSTE HILFE SET LEINA PRO ARMY FIRST AID MEDIKIT 43-TLG."},"content":{"rendered":"<p><strong>Erste Hilfe Set \/ First Aid Medikit mit Tasche<\/strong><\/p>\n<p>&nbsp;<\/p>\n<p><strong><u>allgemeine Informationen<\/u><\/strong><\/p>\n<p>Die handlichen Erste Hilfe Sets mit ausreichender oder optimaler Notversorgung als Inhalt. Hergestellt in Deutschland (Made in Germany) bekommen Sie hier nat\u00fcrlich gepr\u00fcfte und gute Qualit\u00e4t des Inhalts, das unter anderem eine Rettungsdecke, Dreieckst\u00fccher, Verbandsschere, Verbandstuch, Pflaster, Handschuhe und vieles mehr beinhaltet. Damit Sie in jeder Lebenslage gut vorbereitet und ausger\u00fcstet sind, sollte dieses Set bei keiner Outdoor- und Survival-Tour mehr fehlen. Die Sets beinhalten alles was Sie zum \u00dcberleben, Camping, Outdoor und Retten von anderen Personen ben\u00f6tigen.\u00a0 Die Taschen besitzen ein Molle-System und sind somit auch an vielen Ausr\u00fcstungsgegenst\u00e4nden zu befestigen. Eine Tasche &#8211; alles drin!<\/p>\n<p><strong>&#8211; Inhalt Erste Hilfe Set gro\u00df 43-tlg. &#8211;<\/strong><\/p>\n<ul>\n<li>43-teiliges First Aid Set mit optimaler Erste-Hilfe Versorgung<\/li>\n<li>Made in Germany<\/li>\n<li>wasserabweisende Tasche mit Molle-System, G\u00fcrtelschlaufen und Klettfl\u00e4che mit Sanit\u00e4tskreuz<\/li>\n<li>Ma\u00dfe der Tasche ca. 18,0 x 23,0 x 8,0 cm (BxHxT)<\/li>\n<li>1x steriles Verbandsp\u00e4ckchen klein 6 x 8 cm<\/li>\n<li>2x sterile Verbandsp\u00e4ckchen mittel 8 x 10 cm<\/li>\n<li>1x steriles Verbandsp\u00e4ckchen gro\u00df 10 x 12 cm<\/li>\n<li>1x steriles Verbandstuch 40 x 60 cm<\/li>\n<li>1x steriles Verbandstuch 60 x 80 cm<\/li>\n<li>6x sterile Wundkompressen 10 x 10 cm<\/li>\n<li>2x Hautreinigungst\u00fccher<\/li>\n<li>1x Heftpflaster 5 m x 2,5 cm<\/li>\n<li>Pflasterset: (4x Wundschnellverband 10 x 6 cm, 2x Fingerkuppenverband, 2x Fingerverband 12 x 2 cm, 2x Pflasterstrips 1,9 x 7,2 cm, 4x Pflasterstrips 2,5 x 7,2 cm)<\/li>\n<li>2x Fixierbinden 6 cm<\/li>\n<li>3x Fixierbinden 8 cm<\/li>\n<li>1x Rettungsdecke silber\/gold 160 x 210 cm<\/li>\n<li>2x Dreieckt\u00fccher 136 x 96 x 96 cm<\/li>\n<li>1x Verbandsschere<\/li>\n<li>2 Paar Erste Hilfe Handschuhe<\/li>\n<li>1x Erste Hilfe Anleitung<\/li>\n<\/ul>\n","protected":false},"excerpt":{"rendered":"<p>First Aid Kit Molle large<\/p>\n","protected":false},"featured_media":1903,"comment_status":"open","ping_status":"closed","template":"","meta":[],"product_brand":[],"product_cat":[546,548],"product_tag":[557,581,582,541],"class_list":{"0":"post-1898","1":"product","2":"type-product","3":"status-publish","4":"has-post-thumbnail","6":"product_cat-survival","7":"product_cat-outdoor-artikel","8":"product_tag-erste-hilfe","9":"product_tag-molle-tasche","10":"product_tag-first-aid-kit","11":"product_tag-survival","13":"first","14":"instock","15":"taxable","16":"shipping-taxable","17":"purchasable","18":"product-type-variable"},"_links":{"self":[{"href":"https:\/\/shop.xn--altmhl-bogensport-52b.de\/index.php?rest_route=\/wp\/v2\/product\/1898","targetHints":{"allow":["GET"]}}],"collection":[{"href":"https:\/\/shop.xn--altmhl-bogensport-52b.de\/index.php?rest_route=\/wp\/v2\/product"}],"about":[{"href":"https:\/\/shop.xn--altmhl-bogensport-52b.de\/index.php?rest_route=\/wp\/v2\/types\/product"}],"replies":[{"embeddable":true,"href":"https:\/\/shop.xn--altmhl-bogensport-52b.de\/index.php?rest_route=%2Fwp%2Fv2%2Fcomments&post=1898"}],"wp:featuredmedia":[{"embeddable":true,"href":"https:\/\/shop.xn--altmhl-bogensport-52b.de\/index.php?rest_route=\/wp\/v2\/media\/1903"}],"wp:attachment":[{"href":"https:\/\/shop.xn--altmhl-bogensport-52b.de\/index.php?rest_route=%2Fwp%2Fv2%2Fmedia&parent=1898"}],"wp:term":[{"taxonomy":"product_brand","embeddable":true,"href":"https:\/\/shop.xn--altmhl-bogensport-52b.de\/index.php?rest_route=%2Fwp%2Fv2%2Fproduct_brand&post=1898"},{"taxonomy":"product_cat","embeddable":true,"href":"https:\/\/shop.xn--altmhl-bogensport-52b.de\/index.php?rest_route=%2Fwp%2Fv2%2Fproduct_cat&post=1898"},{"taxonomy":"product_tag","embeddable":true,"href":"https:\/\/shop.xn--altmhl-bogensport-52b.de\/index.php?rest_route=%2Fwp%2Fv2%2Fproduct_tag&post=1898"}],"curies":[{"name":"wp","href":"https:\/\/api.w.org\/{rel}","templated":true}]}}