{"id":1831,"date":"2021-09-13T18:03:22","date_gmt":"2021-09-13T18:03:22","guid":{"rendered":"https:\/\/shop.xn--altmhl-bogensport-52b.de\/?post_type=product&#038;p=1831"},"modified":"2026-01-27T18:36:35","modified_gmt":"2026-01-27T18:36:35","slug":"rettungsdecke-silber-und-goldfarben-beschichtet","status":"publish","type":"product","link":"https:\/\/shop.xn--altmhl-bogensport-52b.de\/?product=rettungsdecke-silber-und-goldfarben-beschichtet","title":{"rendered":"Rettungsdecke, silber- und goldfarben beschichtet"},"content":{"rendered":"<p>Sollte in Jedem Rucksack, Kfz, Wandertasche vorr\u00e4tig sein.<\/p>\n<p>Sch\u00fctzt vor K\u00e4lte, N\u00e4sse, Wind und Hitze<br \/>\nauch als Schlafsackunterlage geeignet<br \/>\nSchutz gegen K\u00e4lte: Silberseite nach innen<br \/>\nSchutz gegen Hitze: Silberseite nach au\u00dfen<br \/>\nMa\u00dfe: ca. 213 x 132 cm<br \/>\nGewicht: ca. 50 g<\/p>\n<p>&nbsp;<\/p>\n<p><strong>Herstellername:<\/strong><br \/>\nMax Fuchs AG<br \/>\n<strong>Anschrift:<\/strong><br \/>\nIndustriestrasse 1, 94078 Freyung<br \/>\n<strong>Herkunftsland:<\/strong><br \/>\nDeutschland<br \/>\n<strong>Webseite:<\/strong><br \/>\nhttps:\/\/max-fuchs.de\/<br \/>\n<strong>Kontakt:<\/strong><br \/>\ninfo@max-fuchs.de<br \/>\n<strong>Marke:<\/strong><br \/>\nMFH<\/p>\n","protected":false},"excerpt":{"rendered":"<p>Sollte in Jedem Rucksack, Kfz, Wandertasche vorr\u00e4tig sein. Sch\u00fctzt vor K\u00e4lte, N\u00e4sse, Wind und Hitze auch als Schlafsackunterlage geeignet Schutz gegen K\u00e4lte: Silberseite nach innen Schutz gegen Hitze: Silberseite nach au\u00dfen Ma\u00dfe: ca. 213 x 132 cm Gewicht: ca. 50 g &nbsp; Herstellername: Max Fuchs AG Anschrift: Industriestrasse 1, 94078 Freyung Herkunftsland: Deutschland Webseite: https:\/\/max-fuchs.de\/ [&hellip;]<\/p>\n","protected":false},"featured_media":1833,"comment_status":"open","ping_status":"closed","template":"","meta":[],"product_brand":[],"product_cat":[1536,546,548],"product_tag":[554,555,556,557,541],"class_list":{"0":"post-1831","1":"product","2":"type-product","3":"status-publish","4":"has-post-thumbnail","6":"product_cat-erste-hilfe","7":"product_cat-survival","8":"product_cat-outdoor-artikel","9":"product_tag-rettungsdecke","10":"product_tag-notfall","11":"product_tag-ueberleben","12":"product_tag-erste-hilfe","13":"product_tag-survival","15":"first","16":"instock","17":"taxable","18":"shipping-taxable","19":"purchasable","20":"product-type-simple"},"_links":{"self":[{"href":"https:\/\/shop.xn--altmhl-bogensport-52b.de\/index.php?rest_route=\/wp\/v2\/product\/1831","targetHints":{"allow":["GET"]}}],"collection":[{"href":"https:\/\/shop.xn--altmhl-bogensport-52b.de\/index.php?rest_route=\/wp\/v2\/product"}],"about":[{"href":"https:\/\/shop.xn--altmhl-bogensport-52b.de\/index.php?rest_route=\/wp\/v2\/types\/product"}],"replies":[{"embeddable":true,"href":"https:\/\/shop.xn--altmhl-bogensport-52b.de\/index.php?rest_route=%2Fwp%2Fv2%2Fcomments&post=1831"}],"wp:featuredmedia":[{"embeddable":true,"href":"https:\/\/shop.xn--altmhl-bogensport-52b.de\/index.php?rest_route=\/wp\/v2\/media\/1833"}],"wp:attachment":[{"href":"https:\/\/shop.xn--altmhl-bogensport-52b.de\/index.php?rest_route=%2Fwp%2Fv2%2Fmedia&parent=1831"}],"wp:term":[{"taxonomy":"product_brand","embeddable":true,"href":"https:\/\/shop.xn--altmhl-bogensport-52b.de\/index.php?rest_route=%2Fwp%2Fv2%2Fproduct_brand&post=1831"},{"taxonomy":"product_cat","embeddable":true,"href":"https:\/\/shop.xn--altmhl-bogensport-52b.de\/index.php?rest_route=%2Fwp%2Fv2%2Fproduct_cat&post=1831"},{"taxonomy":"product_tag","embeddable":true,"href":"https:\/\/shop.xn--altmhl-bogensport-52b.de\/index.php?rest_route=%2Fwp%2Fv2%2Fproduct_tag&post=1831"}],"curies":[{"name":"wp","href":"https:\/\/api.w.org\/{rel}","templated":true}]}}