{"id":1791,"date":"2021-09-11T08:56:55","date_gmt":"2021-09-11T08:56:55","guid":{"rendered":"https:\/\/shop.xn--altmhl-bogensport-52b.de\/?post_type=product&#038;p=1791"},"modified":"2025-01-11T11:53:24","modified_gmt":"2025-01-11T11:53:24","slug":"penthalon-slim-line-black-carbonschaft","status":"publish","type":"product","link":"https:\/\/shop.xn--altmhl-bogensport-52b.de\/?product=penthalon-slim-line-black-carbonschaft","title":{"rendered":"Penthalon Slim Line black Carbonschaft"},"content":{"rendered":"<p>Die neue Generation der Penthalon Slim Line Pfeile \u00fcberzeugt durch Qualit\u00e4t und Pr\u00e4zision. Der d\u00fcnne Pfeil begeistert durch seine flachen und pr\u00e4zisen Pfeilflug. D\u00fcnne Pfeile stabilisieren sich deutlich schneller und verlieren so weniger Energie in der Stabilisierungsphase. Die dicke Wandung unserer Slim Line Carbonsch\u00e4fte sorgt f\u00fcr das notwendige Pfeilgewicht und die Widerstandsf\u00e4higkeit dieser tollen Carbonsch\u00e4fte.<\/p>\n<p>Das klassische schwarze Carbondesign ist aus der Welt des Carbonpfeils nicht wegzudenken. Die einfarbige Optik des schwarzen Carbonschafts ist ein Ausdruck schlichter Eleganz. Die Richtgenauigkeit von 006 ist eine hervorragende Grundlage um tolle Trefferbilder zu realisieren.<\/p>\n<ul>\n<li>Verf\u00fcgbare Spinewerte: 400, 500, 600, 700, 800, 1000, 1300 und 1600<\/li>\n<li>L\u00e4nge: Alle Spinewerte 32 Zoll<\/li>\n<li>Rundlauf: +\/- 006<\/li>\n<li>Qualit\u00e4t: 100% Carbon<\/li>\n<li>Optik: Carbon schwarz<\/li>\n<li>Lieferumfang: Nur Carbonschaft (Nocken, Insert und Spitzen m\u00fcssen extra bestellt werden)<\/li>\n<\/ul>\n<p><b>F\u00fcr genaue technische Daten unserer Penthalon Slim Line Sch\u00e4fte dr\u00fccken Sie bitte den nachfolgenden Button<\/b><\/p>\n<p><a class=\"myButton\" href=\"http:\/\/download.bearpaw-blog.com\/wp-content\/uploads\/dateien\/penthalon-slim-line-data-file-web.jpg\" target=\"_blank\" rel=\"noreferrer noopener\">Technische Daten<\/a><\/p>\n<p>Bitte w\u00e4hlen Sie die unser <a href=\"https:\/\/shop.xn--altmhl-bogensport-52b.de\/?product=penthalon-slim-line-break-up-spitze-edelstahl\">Break Up Spitze<\/a> aus Edelstahl, <a href=\"https:\/\/shop.xn--altmhl-bogensport-52b.de\/?product=bearpaw-penthalon-slim-line-nocken\">Slim Line Nocken<\/a> oder Half Out Inserts mit Slim Line Feldspitzen f\u00fcr Ihren Carbonschaft zus\u00e4tzlich im Shop aus.<\/p>\n<p>Abbildung kann vom Original abweichen.<\/p>\n<p>&nbsp;<\/p>\n<table class=\"table table-sm\">\n<tbody>\n<tr class=\"attr-custom\">\n<td class=\"attr-value\"><strong>Herstellername:<\/strong><br \/>\nBEARPAW GmbH<br \/>\n<strong>Anschrift:<\/strong><br \/>\nHannebach 30, 96269 Rossach<br \/>\n<strong>Herkunftsland:<\/strong><br \/>\nDeutschland<br \/>\n<strong>Webseite:<\/strong><br \/>\nhttps:\/\/www.bearpaw-products.de\/<br \/>\n<strong>Kontakt:<\/strong><br \/>\ninfo@bearpaw-products.com<br \/>\n<strong>Marke:<\/strong><br \/>\nBearpaw Products<\/td>\n<\/tr>\n<\/tbody>\n<\/table>\n","protected":false},"excerpt":{"rendered":"<h6 class=\"product--title\">Penthalon Slim Line black<\/h6>\n","protected":false},"featured_media":1793,"comment_status":"open","ping_status":"closed","template":"","meta":[],"product_brand":[],"product_cat":[19],"product_tag":[1295,30,69,72,89,436],"class_list":{"0":"post-1791","1":"product","2":"type-product","3":"status-publish","4":"has-post-thumbnail","6":"product_cat-carbonschaefte","7":"product_tag-slim-line-black","8":"product_tag-bearpaw","9":"product_tag-slimline","10":"product_tag-carbonschaft","11":"product_tag-penthalon","12":"product_tag-slim-line","14":"first","15":"instock","16":"taxable","17":"shipping-taxable","18":"purchasable","19":"product-type-variable"},"_links":{"self":[{"href":"https:\/\/shop.xn--altmhl-bogensport-52b.de\/index.php?rest_route=\/wp\/v2\/product\/1791","targetHints":{"allow":["GET"]}}],"collection":[{"href":"https:\/\/shop.xn--altmhl-bogensport-52b.de\/index.php?rest_route=\/wp\/v2\/product"}],"about":[{"href":"https:\/\/shop.xn--altmhl-bogensport-52b.de\/index.php?rest_route=\/wp\/v2\/types\/product"}],"replies":[{"embeddable":true,"href":"https:\/\/shop.xn--altmhl-bogensport-52b.de\/index.php?rest_route=%2Fwp%2Fv2%2Fcomments&post=1791"}],"wp:featuredmedia":[{"embeddable":true,"href":"https:\/\/shop.xn--altmhl-bogensport-52b.de\/index.php?rest_route=\/wp\/v2\/media\/1793"}],"wp:attachment":[{"href":"https:\/\/shop.xn--altmhl-bogensport-52b.de\/index.php?rest_route=%2Fwp%2Fv2%2Fmedia&parent=1791"}],"wp:term":[{"taxonomy":"product_brand","embeddable":true,"href":"https:\/\/shop.xn--altmhl-bogensport-52b.de\/index.php?rest_route=%2Fwp%2Fv2%2Fproduct_brand&post=1791"},{"taxonomy":"product_cat","embeddable":true,"href":"https:\/\/shop.xn--altmhl-bogensport-52b.de\/index.php?rest_route=%2Fwp%2Fv2%2Fproduct_cat&post=1791"},{"taxonomy":"product_tag","embeddable":true,"href":"https:\/\/shop.xn--altmhl-bogensport-52b.de\/index.php?rest_route=%2Fwp%2Fv2%2Fproduct_tag&post=1791"}],"curies":[{"name":"wp","href":"https:\/\/api.w.org\/{rel}","templated":true}]}}