{"id":1785,"date":"2021-09-09T18:21:29","date_gmt":"2021-09-09T18:21:29","guid":{"rendered":"https:\/\/shop.xn--altmhl-bogensport-52b.de\/?post_type=product&#038;p=1785"},"modified":"2025-10-30T13:50:52","modified_gmt":"2025-10-30T13:50:52","slug":"tomahawk-tacticalschwarz-kunststoffgriff-scheide","status":"publish","type":"product","link":"https:\/\/shop.xn--altmhl-bogensport-52b.de\/?product=tomahawk-tacticalschwarz-kunststoffgriff-scheide","title":{"rendered":"Tomahawk, &#8220;Tactical&#8221;,schwarz, Kunststoffgriff, Scheide"},"content":{"rendered":"<p>leichtes handliches Beil f\u00fcr bushcraft oder trekking Touren oder auch f\u00fcr das Camping Abenteuer.<\/p>\n<p>geschw\u00e4rzte Oberfl\u00e4che<br \/>\nKlinge mit Glattschliff<br \/>\neinseitig als Pickel verwendbar<br \/>\nintegrierte Schraubenschl\u00fcssel in 4 Gr\u00f6\u00dfen im Tomahawkkopf<br \/>\ngerillter, leichter Kunststoffgriff mit Befestigungs\u00f6se<br \/>\nPolyesterscheide mit Druckkn\u00f6pfen, Klett und G\u00fcrtelbefestigung<br \/>\nGesamtl\u00e4nge: ca. 42 cm<br \/>\nKlinge: ca. 10 cm<br \/>\nTomahawkkopf: ca. 14 cm<br \/>\nGewicht Tomahawk: ca. 560 g<br \/>\nGewicht mit Scheide: ca. 610 g<\/p>\n<p>&nbsp;<\/p>\n<p><strong>Herstellername:<\/strong><br \/>\nMax Fuchs AG<br \/>\n<strong>Anschrift:<\/strong><br \/>\nIndustriestrasse 1, 94078 Freyung<br \/>\n<strong>Herkunftsland:<\/strong><br \/>\nDeutschland<br \/>\n<strong>Webseite:<\/strong><br \/>\nhttps:\/\/max-fuchs.de\/<br \/>\n<strong>Kontakt:<\/strong><br \/>\ninfo@max-fuchs.de<br \/>\n<strong>Marke:<\/strong><br \/>\nMFH<\/p>\n","protected":false},"excerpt":{"rendered":"<p>Tomahawk &#8220;tactical&#8221;<\/p>\n","protected":false},"featured_media":1786,"comment_status":"open","ping_status":"closed","template":"","meta":[],"product_brand":[],"product_cat":[548,163,536],"product_tag":[540,541,550,556,469,537,538,539],"class_list":{"0":"post-1785","1":"product","2":"type-product","3":"status-publish","4":"has-post-thumbnail","6":"product_cat-outdoor-artikel","7":"product_cat-sale","8":"product_cat-beil-axt","9":"product_tag-tomahawk","10":"product_tag-survival","11":"product_tag-camping","12":"product_tag-ueberleben","13":"product_tag-mfh","14":"product_tag-beil","15":"product_tag-axt","16":"product_tag-bushcraft","18":"first","19":"instock","20":"sale","21":"taxable","22":"shipping-taxable","23":"purchasable","24":"product-type-simple"},"_links":{"self":[{"href":"https:\/\/shop.xn--altmhl-bogensport-52b.de\/index.php?rest_route=\/wp\/v2\/product\/1785","targetHints":{"allow":["GET"]}}],"collection":[{"href":"https:\/\/shop.xn--altmhl-bogensport-52b.de\/index.php?rest_route=\/wp\/v2\/product"}],"about":[{"href":"https:\/\/shop.xn--altmhl-bogensport-52b.de\/index.php?rest_route=\/wp\/v2\/types\/product"}],"replies":[{"embeddable":true,"href":"https:\/\/shop.xn--altmhl-bogensport-52b.de\/index.php?rest_route=%2Fwp%2Fv2%2Fcomments&post=1785"}],"wp:featuredmedia":[{"embeddable":true,"href":"https:\/\/shop.xn--altmhl-bogensport-52b.de\/index.php?rest_route=\/wp\/v2\/media\/1786"}],"wp:attachment":[{"href":"https:\/\/shop.xn--altmhl-bogensport-52b.de\/index.php?rest_route=%2Fwp%2Fv2%2Fmedia&parent=1785"}],"wp:term":[{"taxonomy":"product_brand","embeddable":true,"href":"https:\/\/shop.xn--altmhl-bogensport-52b.de\/index.php?rest_route=%2Fwp%2Fv2%2Fproduct_brand&post=1785"},{"taxonomy":"product_cat","embeddable":true,"href":"https:\/\/shop.xn--altmhl-bogensport-52b.de\/index.php?rest_route=%2Fwp%2Fv2%2Fproduct_cat&post=1785"},{"taxonomy":"product_tag","embeddable":true,"href":"https:\/\/shop.xn--altmhl-bogensport-52b.de\/index.php?rest_route=%2Fwp%2Fv2%2Fproduct_tag&post=1785"}],"curies":[{"name":"wp","href":"https:\/\/api.w.org\/{rel}","templated":true}]}}