{"id":1572,"date":"2021-09-01T18:02:34","date_gmt":"2021-09-01T18:02:34","guid":{"rendered":"https:\/\/shop.xn--altmhl-bogensport-52b.de\/?post_type=product&#038;p=1572"},"modified":"2024-06-21T13:05:13","modified_gmt":"2024-06-21T13:05:13","slug":"cartel-koecher-junior-2-roehren-pfeilkoecher-quiver","status":"publish","type":"product","link":"https:\/\/shop.xn--altmhl-bogensport-52b.de\/?product=cartel-koecher-junior-2-roehren-pfeilkoecher-quiver","title":{"rendered":"Cartel K\u00f6cher Junior 2-R\u00f6hren Pfeilk\u00f6cher Quiver"},"content":{"rendered":"<div><span style=\"color: #002cfd; font-family: Tahoma; font-size: large;\">Der Cartel K\u00f6cher Junior mit 2-R\u00f6hren ist besonders f\u00fcr Kinder und Jugendliche Bogensch\u00fctzen\/innen geeignet.<\/span><\/div>\n<div><span style=\"color: #002cfd; font-family: Tahoma; font-size: large;\">\u00a0<\/span><\/div>\n<div><span style=\"color: #002cfd; font-family: Tahoma; font-size: large;\">Angenehme Gr\u00f6\u00dfe,<\/span><\/div>\n<div><span style=\"color: #002cfd; font-family: Tahoma; font-size: large;\">\u00a0<\/span><\/div>\n<div><span style=\"color: #002cfd; font-family: Tahoma; font-size: large;\">durch den G\u00fcrtelclip angenehmes und schnelles An- und Ausziehen gew\u00e4hrleistet ein sicheres und einfaches Handling.<\/span><\/div>\n<div><span style=\"color: #002cfd; font-family: Tahoma; font-size: large;\">\u00a0<\/span><\/div>\n<div><span style=\"color: #002cfd; font-family: Tahoma; font-size: large;\">Trotz der kompakten Ma\u00dfe von 42 cm L\u00e4nge\u00a0hat der K\u00f6cher Platz genug f\u00fcr bis zu 12 Pfeile.<\/span><\/div>\n","protected":false},"excerpt":{"rendered":"<p>Cartel K\u00f6cher Junior 2-R\u00f6hren<\/p>\n","protected":false},"featured_media":1573,"comment_status":"open","ping_status":"closed","template":"","meta":[],"product_brand":[],"product_cat":[454,457],"product_tag":[216,458,636,201,213],"class_list":{"0":"post-1572","1":"product","2":"type-product","3":"status-publish","4":"has-post-thumbnail","6":"product_cat-seitenkoecher","7":"product_cat-junior-koecher","8":"product_tag-seitenkoecher","9":"product_tag-junior","10":"product_tag-kinder","11":"product_tag-clip","12":"product_tag-cartel","14":"first","15":"outofstock","16":"taxable","17":"shipping-taxable","18":"purchasable","19":"product-type-variable"},"_links":{"self":[{"href":"https:\/\/shop.xn--altmhl-bogensport-52b.de\/index.php?rest_route=\/wp\/v2\/product\/1572","targetHints":{"allow":["GET"]}}],"collection":[{"href":"https:\/\/shop.xn--altmhl-bogensport-52b.de\/index.php?rest_route=\/wp\/v2\/product"}],"about":[{"href":"https:\/\/shop.xn--altmhl-bogensport-52b.de\/index.php?rest_route=\/wp\/v2\/types\/product"}],"replies":[{"embeddable":true,"href":"https:\/\/shop.xn--altmhl-bogensport-52b.de\/index.php?rest_route=%2Fwp%2Fv2%2Fcomments&post=1572"}],"wp:featuredmedia":[{"embeddable":true,"href":"https:\/\/shop.xn--altmhl-bogensport-52b.de\/index.php?rest_route=\/wp\/v2\/media\/1573"}],"wp:attachment":[{"href":"https:\/\/shop.xn--altmhl-bogensport-52b.de\/index.php?rest_route=%2Fwp%2Fv2%2Fmedia&parent=1572"}],"wp:term":[{"taxonomy":"product_brand","embeddable":true,"href":"https:\/\/shop.xn--altmhl-bogensport-52b.de\/index.php?rest_route=%2Fwp%2Fv2%2Fproduct_brand&post=1572"},{"taxonomy":"product_cat","embeddable":true,"href":"https:\/\/shop.xn--altmhl-bogensport-52b.de\/index.php?rest_route=%2Fwp%2Fv2%2Fproduct_cat&post=1572"},{"taxonomy":"product_tag","embeddable":true,"href":"https:\/\/shop.xn--altmhl-bogensport-52b.de\/index.php?rest_route=%2Fwp%2Fv2%2Fproduct_tag&post=1572"}],"curies":[{"name":"wp","href":"https:\/\/api.w.org\/{rel}","templated":true}]}}