{"id":1347,"date":"2021-08-18T13:14:52","date_gmt":"2021-08-18T13:14:52","guid":{"rendered":"https:\/\/shop.xn--altmhl-bogensport-52b.de\/?post_type=product&#038;p=1347"},"modified":"2025-01-04T12:30:48","modified_gmt":"2025-01-04T12:30:48","slug":"leitold-zombeaver","status":"publish","type":"product","link":"https:\/\/shop.xn--altmhl-bogensport-52b.de\/?product=leitold-zombeaver","title":{"rendered":"Leitold Zombeaver"},"content":{"rendered":"<div><strong>Bogensportziel der etwas anderen Art!<\/strong>\u00a0Dieser 3-D Biber ist aus den Tiefen der Sumpflandschaft entstiegen um auf Parcoursanlagen weltweit sein Unwesen zu treiben!\u00a0Designed\u00a0by\u00a0<a href=\"https:\/\/www.ghostpack.at\/SHOP\/gpat_zomb-gpa-target-zombeaver\/#wbs1\" target=\"_blank\" rel=\"nofollow noopener\">Ghostpack\u00a0Archery<\/a>,\u00a0hergestellt\u00a0mit\u00a0unserem\u00a0Premiumschaum!<\/div>\n<div><\/div>\n<div>IFAA Gr. 4<\/div>\n<div>WA Gr. 3<\/div>\n<div>Anzahl Wertungszonen: 2<\/div>\n<div><\/div>\n<div>\n<div>Gewicht: 4,2<\/div>\n<div>H\u00f6he: 35 cm<\/div>\n<div>Breite: 25 cm<\/div>\n<div>Tiefe: 57 cm<\/div>\n<\/div>\n<div><\/div>\n<div>&#8211; UV-resistent<\/div>\n<div>&#8211; einteilig und somit extrem witterungsbest\u00e4ndig und langlebig (optimal auch f\u00fcr Ganzjahres-\/Winterparcours!)<\/div>\n<div>&#8211; perfekte Materialabstimmung sorgt f\u00fcr leichtes Pfeileziehen und selbstverschlie\u00dfende Einschussl\u00f6cher<\/div>\n<div>&#8211; optimale Pfeil-Stoppwirkung \/ f\u00fcr alle Bogenarten geeignet<\/div>\n<div>&#8211;\u00a0Wertungszone\u00a0IFAA,\u00a0WA,\u00a0IBO\u00a0konform<\/div>\n<div><\/div>\n<div>HINWEIS: Bei unseren Produktbildern handelt es sich um Symbol-Fotos. Da alles in Handarbeit bemalt wird, kann es zu Farbabweichungen kommen.<\/div>\n<div><\/div>\n<div><strong>Herstellername:<\/strong><br \/>\nLeitold GmbH<br \/>\n<strong>Anschrift:<\/strong><br \/>\nGewerbepark S\u00fcd, Salzburger Str. 3, 5141 Moosdorf<br \/>\n<strong>Herkunftsland:<\/strong><br \/>\n\u00d6sterreich<br \/>\n<strong>Webseite:<\/strong><br \/>\nhttps:\/\/www.leitold.at\/<br \/>\n<strong>Kontakt:<\/strong><br \/>\ninfo@leitold.at<br \/>\n<strong>Marke:<\/strong><br \/>\nL.G. Animals &#8211; 3D Targets<\/div>\n","protected":false},"excerpt":{"rendered":"<p>3D-Biber Target designed by Ghostpack Archery, Qualit\u00e4t made in Austria!<\/p>\n","protected":false},"featured_media":1348,"comment_status":"open","ping_status":"closed","template":"","meta":[],"product_brand":[],"product_cat":[386],"product_tag":[177,388,389,390],"class_list":{"0":"post-1347","1":"product","2":"type-product","3":"status-publish","4":"has-post-thumbnail","6":"product_cat-lg-leitold","7":"product_tag-3d-ziel","8":"product_tag-leitold","9":"product_tag-biber","10":"product_tag-zombeaver","12":"first","13":"onbackorder","14":"taxable","15":"shipping-taxable","16":"purchasable","17":"product-type-simple"},"_links":{"self":[{"href":"https:\/\/shop.xn--altmhl-bogensport-52b.de\/index.php?rest_route=\/wp\/v2\/product\/1347","targetHints":{"allow":["GET"]}}],"collection":[{"href":"https:\/\/shop.xn--altmhl-bogensport-52b.de\/index.php?rest_route=\/wp\/v2\/product"}],"about":[{"href":"https:\/\/shop.xn--altmhl-bogensport-52b.de\/index.php?rest_route=\/wp\/v2\/types\/product"}],"replies":[{"embeddable":true,"href":"https:\/\/shop.xn--altmhl-bogensport-52b.de\/index.php?rest_route=%2Fwp%2Fv2%2Fcomments&post=1347"}],"wp:featuredmedia":[{"embeddable":true,"href":"https:\/\/shop.xn--altmhl-bogensport-52b.de\/index.php?rest_route=\/wp\/v2\/media\/1348"}],"wp:attachment":[{"href":"https:\/\/shop.xn--altmhl-bogensport-52b.de\/index.php?rest_route=%2Fwp%2Fv2%2Fmedia&parent=1347"}],"wp:term":[{"taxonomy":"product_brand","embeddable":true,"href":"https:\/\/shop.xn--altmhl-bogensport-52b.de\/index.php?rest_route=%2Fwp%2Fv2%2Fproduct_brand&post=1347"},{"taxonomy":"product_cat","embeddable":true,"href":"https:\/\/shop.xn--altmhl-bogensport-52b.de\/index.php?rest_route=%2Fwp%2Fv2%2Fproduct_cat&post=1347"},{"taxonomy":"product_tag","embeddable":true,"href":"https:\/\/shop.xn--altmhl-bogensport-52b.de\/index.php?rest_route=%2Fwp%2Fv2%2Fproduct_tag&post=1347"}],"curies":[{"name":"wp","href":"https:\/\/api.w.org\/{rel}","templated":true}]}}