{"id":1174,"date":"2021-08-13T15:27:17","date_gmt":"2021-08-13T15:27:17","guid":{"rendered":"https:\/\/shop.xn--altmhl-bogensport-52b.de\/?post_type=product&#038;p=1174"},"modified":"2026-03-20T13:25:34","modified_gmt":"2026-03-20T13:25:34","slug":"checker-sehnenmassstab-avalon-rot","status":"publish","type":"product","link":"https:\/\/shop.xn--altmhl-bogensport-52b.de\/?product=checker-sehnenmassstab-avalon-rot","title":{"rendered":"Avalon Checker, Sehnenma\u00dfstab"},"content":{"rendered":"<p>Dieses Me\u00df- und Kontrollger\u00e4t ist unentbehrlich und praktisch ein Muss f\u00fcr alle Bogensch\u00fctzen. Mit Hilfe des Sehnenma\u00dfstabs ermitteln Sie nicht nur den Abstand der Sehne zum Bogen ( Standh\u00f6he ), sondern k\u00f6nnen ebenso den korrekten Sitz der Nockpunkte \/ Nockpunktbegrenzer \u00fcberpr\u00fcfen bzw. diese korrekt auf der Sehne montieren.<\/p>\n<p>Der Checker verf\u00fcgt beidseitig \u00fcber\u00a0Skalen: eine Seite in Zoll, die andere in Zentimeter.<\/p>\n<p>Material: Aluminium<\/p>\n<p>Farbe: w\u00e4hlbar<\/p>\n<p><strong>Herstellername:<\/strong><br \/>\nS.S.A. Sporting Goods NV<br \/>\n<strong>Anschrift:<\/strong><br \/>\nJohn Cordierlaan 15, 8400 Ostende<br \/>\n<strong>Herkunftsland:<\/strong><br \/>\nBelgien<br \/>\n<strong>Webseite:<\/strong><br \/>\nhttps:\/\/www.ssa-archery.com\/de-de\/<br \/>\n<strong>Kontakt:<\/strong><br \/>\nhttps:\/\/www.ssa-archery.com\/de-de\/contact-us<br \/>\n<strong>Marke:<\/strong><br \/>\nAvalon<\/p>\n","protected":false},"excerpt":{"rendered":"<p>Checker zum setzen des Nockpunktes<\/p>\n","protected":false},"featured_media":4285,"comment_status":"open","ping_status":"closed","template":"","meta":[],"product_brand":[],"product_cat":[29,192],"product_tag":[24,775,26,1231,21,22,23],"class_list":{"0":"post-1174","1":"product","2":"type-product","3":"status-publish","4":"has-post-thumbnail","6":"product_cat-sehnenbau","7":"product_cat-werkzeug","8":"product_tag-avalon","9":"product_tag-pink","10":"product_tag-nockpunkt","11":"product_tag-sehnenmassstab","12":"product_tag-checker","13":"product_tag-standhoehe","14":"product_tag-massstab","16":"first","17":"instock","18":"taxable","19":"shipping-taxable","20":"purchasable","21":"product-type-variable"},"_links":{"self":[{"href":"https:\/\/shop.xn--altmhl-bogensport-52b.de\/index.php?rest_route=\/wp\/v2\/product\/1174","targetHints":{"allow":["GET"]}}],"collection":[{"href":"https:\/\/shop.xn--altmhl-bogensport-52b.de\/index.php?rest_route=\/wp\/v2\/product"}],"about":[{"href":"https:\/\/shop.xn--altmhl-bogensport-52b.de\/index.php?rest_route=\/wp\/v2\/types\/product"}],"replies":[{"embeddable":true,"href":"https:\/\/shop.xn--altmhl-bogensport-52b.de\/index.php?rest_route=%2Fwp%2Fv2%2Fcomments&post=1174"}],"wp:featuredmedia":[{"embeddable":true,"href":"https:\/\/shop.xn--altmhl-bogensport-52b.de\/index.php?rest_route=\/wp\/v2\/media\/4285"}],"wp:attachment":[{"href":"https:\/\/shop.xn--altmhl-bogensport-52b.de\/index.php?rest_route=%2Fwp%2Fv2%2Fmedia&parent=1174"}],"wp:term":[{"taxonomy":"product_brand","embeddable":true,"href":"https:\/\/shop.xn--altmhl-bogensport-52b.de\/index.php?rest_route=%2Fwp%2Fv2%2Fproduct_brand&post=1174"},{"taxonomy":"product_cat","embeddable":true,"href":"https:\/\/shop.xn--altmhl-bogensport-52b.de\/index.php?rest_route=%2Fwp%2Fv2%2Fproduct_cat&post=1174"},{"taxonomy":"product_tag","embeddable":true,"href":"https:\/\/shop.xn--altmhl-bogensport-52b.de\/index.php?rest_route=%2Fwp%2Fv2%2Fproduct_tag&post=1174"}],"curies":[{"name":"wp","href":"https:\/\/api.w.org\/{rel}","templated":true}]}}